CREATE TABLE `glpi_computers_devicememories` (
  `id` int(11) NOT NULL AUTO_INCREMENT,
  `computers_id` int(11) NOT NULL DEFAULT '0',
  `devicememories_id` int(11) NOT NULL DEFAULT '0',
  `specificity` int(11) NOT NULL,
  PRIMARY KEY (`id`),
  KEY `computers_id` (`computers_id`),
  KEY `devicememories_id` (`devicememories_id`),
  KEY `specificity` (`specificity`)
) ENGINE=MyISAM  DEFAULT CHARSET=utf8 COLLATE=utf8_unicode_ci;

INSERT INTO `glpi_computers_devicememories` VALUES ('759','15','2','0');
INSERT INTO `glpi_computers_devicememories` VALUES ('760','16','2','0');
INSERT INTO `glpi_computers_devicememories` VALUES ('761','17','2','0');
INSERT INTO `glpi_computers_devicememories` VALUES ('762','18','2','0');
INSERT INTO `glpi_computers_devicememories` VALUES ('763','19','2','0');
INSERT INTO `glpi_computers_devicememories` VALUES ('764','20','2','0');
INSERT INTO `glpi_computers_devicememories` VALUES ('765','21','2','0');
INSERT INTO `glpi_computers_devicememories` VALUES ('766','22','2','0');
INSERT INTO `glpi_computers_devicememories` VALUES ('767','23','2','0');
INSERT INTO `glpi_computers_devicememories` VALUES ('768','24','2','0');
INSERT INTO `glpi_computers_devicememories` VALUES ('769','246','2','256');
INSERT INTO `glpi_computers_devicememories` VALUES ('770','247','2','256');
INSERT INTO `glpi_computers_devicememories` VALUES ('771','248','2','256');
INSERT INTO `glpi_computers_devicememories` VALUES ('772','249','2','256');
INSERT INTO `glpi_computers_devicememories` VALUES ('773','250','2','256');
INSERT INTO `glpi_computers_devicememories` VALUES ('774','251','2','256');
INSERT INTO `glpi_computers_devicememories` VALUES ('775','252','2','256');
INSERT INTO `glpi_computers_devicememories` VALUES ('776','253','2','256');
INSERT INTO `glpi_computers_devicememories` VALUES ('777','254','2','256');
INSERT INTO `glpi_computers_devicememories` VALUES ('778','255','2','256');
INSERT INTO `glpi_computers_devicememories` VALUES ('779','256','2','256');
INSERT INTO `glpi_computers_devicememories` VALUES ('780','257','2','256');
INSERT INTO `glpi_computers_devicememories` VALUES ('781','258','2','256');
INSERT INTO `glpi_computers_devicememories` VALUES ('782','259','2','256');
INSERT INTO `glpi_computers_devicememories` VALUES ('783','262','2','256');
INSERT INTO `glpi_computers_devicememories` VALUES ('784','263','2','256');
INSERT INTO `glpi_computers_devicememories` VALUES ('785','301','2','0');
INSERT INTO `glpi_computers_devicememories` VALUES ('786','302','2','0');
INSERT INTO `glpi_computers_devicememories` VALUES ('787','303','2','0');
INSERT INTO `glpi_computers_devicememories` VALUES ('788','304','2','0');
INSERT INTO `glpi_computers_devicememories` VALUES ('789','305','2','0');
INSERT INTO `glpi_computers_devicememories` VALUES ('791','307','2','0');
INSERT INTO `glpi_computers_devicememories` VALUES ('792','308','2','0');
INSERT INTO `glpi_computers_devicememories` VALUES ('793','309','2','0');
INSERT INTO `glpi_computers_devicememories` VALUES ('794','310','2','0');
INSERT INTO `glpi_computers_devicememories` VALUES ('795','311','2','0');
INSERT INTO `glpi_computers_devicememories` VALUES ('796','312','2','0');
INSERT INTO `glpi_computers_devicememories` VALUES ('797','264','2','256');
INSERT INTO `glpi_computers_devicememories` VALUES ('800','60','5','128');
INSERT INTO `glpi_computers_devicememories` VALUES ('801','61','5','128');
INSERT INTO `glpi_computers_devicememories` VALUES ('802','537','5','128');
INSERT INTO `glpi_computers_devicememories` VALUES ('1062','554','5','128');
INSERT INTO `glpi_computers_devicememories` VALUES ('803','101','11','128');
INSERT INTO `glpi_computers_devicememories` VALUES ('804','102','11','256');
INSERT INTO `glpi_computers_devicememories` VALUES ('805','103','11','256');
INSERT INTO `glpi_computers_devicememories` VALUES ('806','104','11','256');
INSERT INTO `glpi_computers_devicememories` VALUES ('807','105','11','256');
INSERT INTO `glpi_computers_devicememories` VALUES ('808','106','11','256');
INSERT INTO `glpi_computers_devicememories` VALUES ('809','107','11','256');
INSERT INTO `glpi_computers_devicememories` VALUES ('810','108','11','256');
INSERT INTO `glpi_computers_devicememories` VALUES ('811','109','11','256');
INSERT INTO `glpi_computers_devicememories` VALUES ('812','110','11','256');
INSERT INTO `glpi_computers_devicememories` VALUES ('813','111','11','256');
INSERT INTO `glpi_computers_devicememories` VALUES ('814','112','11','256');
INSERT INTO `glpi_computers_devicememories` VALUES ('815','113','11','256');
INSERT INTO `glpi_computers_devicememories` VALUES ('816','114','11','256');
INSERT INTO `glpi_computers_devicememories` VALUES ('817','115','11','256');
INSERT INTO `glpi_computers_devicememories` VALUES ('818','116','11','256');
INSERT INTO `glpi_computers_devicememories` VALUES ('819','117','11','256');
INSERT INTO `glpi_computers_devicememories` VALUES ('820','118','11','256');
INSERT INTO `glpi_computers_devicememories` VALUES ('821','119','11','256');
INSERT INTO `glpi_computers_devicememories` VALUES ('822','120','11','256');
INSERT INTO `glpi_computers_devicememories` VALUES ('823','121','11','128');
INSERT INTO `glpi_computers_devicememories` VALUES ('826','220','12','256');
INSERT INTO `glpi_computers_devicememories` VALUES ('827','221','12','256');
INSERT INTO `glpi_computers_devicememories` VALUES ('828','222','12','256');
INSERT INTO `glpi_computers_devicememories` VALUES ('829','223','12','256');
INSERT INTO `glpi_computers_devicememories` VALUES ('830','224','12','256');
INSERT INTO `glpi_computers_devicememories` VALUES ('831','225','12','256');
INSERT INTO `glpi_computers_devicememories` VALUES ('832','226','12','256');
INSERT INTO `glpi_computers_devicememories` VALUES ('833','227','12','256');
INSERT INTO `glpi_computers_devicememories` VALUES ('834','228','12','256');
INSERT INTO `glpi_computers_devicememories` VALUES ('835','229','12','256');
INSERT INTO `glpi_computers_devicememories` VALUES ('836','230','12','256');
INSERT INTO `glpi_computers_devicememories` VALUES ('837','231','12','256');
INSERT INTO `glpi_computers_devicememories` VALUES ('838','232','12','256');
INSERT INTO `glpi_computers_devicememories` VALUES ('839','233','12','256');
INSERT INTO `glpi_computers_devicememories` VALUES ('840','234','12','256');
INSERT INTO `glpi_computers_devicememories` VALUES ('841','235','12','256');
INSERT INTO `glpi_computers_devicememories` VALUES ('842','236','12','256');
INSERT INTO `glpi_computers_devicememories` VALUES ('843','237','12','256');
INSERT INTO `glpi_computers_devicememories` VALUES ('844','238','12','256');
INSERT INTO `glpi_computers_devicememories` VALUES ('845','239','12','256');
INSERT INTO `glpi_computers_devicememories` VALUES ('846','240','12','256');
INSERT INTO `glpi_computers_devicememories` VALUES ('847','241','12','256');
INSERT INTO `glpi_computers_devicememories` VALUES ('848','242','12','256');
INSERT INTO `glpi_computers_devicememories` VALUES ('849','243','12','256');
INSERT INTO `glpi_computers_devicememories` VALUES ('850','313','12','0');
INSERT INTO `glpi_computers_devicememories` VALUES ('851','314','12','0');
INSERT INTO `glpi_computers_devicememories` VALUES ('852','315','12','0');
INSERT INTO `glpi_computers_devicememories` VALUES ('853','316','12','0');
INSERT INTO `glpi_computers_devicememories` VALUES ('854','317','12','0');
INSERT INTO `glpi_computers_devicememories` VALUES ('855','318','12','0');
INSERT INTO `glpi_computers_devicememories` VALUES ('856','319','12','0');
INSERT INTO `glpi_computers_devicememories` VALUES ('857','320','12','0');
INSERT INTO `glpi_computers_devicememories` VALUES ('858','321','12','0');
INSERT INTO `glpi_computers_devicememories` VALUES ('859','322','12','0');
INSERT INTO `glpi_computers_devicememories` VALUES ('860','323','12','0');
INSERT INTO `glpi_computers_devicememories` VALUES ('861','324','12','0');
INSERT INTO `glpi_computers_devicememories` VALUES ('862','325','12','0');
INSERT INTO `glpi_computers_devicememories` VALUES ('863','326','12','0');
INSERT INTO `glpi_computers_devicememories` VALUES ('1007','539','12','0');
INSERT INTO `glpi_computers_devicememories` VALUES ('1009','540','12','0');
INSERT INTO `glpi_computers_devicememories` VALUES ('1014','541','12','0');
INSERT INTO `glpi_computers_devicememories` VALUES ('1019','542','12','0');
INSERT INTO `glpi_computers_devicememories` VALUES ('1024','543','12','0');
INSERT INTO `glpi_computers_devicememories` VALUES ('1029','544','12','0');
INSERT INTO `glpi_computers_devicememories` VALUES ('1034','545','12','0');
INSERT INTO `glpi_computers_devicememories` VALUES ('1039','546','12','0');
INSERT INTO `glpi_computers_devicememories` VALUES ('1044','547','12','0');
INSERT INTO `glpi_computers_devicememories` VALUES ('1049','548','12','0');
INSERT INTO `glpi_computers_devicememories` VALUES ('1286','592','14','256');
INSERT INTO `glpi_computers_devicememories` VALUES ('881','438','14','512');
INSERT INTO `glpi_computers_devicememories` VALUES ('882','439','14','512');
INSERT INTO `glpi_computers_devicememories` VALUES ('883','440','14','512');
INSERT INTO `glpi_computers_devicememories` VALUES ('884','441','14','512');
INSERT INTO `glpi_computers_devicememories` VALUES ('885','442','14','512');
INSERT INTO `glpi_computers_devicememories` VALUES ('886','443','14','512');
INSERT INTO `glpi_computers_devicememories` VALUES ('887','444','14','512');
INSERT INTO `glpi_computers_devicememories` VALUES ('888','445','14','512');
INSERT INTO `glpi_computers_devicememories` VALUES ('889','446','14','512');
INSERT INTO `glpi_computers_devicememories` VALUES ('890','447','14','512');
INSERT INTO `glpi_computers_devicememories` VALUES ('891','448','14','512');
INSERT INTO `glpi_computers_devicememories` VALUES ('892','449','14','512');
INSERT INTO `glpi_computers_devicememories` VALUES ('893','450','14','512');
INSERT INTO `glpi_computers_devicememories` VALUES ('894','451','14','512');
INSERT INTO `glpi_computers_devicememories` VALUES ('895','452','14','512');
INSERT INTO `glpi_computers_devicememories` VALUES ('896','453','14','512');
INSERT INTO `glpi_computers_devicememories` VALUES ('897','454','14','512');
INSERT INTO `glpi_computers_devicememories` VALUES ('898','455','14','512');
INSERT INTO `glpi_computers_devicememories` VALUES ('899','456','14','512');
INSERT INTO `glpi_computers_devicememories` VALUES ('900','457','14','512');
INSERT INTO `glpi_computers_devicememories` VALUES ('901','458','14','512');
INSERT INTO `glpi_computers_devicememories` VALUES ('902','459','14','512');
INSERT INTO `glpi_computers_devicememories` VALUES ('903','460','14','512');
INSERT INTO `glpi_computers_devicememories` VALUES ('904','461','14','512');
INSERT INTO `glpi_computers_devicememories` VALUES ('905','462','14','512');
INSERT INTO `glpi_computers_devicememories` VALUES ('906','463','14','512');
INSERT INTO `glpi_computers_devicememories` VALUES ('907','464','14','512');
INSERT INTO `glpi_computers_devicememories` VALUES ('908','465','14','512');
INSERT INTO `glpi_computers_devicememories` VALUES ('909','471','14','512');
INSERT INTO `glpi_computers_devicememories` VALUES ('910','472','14','512');
INSERT INTO `glpi_computers_devicememories` VALUES ('912','474','14','256');
INSERT INTO `glpi_computers_devicememories` VALUES ('916','478','14','256');
INSERT INTO `glpi_computers_devicememories` VALUES ('1315','473','14','512');
INSERT INTO `glpi_computers_devicememories` VALUES ('918','480','14','256');
INSERT INTO `glpi_computers_devicememories` VALUES ('920','538','14','256');
INSERT INTO `glpi_computers_devicememories` VALUES ('1323','477','14','256');
INSERT INTO `glpi_computers_devicememories` VALUES ('1055','550','14','256');
INSERT INTO `glpi_computers_devicememories` VALUES ('1331','477','14','256');
INSERT INTO `glpi_computers_devicememories` VALUES ('1332','480','14','256');
INSERT INTO `glpi_computers_devicememories` VALUES ('1170','579','14','256');
INSERT INTO `glpi_computers_devicememories` VALUES ('1175','580','14','256');
INSERT INTO `glpi_computers_devicememories` VALUES ('1180','581','14','256');
INSERT INTO `glpi_computers_devicememories` VALUES ('1185','582','14','256');
INSERT INTO `glpi_computers_devicememories` VALUES ('1190','583','14','256');
INSERT INTO `glpi_computers_devicememories` VALUES ('1195','584','14','256');
INSERT INTO `glpi_computers_devicememories` VALUES ('1200','585','14','256');
INSERT INTO `glpi_computers_devicememories` VALUES ('1205','586','14','256');
INSERT INTO `glpi_computers_devicememories` VALUES ('1210','587','14','256');
INSERT INTO `glpi_computers_devicememories` VALUES ('1215','588','14','256');
INSERT INTO `glpi_computers_devicememories` VALUES ('1220','589','14','256');
INSERT INTO `glpi_computers_devicememories` VALUES ('1225','590','14','256');
INSERT INTO `glpi_computers_devicememories` VALUES ('1229','591','14','512');
INSERT INTO `glpi_computers_devicememories` VALUES ('1309','594','14','256');
INSERT INTO `glpi_computers_devicememories` VALUES ('1436','597','14','256');
INSERT INTO `glpi_computers_devicememories` VALUES ('1454','600','14','256');
INSERT INTO `glpi_computers_devicememories` VALUES ('1459','601','14','256');
INSERT INTO `glpi_computers_devicememories` VALUES ('1464','602','14','256');
INSERT INTO `glpi_computers_devicememories` VALUES ('921','328','16','256');
INSERT INTO `glpi_computers_devicememories` VALUES ('922','329','16','256');
INSERT INTO `glpi_computers_devicememories` VALUES ('923','330','16','256');
INSERT INTO `glpi_computers_devicememories` VALUES ('924','331','16','256');
INSERT INTO `glpi_computers_devicememories` VALUES ('925','332','16','256');
INSERT INTO `glpi_computers_devicememories` VALUES ('1301','245','16','0');
INSERT INTO `glpi_computers_devicememories` VALUES ('1354','535','17','512');
INSERT INTO `glpi_computers_devicememories` VALUES ('1351','533','17','512');
INSERT INTO `glpi_computers_devicememories` VALUES ('1350','532','17','512');
INSERT INTO `glpi_computers_devicememories` VALUES ('1349','531','17','512');
INSERT INTO `glpi_computers_devicememories` VALUES ('1348','530','17','512');
INSERT INTO `glpi_computers_devicememories` VALUES ('1341','528','17','512');
INSERT INTO `glpi_computers_devicememories` VALUES ('1347','525','17','512');
INSERT INTO `glpi_computers_devicememories` VALUES ('1345','529','17','512');
INSERT INTO `glpi_computers_devicememories` VALUES ('1342','501','17','0');
INSERT INTO `glpi_computers_devicememories` VALUES ('1339','527','17','512');
INSERT INTO `glpi_computers_devicememories` VALUES ('1338','526','17','512');
INSERT INTO `glpi_computers_devicememories` VALUES ('1337','536','17','512');
INSERT INTO `glpi_computers_devicememories` VALUES ('1335','534','17','512');
INSERT INTO `glpi_computers_devicememories` VALUES ('1329','476','17','0');
INSERT INTO `glpi_computers_devicememories` VALUES ('1326','476','17','0');
INSERT INTO `glpi_computers_devicememories` VALUES ('1357','595','17','0');
INSERT INTO `glpi_computers_devicememories` VALUES ('1364','502','17','0');
INSERT INTO `glpi_computers_devicememories` VALUES ('1371','503','17','0');
INSERT INTO `glpi_computers_devicememories` VALUES ('1378','504','17','0');
INSERT INTO `glpi_computers_devicememories` VALUES ('1385','505','17','0');
INSERT INTO `glpi_computers_devicememories` VALUES ('1394','506','17','0');
INSERT INTO `glpi_computers_devicememories` VALUES ('1408','507','17','0');
INSERT INTO `glpi_computers_devicememories` VALUES ('1418','508','17','0');
INSERT INTO `glpi_computers_devicememories` VALUES ('1425','421','17','0');
INSERT INTO `glpi_computers_devicememories` VALUES ('1426','509','17','0');
INSERT INTO `glpi_computers_devicememories` VALUES ('1433','510','17','0');
INSERT INTO `glpi_computers_devicememories` VALUES ('1446','598','17','0');
INSERT INTO `glpi_computers_devicememories` VALUES ('1480','600','17','0');
INSERT INTO `glpi_computers_devicememories` VALUES ('1486','602','17','0');
INSERT INTO `glpi_computers_devicememories` VALUES ('1492','603','17','0');
INSERT INTO `glpi_computers_devicememories` VALUES ('1498','604','17','0');
INSERT INTO `glpi_computers_devicememories` VALUES ('1504','605','17','0');
INSERT INTO `glpi_computers_devicememories` VALUES ('1510','606','17','0');
INSERT INTO `glpi_computers_devicememories` VALUES ('1516','607','17','0');
INSERT INTO `glpi_computers_devicememories` VALUES ('1522','608','17','0');
INSERT INTO `glpi_computers_devicememories` VALUES ('1528','609','17','0');
INSERT INTO `glpi_computers_devicememories` VALUES ('1534','610','17','0');
INSERT INTO `glpi_computers_devicememories` VALUES ('1540','611','17','0');
INSERT INTO `glpi_computers_devicememories` VALUES ('1546','612','17','0');
INSERT INTO `glpi_computers_devicememories` VALUES ('1552','613','17','0');
INSERT INTO `glpi_computers_devicememories` VALUES ('1558','614','17','0');
INSERT INTO `glpi_computers_devicememories` VALUES ('1564','615','17','0');
INSERT INTO `glpi_computers_devicememories` VALUES ('1570','616','17','0');
INSERT INTO `glpi_computers_devicememories` VALUES ('1576','617','17','0');
INSERT INTO `glpi_computers_devicememories` VALUES ('1582','618','17','0');
INSERT INTO `glpi_computers_devicememories` VALUES ('1588','619','17','0');
INSERT INTO `glpi_computers_devicememories` VALUES ('1594','620','17','0');
INSERT INTO `glpi_computers_devicememories` VALUES ('1600','621','17','0');
INSERT INTO `glpi_computers_devicememories` VALUES ('1475','599','18','0');
INSERT INTO `glpi_computers_devicememories` VALUES ('1606','622','18','1');
INSERT INTO `glpi_computers_devicememories` VALUES ('1612','623','18','0');
INSERT INTO `glpi_computers_devicememories` VALUES ('1618','624','18','0');
INSERT INTO `glpi_computers_devicememories` VALUES ('1624','625','18','0');
INSERT INTO `glpi_computers_devicememories` VALUES ('1630','626','18','0');
INSERT INTO `glpi_computers_devicememories` VALUES ('1636','627','18','0');
INSERT INTO `glpi_computers_devicememories` VALUES ('1642','628','18','0');
INSERT INTO `glpi_computers_devicememories` VALUES ('1648','629','18','0');
INSERT INTO `glpi_computers_devicememories` VALUES ('1654','630','18','0');
INSERT INTO `glpi_computers_devicememories` VALUES ('1660','631','18','0');
INSERT INTO `glpi_computers_devicememories` VALUES ('1666','632','18','0');
INSERT INTO `glpi_computers_devicememories` VALUES ('1672','633','18','0');
INSERT INTO `glpi_computers_devicememories` VALUES ('1678','634','18','1');
INSERT INTO `glpi_computers_devicememories` VALUES ('1685','635','18','1');
INSERT INTO `glpi_computers_devicememories` VALUES ('1691','636','18','1');
INSERT INTO `glpi_computers_devicememories` VALUES ('1697','637','18','1');
INSERT INTO `glpi_computers_devicememories` VALUES ('1703','638','18','1');
INSERT INTO `glpi_computers_devicememories` VALUES ('1709','639','18','1');
INSERT INTO `glpi_computers_devicememories` VALUES ('1715','640','18','0');
INSERT INTO `glpi_computers_devicememories` VALUES ('1721','641','18','1');
INSERT INTO `glpi_computers_devicememories` VALUES ('1727','642','18','0');
INSERT INTO `glpi_computers_devicememories` VALUES ('1733','643','18','1');
INSERT INTO `glpi_computers_devicememories` VALUES ('1739','644','18','0');
INSERT INTO `glpi_computers_devicememories` VALUES ('1745','645','18','1');
INSERT INTO `glpi_computers_devicememories` VALUES ('1751','646','18','1');
INSERT INTO `glpi_computers_devicememories` VALUES ('1757','647','18','0');
INSERT INTO `glpi_computers_devicememories` VALUES ('1763','648','18','0');
INSERT INTO `glpi_computers_devicememories` VALUES ('1769','649','18','0');
INSERT INTO `glpi_computers_devicememories` VALUES ('1775','650','18','0');
INSERT INTO `glpi_computers_devicememories` VALUES ('1781','651','18','0');
INSERT INTO `glpi_computers_devicememories` VALUES ('1787','652','18','0');
INSERT INTO `glpi_computers_devicememories` VALUES ('2084','751','19','0');
INSERT INTO `glpi_computers_devicememories` VALUES ('1793','653','19','0');
INSERT INTO `glpi_computers_devicememories` VALUES ('1798','654','19','0');
INSERT INTO `glpi_computers_devicememories` VALUES ('1804','655','19','0');
INSERT INTO `glpi_computers_devicememories` VALUES ('1824','705','19','0');
INSERT INTO `glpi_computers_devicememories` VALUES ('4078','712','30','1');
INSERT INTO `glpi_computers_devicememories` VALUES ('4079','713','30','1');
INSERT INTO `glpi_computers_devicememories` VALUES ('4080','714','30','0');
INSERT INTO `glpi_computers_devicememories` VALUES ('4081','715','30','0');
INSERT INTO `glpi_computers_devicememories` VALUES ('4082','716','30','1');
INSERT INTO `glpi_computers_devicememories` VALUES ('4083','717','30','1');
INSERT INTO `glpi_computers_devicememories` VALUES ('4084','718','30','0');
INSERT INTO `glpi_computers_devicememories` VALUES ('4076','720','30','1');
INSERT INTO `glpi_computers_devicememories` VALUES ('4085','721','30','1');
INSERT INTO `glpi_computers_devicememories` VALUES ('4075','722','30','1');
INSERT INTO `glpi_computers_devicememories` VALUES ('4088','723','29','0');
INSERT INTO `glpi_computers_devicememories` VALUES ('4087','724','29','1');
INSERT INTO `glpi_computers_devicememories` VALUES ('4092','725','29','1');
INSERT INTO `glpi_computers_devicememories` VALUES ('4090','726','29','1');
INSERT INTO `glpi_computers_devicememories` VALUES ('4091','727','29','1');
INSERT INTO `glpi_computers_devicememories` VALUES ('4110','728','29','1');
INSERT INTO `glpi_computers_devicememories` VALUES ('4089','729','29','0');
INSERT INTO `glpi_computers_devicememories` VALUES ('4099','730','29','0');
INSERT INTO `glpi_computers_devicememories` VALUES ('4098','731','29','1');
INSERT INTO `glpi_computers_devicememories` VALUES ('4097','732','29','1');
INSERT INTO `glpi_computers_devicememories` VALUES ('4096','733','29','1');
INSERT INTO `glpi_computers_devicememories` VALUES ('4095','734','29','1');
INSERT INTO `glpi_computers_devicememories` VALUES ('4094','735','29','1');
INSERT INTO `glpi_computers_devicememories` VALUES ('4093','736','29','1');
INSERT INTO `glpi_computers_devicememories` VALUES ('1998','737','19','0');
INSERT INTO `glpi_computers_devicememories` VALUES ('4102','738','29','1');
INSERT INTO `glpi_computers_devicememories` VALUES ('4103','739','29','0');
INSERT INTO `glpi_computers_devicememories` VALUES ('4104','740','29','1');
INSERT INTO `glpi_computers_devicememories` VALUES ('4105','741','29','0');
INSERT INTO `glpi_computers_devicememories` VALUES ('4106','742','29','1');
INSERT INTO `glpi_computers_devicememories` VALUES ('4107','743','29','1');
INSERT INTO `glpi_computers_devicememories` VALUES ('4108','744','29','1');
INSERT INTO `glpi_computers_devicememories` VALUES ('4109','745','29','1');
INSERT INTO `glpi_computers_devicememories` VALUES ('2052','746','19','0');
INSERT INTO `glpi_computers_devicememories` VALUES ('2194','900','19','0');
INSERT INTO `glpi_computers_devicememories` VALUES ('4111','901','31','1');
INSERT INTO `glpi_computers_devicememories` VALUES ('2204','902','19','0');
INSERT INTO `glpi_computers_devicememories` VALUES ('3894','910','19','4');
INSERT INTO `glpi_computers_devicememories` VALUES ('3897','911','19','0');
INSERT INTO `glpi_computers_devicememories` VALUES ('2248','911','19','0');
INSERT INTO `glpi_computers_devicememories` VALUES ('2252','912','19','4');
INSERT INTO `glpi_computers_devicememories` VALUES ('2256','913','19','0');
INSERT INTO `glpi_computers_devicememories` VALUES ('4100','914','19','0');
INSERT INTO `glpi_computers_devicememories` VALUES ('2264','915','19','0');
INSERT INTO `glpi_computers_devicememories` VALUES ('3886','908','19','0');
INSERT INTO `glpi_computers_devicememories` VALUES ('3885','908','19','0');
INSERT INTO `glpi_computers_devicememories` VALUES ('2268','916','19','0');
INSERT INTO `glpi_computers_devicememories` VALUES ('3906','917','19','0');
INSERT INTO `glpi_computers_devicememories` VALUES ('2272','917','19','0');
INSERT INTO `glpi_computers_devicememories` VALUES ('2276','918','19','0');
INSERT INTO `glpi_computers_devicememories` VALUES ('2280','919','19','0');
INSERT INTO `glpi_computers_devicememories` VALUES ('2284','920','19','0');
INSERT INTO `glpi_computers_devicememories` VALUES ('2288','921','19','0');
INSERT INTO `glpi_computers_devicememories` VALUES ('2292','922','19','0');
INSERT INTO `glpi_computers_devicememories` VALUES ('2296','923','19','0');
INSERT INTO `glpi_computers_devicememories` VALUES ('2300','924','19','0');
INSERT INTO `glpi_computers_devicememories` VALUES ('2304','925','19','0');
INSERT INTO `glpi_computers_devicememories` VALUES ('2308','926','19','0');
INSERT INTO `glpi_computers_devicememories` VALUES ('3926','927','19','0');
INSERT INTO `glpi_computers_devicememories` VALUES ('2312','927','19','0');
INSERT INTO `glpi_computers_devicememories` VALUES ('2316','928','19','0');
INSERT INTO `glpi_computers_devicememories` VALUES ('3931','928','19','0');
INSERT INTO `glpi_computers_devicememories` VALUES ('2674','976','19','0');
INSERT INTO `glpi_computers_devicememories` VALUES ('2669','975','19','0');
INSERT INTO `glpi_computers_devicememories` VALUES ('2664','974','19','0');
INSERT INTO `glpi_computers_devicememories` VALUES ('2659','973','19','0');
INSERT INTO `glpi_computers_devicememories` VALUES ('2694','837','19','0');
INSERT INTO `glpi_computers_devicememories` VALUES ('2699','838','19','0');
INSERT INTO `glpi_computers_devicememories` VALUES ('2654','972','19','0');
INSERT INTO `glpi_computers_devicememories` VALUES ('2704','839','19','0');
INSERT INTO `glpi_computers_devicememories` VALUES ('2709','840','19','0');
INSERT INTO `glpi_computers_devicememories` VALUES ('4112','841','29','1');
INSERT INTO `glpi_computers_devicememories` VALUES ('2649','971','19','0');
INSERT INTO `glpi_computers_devicememories` VALUES ('2689','836','19','0');
INSERT INTO `glpi_computers_devicememories` VALUES ('2684','835','19','0');
INSERT INTO `glpi_computers_devicememories` VALUES ('2644','970','19','0');
INSERT INTO `glpi_computers_devicememories` VALUES ('2628','968','19','0');
INSERT INTO `glpi_computers_devicememories` VALUES ('2638','969','19','0');
INSERT INTO `glpi_computers_devicememories` VALUES ('3641','912','19','4');
INSERT INTO `glpi_computers_devicememories` VALUES ('3880','913','19','0');
INSERT INTO `glpi_computers_devicememories` VALUES ('3882','916','19','0');
INSERT INTO `glpi_computers_devicememories` VALUES ('3890','909','19','0');
INSERT INTO `glpi_computers_devicememories` VALUES ('3891','909','19','0');
INSERT INTO `glpi_computers_devicememories` VALUES ('3895','910','19','4');
INSERT INTO `glpi_computers_devicememories` VALUES ('3913','920','19','0');
INSERT INTO `glpi_computers_devicememories` VALUES ('3918','921','19','0');
INSERT INTO `glpi_computers_devicememories` VALUES ('3923','922','19','0');
INSERT INTO `glpi_computers_devicememories` VALUES ('3936','929','19','0');
INSERT INTO `glpi_computers_devicememories` VALUES ('3937','929','19','0');
INSERT INTO `glpi_computers_devicememories` VALUES ('3942','930','19','0');
INSERT INTO `glpi_computers_devicememories` VALUES ('3943','930','19','0');
INSERT INTO `glpi_computers_devicememories` VALUES ('3948','931','19','0');
INSERT INTO `glpi_computers_devicememories` VALUES ('3949','931','19','0');
INSERT INTO `glpi_computers_devicememories` VALUES ('2064','748','21','0');
INSERT INTO `glpi_computers_devicememories` VALUES ('2076','750','22','0');
INSERT INTO `glpi_computers_devicememories` VALUES ('2072','749','22','0');
INSERT INTO `glpi_computers_devicememories` VALUES ('2618','818','24','4');
INSERT INTO `glpi_computers_devicememories` VALUES ('2497','819','24','4');
INSERT INTO `glpi_computers_devicememories` VALUES ('2527','820','24','4');
INSERT INTO `glpi_computers_devicememories` VALUES ('2208','903','24','4');
INSERT INTO `glpi_computers_devicememories` VALUES ('2213','904','24','0');
INSERT INTO `glpi_computers_devicememories` VALUES ('2218','905','24','0');
INSERT INTO `glpi_computers_devicememories` VALUES ('2223','906','24','0');
INSERT INTO `glpi_computers_devicememories` VALUES ('2228','907','24','0');
INSERT INTO `glpi_computers_devicememories` VALUES ('3953','932','24','0');
INSERT INTO `glpi_computers_devicememories` VALUES ('2322','932','24','0');
INSERT INTO `glpi_computers_devicememories` VALUES ('2327','933','24','0');
INSERT INTO `glpi_computers_devicememories` VALUES ('2332','934','24','0');
INSERT INTO `glpi_computers_devicememories` VALUES ('2337','935','24','0');
INSERT INTO `glpi_computers_devicememories` VALUES ('2342','936','24','0');
INSERT INTO `glpi_computers_devicememories` VALUES ('2347','937','24','0');
INSERT INTO `glpi_computers_devicememories` VALUES ('2352','938','24','0');
INSERT INTO `glpi_computers_devicememories` VALUES ('2357','939','24','0');
INSERT INTO `glpi_computers_devicememories` VALUES ('2362','940','24','0');
INSERT INTO `glpi_computers_devicememories` VALUES ('2367','941','24','0');
INSERT INTO `glpi_computers_devicememories` VALUES ('2372','942','24','0');
INSERT INTO `glpi_computers_devicememories` VALUES ('2377','943','24','0');
INSERT INTO `glpi_computers_devicememories` VALUES ('2382','944','24','0');
INSERT INTO `glpi_computers_devicememories` VALUES ('2387','945','24','0');
INSERT INTO `glpi_computers_devicememories` VALUES ('2392','946','24','0');
INSERT INTO `glpi_computers_devicememories` VALUES ('2397','947','24','0');
INSERT INTO `glpi_computers_devicememories` VALUES ('2402','948','24','0');
INSERT INTO `glpi_computers_devicememories` VALUES ('2407','949','24','0');
INSERT INTO `glpi_computers_devicememories` VALUES ('2412','950','24','0');
INSERT INTO `glpi_computers_devicememories` VALUES ('2417','951','24','0');
INSERT INTO `glpi_computers_devicememories` VALUES ('2422','952','24','0');
INSERT INTO `glpi_computers_devicememories` VALUES ('2427','953','24','0');
INSERT INTO `glpi_computers_devicememories` VALUES ('2432','954','24','0');
INSERT INTO `glpi_computers_devicememories` VALUES ('2437','955','24','0');
INSERT INTO `glpi_computers_devicememories` VALUES ('2442','956','24','0');
INSERT INTO `glpi_computers_devicememories` VALUES ('2447','957','24','0');
INSERT INTO `glpi_computers_devicememories` VALUES ('2452','958','24','0');
INSERT INTO `glpi_computers_devicememories` VALUES ('2457','959','24','0');
INSERT INTO `glpi_computers_devicememories` VALUES ('2462','960','24','0');
INSERT INTO `glpi_computers_devicememories` VALUES ('2467','961','24','0');
INSERT INTO `glpi_computers_devicememories` VALUES ('2472','962','24','0');
INSERT INTO `glpi_computers_devicememories` VALUES ('2477','963','24','0');
INSERT INTO `glpi_computers_devicememories` VALUES ('2482','964','24','0');
INSERT INTO `glpi_computers_devicememories` VALUES ('2487','965','24','0');
INSERT INTO `glpi_computers_devicememories` VALUES ('2532','821','24','4');
INSERT INTO `glpi_computers_devicememories` VALUES ('2537','822','24','4');
INSERT INTO `glpi_computers_devicememories` VALUES ('2542','823','24','4');
INSERT INTO `glpi_computers_devicememories` VALUES ('2547','824','24','4');
INSERT INTO `glpi_computers_devicememories` VALUES ('2552','825','24','4');
INSERT INTO `glpi_computers_devicememories` VALUES ('2557','826','24','0');
INSERT INTO `glpi_computers_devicememories` VALUES ('2573','834','24','0');
INSERT INTO `glpi_computers_devicememories` VALUES ('2578','833','24','0');
INSERT INTO `glpi_computers_devicememories` VALUES ('2583','832','24','0');
INSERT INTO `glpi_computers_devicememories` VALUES ('2588','831','24','0');
INSERT INTO `glpi_computers_devicememories` VALUES ('2593','830','24','0');
INSERT INTO `glpi_computers_devicememories` VALUES ('2598','829','24','4');
INSERT INTO `glpi_computers_devicememories` VALUES ('2603','828','24','0');
INSERT INTO `glpi_computers_devicememories` VALUES ('2608','827','24','4');
INSERT INTO `glpi_computers_devicememories` VALUES ('2613','967','24','0');
INSERT INTO `glpi_computers_devicememories` VALUES ('2725','985','24','0');
INSERT INTO `glpi_computers_devicememories` VALUES ('3245','999','24','0');
INSERT INTO `glpi_computers_devicememories` VALUES ('3246','999','24','0');
INSERT INTO `glpi_computers_devicememories` VALUES ('3252','6117','24','0');
INSERT INTO `glpi_computers_devicememories` VALUES ('3251','6117','24','0');
INSERT INTO `glpi_computers_devicememories` VALUES ('2965','1014','24','0');
INSERT INTO `glpi_computers_devicememories` VALUES ('2989','1017','24','0');
INSERT INTO `glpi_computers_devicememories` VALUES ('2997','1018','24','0');
INSERT INTO `glpi_computers_devicememories` VALUES ('3005','1019','24','0');
INSERT INTO `glpi_computers_devicememories` VALUES ('3013','1020','24','0');
INSERT INTO `glpi_computers_devicememories` VALUES ('3021','1021','24','0');
INSERT INTO `glpi_computers_devicememories` VALUES ('3221','6113','24','0');
INSERT INTO `glpi_computers_devicememories` VALUES ('3224','6113','24','0');
INSERT INTO `glpi_computers_devicememories` VALUES ('3257','6118','24','0');
INSERT INTO `glpi_computers_devicememories` VALUES ('3258','6118','24','0');
INSERT INTO `glpi_computers_devicememories` VALUES ('3263','6119','24','0');
INSERT INTO `glpi_computers_devicememories` VALUES ('3264','6119','24','0');
INSERT INTO `glpi_computers_devicememories` VALUES ('3269','6120','24','0');
INSERT INTO `glpi_computers_devicememories` VALUES ('3270','6120','24','0');
INSERT INTO `glpi_computers_devicememories` VALUES ('3275','6121','24','0');
INSERT INTO `glpi_computers_devicememories` VALUES ('3276','6121','24','0');
INSERT INTO `glpi_computers_devicememories` VALUES ('3281','6122','24','0');
INSERT INTO `glpi_computers_devicememories` VALUES ('3282','6122','24','0');
INSERT INTO `glpi_computers_devicememories` VALUES ('3287','6123','24','0');
INSERT INTO `glpi_computers_devicememories` VALUES ('3288','6123','24','0');
INSERT INTO `glpi_computers_devicememories` VALUES ('3293','6124','24','0');
INSERT INTO `glpi_computers_devicememories` VALUES ('3294','6124','24','0');
INSERT INTO `glpi_computers_devicememories` VALUES ('3299','6125','24','0');
INSERT INTO `glpi_computers_devicememories` VALUES ('3300','6125','24','0');
INSERT INTO `glpi_computers_devicememories` VALUES ('3310','6126','24','0');
INSERT INTO `glpi_computers_devicememories` VALUES ('3311','6126','24','0');
INSERT INTO `glpi_computers_devicememories` VALUES ('3316','6127','24','0');
INSERT INTO `glpi_computers_devicememories` VALUES ('3317','6127','24','0');
INSERT INTO `glpi_computers_devicememories` VALUES ('3322','6128','24','0');
INSERT INTO `glpi_computers_devicememories` VALUES ('3323','6128','24','0');
INSERT INTO `glpi_computers_devicememories` VALUES ('3328','6129','24','0');
INSERT INTO `glpi_computers_devicememories` VALUES ('3329','6129','24','0');
INSERT INTO `glpi_computers_devicememories` VALUES ('3334','6130','24','0');
INSERT INTO `glpi_computers_devicememories` VALUES ('3335','6130','24','0');
INSERT INTO `glpi_computers_devicememories` VALUES ('3340','6131','24','0');
INSERT INTO `glpi_computers_devicememories` VALUES ('3341','6131','24','0');
INSERT INTO `glpi_computers_devicememories` VALUES ('3462','820','24','4');
INSERT INTO `glpi_computers_devicememories` VALUES ('3463','818','24','4');
INSERT INTO `glpi_computers_devicememories` VALUES ('3464','819','24','4');
INSERT INTO `glpi_computers_devicememories` VALUES ('3465','821','24','4');
INSERT INTO `glpi_computers_devicememories` VALUES ('3466','822','24','4');
INSERT INTO `glpi_computers_devicememories` VALUES ('3467','823','24','4');
INSERT INTO `glpi_computers_devicememories` VALUES ('3468','824','24','4');
INSERT INTO `glpi_computers_devicememories` VALUES ('3469','825','24','4');
INSERT INTO `glpi_computers_devicememories` VALUES ('3470','826','24','0');
INSERT INTO `glpi_computers_devicememories` VALUES ('3471','827','24','4');
INSERT INTO `glpi_computers_devicememories` VALUES ('3472','828','24','0');
INSERT INTO `glpi_computers_devicememories` VALUES ('3473','829','24','4');
INSERT INTO `glpi_computers_devicememories` VALUES ('3474','830','24','0');
INSERT INTO `glpi_computers_devicememories` VALUES ('3475','834','24','0');
INSERT INTO `glpi_computers_devicememories` VALUES ('3476','833','24','0');
INSERT INTO `glpi_computers_devicememories` VALUES ('3477','832','24','0');
INSERT INTO `glpi_computers_devicememories` VALUES ('3478','831','24','0');
INSERT INTO `glpi_computers_devicememories` VALUES ('3962','6181','24','0');
INSERT INTO `glpi_computers_devicememories` VALUES ('3970','6182','24','0');
INSERT INTO `glpi_computers_devicememories` VALUES ('3985','966','24','0');
INSERT INTO `glpi_computers_devicememories` VALUES ('2716','987','26','0');
INSERT INTO `glpi_computers_devicememories` VALUES ('2717','987','26','0');
INSERT INTO `glpi_computers_devicememories` VALUES ('2732','988','26','0');
INSERT INTO `glpi_computers_devicememories` VALUES ('2733','988','26','0');
INSERT INTO `glpi_computers_devicememories` VALUES ('2741','989','26','0');
INSERT INTO `glpi_computers_devicememories` VALUES ('2742','989','26','0');
INSERT INTO `glpi_computers_devicememories` VALUES ('2750','990','26','0');
INSERT INTO `glpi_computers_devicememories` VALUES ('2751','990','26','0');
INSERT INTO `glpi_computers_devicememories` VALUES ('2759','991','26','0');
INSERT INTO `glpi_computers_devicememories` VALUES ('2760','991','26','0');
INSERT INTO `glpi_computers_devicememories` VALUES ('2768','992','26','0');
INSERT INTO `glpi_computers_devicememories` VALUES ('2769','992','26','0');
INSERT INTO `glpi_computers_devicememories` VALUES ('2777','993','26','0');
INSERT INTO `glpi_computers_devicememories` VALUES ('2778','993','26','0');
INSERT INTO `glpi_computers_devicememories` VALUES ('2786','994','26','0');
INSERT INTO `glpi_computers_devicememories` VALUES ('2787','994','26','0');
INSERT INTO `glpi_computers_devicememories` VALUES ('2795','995','26','0');
INSERT INTO `glpi_computers_devicememories` VALUES ('2796','995','26','0');
INSERT INTO `glpi_computers_devicememories` VALUES ('2804','996','26','0');
INSERT INTO `glpi_computers_devicememories` VALUES ('2805','996','26','0');
INSERT INTO `glpi_computers_devicememories` VALUES ('2822','998','26','0');
INSERT INTO `glpi_computers_devicememories` VALUES ('2823','998','26','0');
INSERT INTO `glpi_computers_devicememories` VALUES ('2840','1000','26','0');
INSERT INTO `glpi_computers_devicememories` VALUES ('2841','1000','26','0');
INSERT INTO `glpi_computers_devicememories` VALUES ('2849','1001','26','4');
INSERT INTO `glpi_computers_devicememories` VALUES ('2850','1001','26','4');
INSERT INTO `glpi_computers_devicememories` VALUES ('3381','1003','26','4');
INSERT INTO `glpi_computers_devicememories` VALUES ('2858','1002','26','4');
INSERT INTO `glpi_computers_devicememories` VALUES ('2859','1002','26','4');
INSERT INTO `glpi_computers_devicememories` VALUES ('2876','1004','26','4');
INSERT INTO `glpi_computers_devicememories` VALUES ('2877','1004','26','4');
INSERT INTO `glpi_computers_devicememories` VALUES ('3414','6136','26','0');
INSERT INTO `glpi_computers_devicememories` VALUES ('2885','1005','26','4');
INSERT INTO `glpi_computers_devicememories` VALUES ('2886','1005','26','4');
INSERT INTO `glpi_computers_devicememories` VALUES ('3305','1006','26','4');
INSERT INTO `glpi_computers_devicememories` VALUES ('2903','1007','26','4');
INSERT INTO `glpi_computers_devicememories` VALUES ('2904','1007','26','4');
INSERT INTO `glpi_computers_devicememories` VALUES ('2912','1008','26','0');
INSERT INTO `glpi_computers_devicememories` VALUES ('2913','1008','26','0');
INSERT INTO `glpi_computers_devicememories` VALUES ('2921','1009','26','4');
INSERT INTO `glpi_computers_devicememories` VALUES ('2922','1009','26','4');
INSERT INTO `glpi_computers_devicememories` VALUES ('2930','1010','26','4');
INSERT INTO `glpi_computers_devicememories` VALUES ('2931','1010','26','4');
INSERT INTO `glpi_computers_devicememories` VALUES ('3409','6135','26','0');
INSERT INTO `glpi_computers_devicememories` VALUES ('2939','1011','26','4');
INSERT INTO `glpi_computers_devicememories` VALUES ('2940','1011','26','4');
INSERT INTO `glpi_computers_devicememories` VALUES ('3408','6135','26','0');
INSERT INTO `glpi_computers_devicememories` VALUES ('2948','1012','26','0');
INSERT INTO `glpi_computers_devicememories` VALUES ('2949','1012','26','0');
INSERT INTO `glpi_computers_devicememories` VALUES ('3421','6137','26','0');
INSERT INTO `glpi_computers_devicememories` VALUES ('3420','6137','26','0');
INSERT INTO `glpi_computers_devicememories` VALUES ('3346','1015','26','0');
INSERT INTO `glpi_computers_devicememories` VALUES ('3400','1016','26','0');
INSERT INTO `glpi_computers_devicememories` VALUES ('3227','6115','26','0');
INSERT INTO `glpi_computers_devicememories` VALUES ('3228','6115','26','0');
INSERT INTO `glpi_computers_devicememories` VALUES ('3236','6116','26','0');
INSERT INTO `glpi_computers_devicememories` VALUES ('3237','6116','26','0');
INSERT INTO `glpi_computers_devicememories` VALUES ('3351','6132','26','0');
INSERT INTO `glpi_computers_devicememories` VALUES ('3352','6132','26','0');
INSERT INTO `glpi_computers_devicememories` VALUES ('3357','6133','26','0');
INSERT INTO `glpi_computers_devicememories` VALUES ('3358','6133','26','0');
INSERT INTO `glpi_computers_devicememories` VALUES ('3366','6134','26','0');
INSERT INTO `glpi_computers_devicememories` VALUES ('3367','6134','26','0');
INSERT INTO `glpi_computers_devicememories` VALUES ('3415','6136','26','0');
INSERT INTO `glpi_computers_devicememories` VALUES ('3426','6138','26','0');
INSERT INTO `glpi_computers_devicememories` VALUES ('3427','6138','26','0');
INSERT INTO `glpi_computers_devicememories` VALUES ('3432','6139','26','0');
INSERT INTO `glpi_computers_devicememories` VALUES ('3433','6139','26','0');
INSERT INTO `glpi_computers_devicememories` VALUES ('3438','6140','26','0');
INSERT INTO `glpi_computers_devicememories` VALUES ('3439','6140','26','0');
INSERT INTO `glpi_computers_devicememories` VALUES ('3861','6179','26','0');
INSERT INTO `glpi_computers_devicememories` VALUES ('3862','6179','26','0');
INSERT INTO `glpi_computers_devicememories` VALUES ('3871','6180','26','0');
INSERT INTO `glpi_computers_devicememories` VALUES ('3872','6180','26','0');
INSERT INTO `glpi_computers_devicememories` VALUES ('3502','997','27','0');
INSERT INTO `glpi_computers_devicememories` VALUES ('3456','6141','27','0');
INSERT INTO `glpi_computers_devicememories` VALUES ('3460','6142','27','0');
INSERT INTO `glpi_computers_devicememories` VALUES ('3481','6143','27','0');
INSERT INTO `glpi_computers_devicememories` VALUES ('3486','6145','27','0');
INSERT INTO `glpi_computers_devicememories` VALUES ('3491','6146','27','0');
INSERT INTO `glpi_computers_devicememories` VALUES ('3496','6147','27','0');
INSERT INTO `glpi_computers_devicememories` VALUES ('3508','6148','27','0');
INSERT INTO `glpi_computers_devicememories` VALUES ('3513','6149','27','0');
INSERT INTO `glpi_computers_devicememories` VALUES ('3518','6150','27','0');
INSERT INTO `glpi_computers_devicememories` VALUES ('3523','6151','27','0');
INSERT INTO `glpi_computers_devicememories` VALUES ('3528','6152','27','0');
INSERT INTO `glpi_computers_devicememories` VALUES ('3533','6153','27','0');
INSERT INTO `glpi_computers_devicememories` VALUES ('3538','6154','27','0');
INSERT INTO `glpi_computers_devicememories` VALUES ('3543','6155','27','0');
INSERT INTO `glpi_computers_devicememories` VALUES ('3548','6156','27','0');
INSERT INTO `glpi_computers_devicememories` VALUES ('3553','6157','27','0');
INSERT INTO `glpi_computers_devicememories` VALUES ('3558','6158','27','0');
INSERT INTO `glpi_computers_devicememories` VALUES ('3563','6159','27','0');
INSERT INTO `glpi_computers_devicememories` VALUES ('3568','6160','27','0');
INSERT INTO `glpi_computers_devicememories` VALUES ('3573','6161','27','0');
INSERT INTO `glpi_computers_devicememories` VALUES ('3578','6162','27','0');
INSERT INTO `glpi_computers_devicememories` VALUES ('3583','6163','27','0');
INSERT INTO `glpi_computers_devicememories` VALUES ('3588','6164','27','0');
INSERT INTO `glpi_computers_devicememories` VALUES ('3593','6165','27','0');
INSERT INTO `glpi_computers_devicememories` VALUES ('3598','6166','27','0');
INSERT INTO `glpi_computers_devicememories` VALUES ('3603','6167','27','0');
INSERT INTO `glpi_computers_devicememories` VALUES ('3608','6168','27','0');
INSERT INTO `glpi_computers_devicememories` VALUES ('3613','6169','27','0');
INSERT INTO `glpi_computers_devicememories` VALUES ('3618','6170','27','0');
INSERT INTO `glpi_computers_devicememories` VALUES ('3623','6171','27','0');
INSERT INTO `glpi_computers_devicememories` VALUES ('3628','6172','27','0');
INSERT INTO `glpi_computers_devicememories` VALUES ('3633','6173','27','0');
INSERT INTO `glpi_computers_devicememories` VALUES ('3683','1024','28','0');
INSERT INTO `glpi_computers_devicememories` VALUES ('3710','1028','28','0');
INSERT INTO `glpi_computers_devicememories` VALUES ('3728','1030','28','0');
INSERT INTO `glpi_computers_devicememories` VALUES ('3735','1031','28','0');
INSERT INTO `glpi_computers_devicememories` VALUES ('3837','1046','28','0');
INSERT INTO `glpi_computers_devicememories` VALUES ('3797','1039','28','0');
INSERT INTO `glpi_computers_devicememories` VALUES ('3779','1036','28','0');
INSERT INTO `glpi_computers_devicememories` VALUES ('3675','1023','28','0');
INSERT INTO `glpi_computers_devicememories` VALUES ('3674','1023','28','0');
INSERT INTO `glpi_computers_devicememories` VALUES ('3682','1024','28','0');
INSERT INTO `glpi_computers_devicememories` VALUES ('3693','1025','28','0');
INSERT INTO `glpi_computers_devicememories` VALUES ('3692','1025','28','0');
INSERT INTO `glpi_computers_devicememories` VALUES ('3838','1046','28','0');
INSERT INTO `glpi_computers_devicememories` VALUES ('3702','1027','28','0');
INSERT INTO `glpi_computers_devicememories` VALUES ('3700','1027','28','0');
INSERT INTO `glpi_computers_devicememories` VALUES ('3711','1028','28','0');
INSERT INTO `glpi_computers_devicememories` VALUES ('3719','1029','28','0');
INSERT INTO `glpi_computers_devicememories` VALUES ('3718','1029','28','0');
INSERT INTO `glpi_computers_devicememories` VALUES ('3727','1030','28','0');
INSERT INTO `glpi_computers_devicememories` VALUES ('3738','1031','28','0');
INSERT INTO `glpi_computers_devicememories` VALUES ('3746','1032','28','0');
INSERT INTO `glpi_computers_devicememories` VALUES ('3745','1032','28','0');
INSERT INTO `glpi_computers_devicememories` VALUES ('3756','1033','28','0');
INSERT INTO `glpi_computers_devicememories` VALUES ('3755','1033','28','0');
INSERT INTO `glpi_computers_devicememories` VALUES ('3764','1034','28','0');
INSERT INTO `glpi_computers_devicememories` VALUES ('3778','1036','28','0');
INSERT INTO `glpi_computers_devicememories` VALUES ('3784','1037','28','0');
INSERT INTO `glpi_computers_devicememories` VALUES ('3783','1037','28','0');
INSERT INTO `glpi_computers_devicememories` VALUES ('3788','1038','28','0');
INSERT INTO `glpi_computers_devicememories` VALUES ('3787','1038','28','0');
INSERT INTO `glpi_computers_devicememories` VALUES ('3796','1039','28','0');
INSERT INTO `glpi_computers_devicememories` VALUES ('3803','1040','28','0');
INSERT INTO `glpi_computers_devicememories` VALUES ('3802','1040','28','0');
INSERT INTO `glpi_computers_devicememories` VALUES ('3808','1041','28','0');
INSERT INTO `glpi_computers_devicememories` VALUES ('3807','1041','28','0');
INSERT INTO `glpi_computers_devicememories` VALUES ('3813','1042','28','0');
INSERT INTO `glpi_computers_devicememories` VALUES ('3812','1042','28','0');
INSERT INTO `glpi_computers_devicememories` VALUES ('3820','1043','28','0');
INSERT INTO `glpi_computers_devicememories` VALUES ('3819','1043','28','0');
INSERT INTO `glpi_computers_devicememories` VALUES ('3824','1044','28','0');
INSERT INTO `glpi_computers_devicememories` VALUES ('3823','1044','28','0');
INSERT INTO `glpi_computers_devicememories` VALUES ('3832','1045','28','0');
INSERT INTO `glpi_computers_devicememories` VALUES ('3831','1045','28','0');
INSERT INTO `glpi_computers_devicememories` VALUES ('3772','1035','28','0');
INSERT INTO `glpi_computers_devicememories` VALUES ('3771','1035','28','0');
INSERT INTO `glpi_computers_devicememories` VALUES ('3670','1026','28','0');
INSERT INTO `glpi_computers_devicememories` VALUES ('3669','1026','28','0');
INSERT INTO `glpi_computers_devicememories` VALUES ('3646','6175','28','0');
INSERT INTO `glpi_computers_devicememories` VALUES ('3647','6175','28','0');
INSERT INTO `glpi_computers_devicememories` VALUES ('3650','6176','28','0');
INSERT INTO `glpi_computers_devicememories` VALUES ('3651','6176','28','0');
INSERT INTO `glpi_computers_devicememories` VALUES ('3844','1022','28','0');
INSERT INTO `glpi_computers_devicememories` VALUES ('3845','1022','28','0');
INSERT INTO `glpi_computers_devicememories` VALUES ('3849','6177','28','0');
INSERT INTO `glpi_computers_devicememories` VALUES ('3850','6177','28','0');
INSERT INTO `glpi_computers_devicememories` VALUES ('3854','6178','28','0');
INSERT INTO `glpi_computers_devicememories` VALUES ('3855','6178','28','0');
INSERT INTO `glpi_computers_devicememories` VALUES ('3656','802','29','0');
INSERT INTO `glpi_computers_devicememories` VALUES ('3687','806','29','0');
INSERT INTO `glpi_computers_devicememories` VALUES ('3705','809','29','0');
INSERT INTO `glpi_computers_devicememories` VALUES ('3731','813','29','1');
INSERT INTO `glpi_computers_devicememories` VALUES ('3741','815','29','1');
INSERT INTO `glpi_computers_devicememories` VALUES ('3751','817','29','1');
INSERT INTO `glpi_computers_devicememories` VALUES ('3654','800','29','0');
INSERT INTO `glpi_computers_devicememories` VALUES ('3655','842','29','1');
INSERT INTO `glpi_computers_devicememories` VALUES ('3691','807','29','0');
INSERT INTO `glpi_computers_devicememories` VALUES ('3698','808','29','0');
INSERT INTO `glpi_computers_devicememories` VALUES ('3717','811','29','1');
INSERT INTO `glpi_computers_devicememories` VALUES ('3723','812','29','1');
INSERT INTO `glpi_computers_devicememories` VALUES ('3736','814','29','1');
INSERT INTO `glpi_computers_devicememories` VALUES ('3763','801','29','0');
INSERT INTO `glpi_computers_devicememories` VALUES ('3749','816','29','1');
INSERT INTO `glpi_computers_devicememories` VALUES ('3712','810','29','0');
INSERT INTO `glpi_computers_devicememories` VALUES ('3685','805','29','0');
INSERT INTO `glpi_computers_devicememories` VALUES ('3678','804','29','0');
INSERT INTO `glpi_computers_devicememories` VALUES ('3668','803','29','0');
INSERT INTO `glpi_computers_devicememories` VALUES ('4046','702','30','0');
INSERT INTO `glpi_computers_devicememories` VALUES ('4047','703','30','0');
INSERT INTO `glpi_computers_devicememories` VALUES ('4050','704','30','0');
INSERT INTO `glpi_computers_devicememories` VALUES ('4056','706','30','0');
INSERT INTO `glpi_computers_devicememories` VALUES ('4059','707','30','0');
INSERT INTO `glpi_computers_devicememories` VALUES ('4053','708','30','0');
INSERT INTO `glpi_computers_devicememories` VALUES ('4070','709','30','0');
INSERT INTO `glpi_computers_devicememories` VALUES ('4072','710','30','0');
INSERT INTO `glpi_computers_devicememories` VALUES ('4074','711','30','0');
INSERT INTO `glpi_computers_devicememories` VALUES ('4066','701','30','0');
INSERT INTO `glpi_computers_devicememories` VALUES ('4077','719','30','1');
INSERT INTO `glpi_computers_devicememories` VALUES ('4101','914','19','0');
INSERT INTO `glpi_computers_devicememories` VALUES ('4113','903','24','4');
INSERT INTO `glpi_computers_devicememories` VALUES ('4114','1047','24','0');

### Dump table glpi_computers_devicemotherboards

CREATE TABLE `glpi_computers_devicemotherboards` (
  `id` int(11) NOT NULL AUTO_INCREMENT,
  `computers_id` int(11) NOT NULL DEFAULT '0',
  `devicemotherboards_id` int(11) NOT NULL DEFAULT '0',
  PRIMARY KEY (`id`),
  KEY `computers_id` (`computers_id`),
  KEY `devicemotherboards_id` (`devicemotherboards_id`)
) ENGINE=MyISAM  DEFAULT CHARSET=utf8 COLLATE=utf8_unicode_ci;

INSERT INTO `glpi_computers_devicemotherboards` VALUES ('423','220','6');
INSERT INTO `glpi_computers_devicemotherboards` VALUES ('424','221','6');
INSERT INTO `glpi_computers_devicemotherboards` VALUES ('425','222','6');
INSERT INTO `glpi_computers_devicemotherboards` VALUES ('426','223','6');
INSERT INTO `glpi_computers_devicemotherboards` VALUES ('427','224','6');
INSERT INTO `glpi_computers_devicemotherboards` VALUES ('428','225','6');
INSERT INTO `glpi_computers_devicemotherboards` VALUES ('429','226','6');
INSERT INTO `glpi_computers_devicemotherboards` VALUES ('430','227','6');
INSERT INTO `glpi_computers_devicemotherboards` VALUES ('431','228','6');
INSERT INTO `glpi_computers_devicemotherboards` VALUES ('432','229','6');
INSERT INTO `glpi_computers_devicemotherboards` VALUES ('433','230','6');
INSERT INTO `glpi_computers_devicemotherboards` VALUES ('434','231','6');
INSERT INTO `glpi_computers_devicemotherboards` VALUES ('435','232','6');
INSERT INTO `glpi_computers_devicemotherboards` VALUES ('436','233','6');
INSERT INTO `glpi_computers_devicemotherboards` VALUES ('437','234','6');
INSERT INTO `glpi_computers_devicemotherboards` VALUES ('438','235','6');
INSERT INTO `glpi_computers_devicemotherboards` VALUES ('439','236','6');
INSERT INTO `glpi_computers_devicemotherboards` VALUES ('440','237','6');
INSERT INTO `glpi_computers_devicemotherboards` VALUES ('441','238','6');
INSERT INTO `glpi_computers_devicemotherboards` VALUES ('442','239','6');
INSERT INTO `glpi_computers_devicemotherboards` VALUES ('443','240','6');
INSERT INTO `glpi_computers_devicemotherboards` VALUES ('444','241','6');
INSERT INTO `glpi_computers_devicemotherboards` VALUES ('445','242','6');
INSERT INTO `glpi_computers_devicemotherboards` VALUES ('446','243','6');
INSERT INTO `glpi_computers_devicemotherboards` VALUES ('1294','593','14');
INSERT INTO `glpi_computers_devicemotherboards` VALUES ('1298','245','14');
INSERT INTO `glpi_computers_devicemotherboards` VALUES ('448','313','17');
INSERT INTO `glpi_computers_devicemotherboards` VALUES ('449','314','17');
INSERT INTO `glpi_computers_devicemotherboards` VALUES ('450','315','17');
INSERT INTO `glpi_computers_devicemotherboards` VALUES ('451','316','17');
INSERT INTO `glpi_computers_devicemotherboards` VALUES ('452','317','17');
INSERT INTO `glpi_computers_devicemotherboards` VALUES ('453','318','17');
INSERT INTO `glpi_computers_devicemotherboards` VALUES ('454','319','17');
INSERT INTO `glpi_computers_devicemotherboards` VALUES ('455','320','17');
INSERT INTO `glpi_computers_devicemotherboards` VALUES ('456','321','17');
INSERT INTO `glpi_computers_devicemotherboards` VALUES ('457','322','17');
INSERT INTO `glpi_computers_devicemotherboards` VALUES ('458','323','17');
INSERT INTO `glpi_computers_devicemotherboards` VALUES ('459','324','17');
INSERT INTO `glpi_computers_devicemotherboards` VALUES ('460','325','17');
INSERT INTO `glpi_computers_devicemotherboards` VALUES ('461','326','17');
INSERT INTO `glpi_computers_devicemotherboards` VALUES ('463','328','18');
INSERT INTO `glpi_computers_devicemotherboards` VALUES ('464','329','18');
INSERT INTO `glpi_computers_devicemotherboards` VALUES ('465','330','18');
INSERT INTO `glpi_computers_devicemotherboards` VALUES ('466','331','18');
INSERT INTO `glpi_computers_devicemotherboards` VALUES ('467','332','18');
INSERT INTO `glpi_computers_devicemotherboards` VALUES ('1060','554','19');
INSERT INTO `glpi_computers_devicemotherboards` VALUES ('1058','537','19');
INSERT INTO `glpi_computers_devicemotherboards` VALUES ('469','15','23');
INSERT INTO `glpi_computers_devicemotherboards` VALUES ('470','16','23');
INSERT INTO `glpi_computers_devicemotherboards` VALUES ('471','17','23');
INSERT INTO `glpi_computers_devicemotherboards` VALUES ('472','18','23');
INSERT INTO `glpi_computers_devicemotherboards` VALUES ('473','19','23');
INSERT INTO `glpi_computers_devicemotherboards` VALUES ('474','20','23');
INSERT INTO `glpi_computers_devicemotherboards` VALUES ('475','21','23');
INSERT INTO `glpi_computers_devicemotherboards` VALUES ('476','22','23');
INSERT INTO `glpi_computers_devicemotherboards` VALUES ('477','23','23');
INSERT INTO `glpi_computers_devicemotherboards` VALUES ('478','24','23');
INSERT INTO `glpi_computers_devicemotherboards` VALUES ('479','246','23');
INSERT INTO `glpi_computers_devicemotherboards` VALUES ('480','247','23');
INSERT INTO `glpi_computers_devicemotherboards` VALUES ('481','248','23');
INSERT INTO `glpi_computers_devicemotherboards` VALUES ('482','249','23');
INSERT INTO `glpi_computers_devicemotherboards` VALUES ('483','250','23');
INSERT INTO `glpi_computers_devicemotherboards` VALUES ('484','251','23');
INSERT INTO `glpi_computers_devicemotherboards` VALUES ('485','252','23');
INSERT INTO `glpi_computers_devicemotherboards` VALUES ('486','253','23');
INSERT INTO `glpi_computers_devicemotherboards` VALUES ('487','254','23');
INSERT INTO `glpi_computers_devicemotherboards` VALUES ('488','255','23');
INSERT INTO `glpi_computers_devicemotherboards` VALUES ('489','256','23');
INSERT INTO `glpi_computers_devicemotherboards` VALUES ('490','257','23');
INSERT INTO `glpi_computers_devicemotherboards` VALUES ('491','258','23');
INSERT INTO `glpi_computers_devicemotherboards` VALUES ('492','259','23');
INSERT INTO `glpi_computers_devicemotherboards` VALUES ('493','262','23');
INSERT INTO `glpi_computers_devicemotherboards` VALUES ('494','263','23');
INSERT INTO `glpi_computers_devicemotherboards` VALUES ('495','264','23');
INSERT INTO `glpi_computers_devicemotherboards` VALUES ('497','301','24');
INSERT INTO `glpi_computers_devicemotherboards` VALUES ('498','302','24');
INSERT INTO `glpi_computers_devicemotherboards` VALUES ('499','303','24');
INSERT INTO `glpi_computers_devicemotherboards` VALUES ('500','304','24');
INSERT INTO `glpi_computers_devicemotherboards` VALUES ('501','305','24');
INSERT INTO `glpi_computers_devicemotherboards` VALUES ('502','306','24');
INSERT INTO `glpi_computers_devicemotherboards` VALUES ('503','307','24');
INSERT INTO `glpi_computers_devicemotherboards` VALUES ('504','308','24');
INSERT INTO `glpi_computers_devicemotherboards` VALUES ('505','309','24');
INSERT INTO `glpi_computers_devicemotherboards` VALUES ('506','310','24');
INSERT INTO `glpi_computers_devicemotherboards` VALUES ('507','311','24');
INSERT INTO `glpi_computers_devicemotherboards` VALUES ('508','312','24');
INSERT INTO `glpi_computers_devicemotherboards` VALUES ('510','101','25');
INSERT INTO `glpi_computers_devicemotherboards` VALUES ('511','102','25');
INSERT INTO `glpi_computers_devicemotherboards` VALUES ('512','103','25');
INSERT INTO `glpi_computers_devicemotherboards` VALUES ('513','104','25');
INSERT INTO `glpi_computers_devicemotherboards` VALUES ('514','105','25');
INSERT INTO `glpi_computers_devicemotherboards` VALUES ('515','106','25');
INSERT INTO `glpi_computers_devicemotherboards` VALUES ('516','107','25');
INSERT INTO `glpi_computers_devicemotherboards` VALUES ('517','108','25');
INSERT INTO `glpi_computers_devicemotherboards` VALUES ('518','109','25');
INSERT INTO `glpi_computers_devicemotherboards` VALUES ('519','110','25');
INSERT INTO `glpi_computers_devicemotherboards` VALUES ('520','111','25');
INSERT INTO `glpi_computers_devicemotherboards` VALUES ('521','112','25');
INSERT INTO `glpi_computers_devicemotherboards` VALUES ('522','113','25');
INSERT INTO `glpi_computers_devicemotherboards` VALUES ('523','114','25');
INSERT INTO `glpi_computers_devicemotherboards` VALUES ('524','115','25');
INSERT INTO `glpi_computers_devicemotherboards` VALUES ('525','116','25');
INSERT INTO `glpi_computers_devicemotherboards` VALUES ('526','117','25');
INSERT INTO `glpi_computers_devicemotherboards` VALUES ('527','118','25');
INSERT INTO `glpi_computers_devicemotherboards` VALUES ('528','119','25');
INSERT INTO `glpi_computers_devicemotherboards` VALUES ('529','120','25');
INSERT INTO `glpi_computers_devicemotherboards` VALUES ('530','121','25');
INSERT INTO `glpi_computers_devicemotherboards` VALUES ('533','60','28');
INSERT INTO `glpi_computers_devicemotherboards` VALUES ('534','61','30');
INSERT INTO `glpi_computers_devicemotherboards` VALUES ('536','421','33');
INSERT INTO `glpi_computers_devicemotherboards` VALUES ('537','422','33');
INSERT INTO `glpi_computers_devicemotherboards` VALUES ('538','423','33');
INSERT INTO `glpi_computers_devicemotherboards` VALUES ('539','424','33');
INSERT INTO `glpi_computers_devicemotherboards` VALUES ('540','425','33');
INSERT INTO `glpi_computers_devicemotherboards` VALUES ('541','426','33');
INSERT INTO `glpi_computers_devicemotherboards` VALUES ('542','427','33');
INSERT INTO `glpi_computers_devicemotherboards` VALUES ('543','428','33');
INSERT INTO `glpi_computers_devicemotherboards` VALUES ('544','429','33');
INSERT INTO `glpi_computers_devicemotherboards` VALUES ('545','430','33');
INSERT INTO `glpi_computers_devicemotherboards` VALUES ('546','431','33');
INSERT INTO `glpi_computers_devicemotherboards` VALUES ('547','432','33');
INSERT INTO `glpi_computers_devicemotherboards` VALUES ('548','433','33');
INSERT INTO `glpi_computers_devicemotherboards` VALUES ('549','434','33');
INSERT INTO `glpi_computers_devicemotherboards` VALUES ('550','438','33');
INSERT INTO `glpi_computers_devicemotherboards` VALUES ('551','439','33');
INSERT INTO `glpi_computers_devicemotherboards` VALUES ('552','440','33');
INSERT INTO `glpi_computers_devicemotherboards` VALUES ('553','441','33');
INSERT INTO `glpi_computers_devicemotherboards` VALUES ('554','442','33');
INSERT INTO `glpi_computers_devicemotherboards` VALUES ('555','443','33');
INSERT INTO `glpi_computers_devicemotherboards` VALUES ('556','444','33');
INSERT INTO `glpi_computers_devicemotherboards` VALUES ('557','445','33');
INSERT INTO `glpi_computers_devicemotherboards` VALUES ('558','446','33');
INSERT INTO `glpi_computers_devicemotherboards` VALUES ('559','447','33');
INSERT INTO `glpi_computers_devicemotherboards` VALUES ('560','448','33');
INSERT INTO `glpi_computers_devicemotherboards` VALUES ('561','449','33');
INSERT INTO `glpi_computers_devicemotherboards` VALUES ('562','450','33');
INSERT INTO `glpi_computers_devicemotherboards` VALUES ('563','451','33');
INSERT INTO `glpi_computers_devicemotherboards` VALUES ('564','452','33');
INSERT INTO `glpi_computers_devicemotherboards` VALUES ('565','453','33');
INSERT INTO `glpi_computers_devicemotherboards` VALUES ('566','454','33');
INSERT INTO `glpi_computers_devicemotherboards` VALUES ('567','455','33');
INSERT INTO `glpi_computers_devicemotherboards` VALUES ('568','456','33');
INSERT INTO `glpi_computers_devicemotherboards` VALUES ('569','457','33');
INSERT INTO `glpi_computers_devicemotherboards` VALUES ('570','458','33');
INSERT INTO `glpi_computers_devicemotherboards` VALUES ('571','459','33');
INSERT INTO `glpi_computers_devicemotherboards` VALUES ('572','460','33');
INSERT INTO `glpi_computers_devicemotherboards` VALUES ('573','461','33');
INSERT INTO `glpi_computers_devicemotherboards` VALUES ('574','462','33');
INSERT INTO `glpi_computers_devicemotherboards` VALUES ('575','463','33');
INSERT INTO `glpi_computers_devicemotherboards` VALUES ('576','464','33');
INSERT INTO `glpi_computers_devicemotherboards` VALUES ('577','465','33');
INSERT INTO `glpi_computers_devicemotherboards` VALUES ('578','471','33');
INSERT INTO `glpi_computers_devicemotherboards` VALUES ('580','473','33');
INSERT INTO `glpi_computers_devicemotherboards` VALUES ('581','474','33');
INSERT INTO `glpi_computers_devicemotherboards` VALUES ('582','475','33');
INSERT INTO `glpi_computers_devicemotherboards` VALUES ('583','476','33');
INSERT INTO `glpi_computers_devicemotherboards` VALUES ('584','477','33');
INSERT INTO `glpi_computers_devicemotherboards` VALUES ('585','478','33');
INSERT INTO `glpi_computers_devicemotherboards` VALUES ('586','479','33');
INSERT INTO `glpi_computers_devicemotherboards` VALUES ('587','480','33');
INSERT INTO `glpi_computers_devicemotherboards` VALUES ('590','538','33');
INSERT INTO `glpi_computers_devicemotherboards` VALUES ('1227','591','33');
INSERT INTO `glpi_computers_devicemotherboards` VALUES ('1318','594','33');
INSERT INTO `glpi_computers_devicemotherboards` VALUES ('1270','534','34');
INSERT INTO `glpi_computers_devicemotherboards` VALUES ('1273','536','34');
INSERT INTO `glpi_computers_devicemotherboards` VALUES ('1352','595','34');
INSERT INTO `glpi_computers_devicemotherboards` VALUES ('1257','532','34');
INSERT INTO `glpi_computers_devicemotherboards` VALUES ('1261','533','34');
INSERT INTO `glpi_computers_devicemotherboards` VALUES ('1249','530','34');
INSERT INTO `glpi_computers_devicemotherboards` VALUES ('1284','592','34');
INSERT INTO `glpi_computers_devicemotherboards` VALUES ('1280','525','34');
INSERT INTO `glpi_computers_devicemotherboards` VALUES ('1245','529','34');
INSERT INTO `glpi_computers_devicemotherboards` VALUES ('1253','531','34');
INSERT INTO `glpi_computers_devicemotherboards` VALUES ('1053','550','34');
INSERT INTO `glpi_computers_devicemotherboards` VALUES ('1068','551','34');
INSERT INTO `glpi_computers_devicemotherboards` VALUES ('1075','556','34');
INSERT INTO `glpi_computers_devicemotherboards` VALUES ('1079','557','34');
INSERT INTO `glpi_computers_devicemotherboards` VALUES ('1083','558','34');
INSERT INTO `glpi_computers_devicemotherboards` VALUES ('1087','559','34');
INSERT INTO `glpi_computers_devicemotherboards` VALUES ('1091','560','34');
INSERT INTO `glpi_computers_devicemotherboards` VALUES ('1095','561','34');
INSERT INTO `glpi_computers_devicemotherboards` VALUES ('1099','562','34');
INSERT INTO `glpi_computers_devicemotherboards` VALUES ('1103','563','34');
INSERT INTO `glpi_computers_devicemotherboards` VALUES ('1107','564','34');
INSERT INTO `glpi_computers_devicemotherboards` VALUES ('1111','565','34');
INSERT INTO `glpi_computers_devicemotherboards` VALUES ('1115','566','34');
INSERT INTO `glpi_computers_devicemotherboards` VALUES ('1119','567','34');
INSERT INTO `glpi_computers_devicemotherboards` VALUES ('1123','568','34');
INSERT INTO `glpi_computers_devicemotherboards` VALUES ('1127','569','34');
INSERT INTO `glpi_computers_devicemotherboards` VALUES ('1131','570','34');
INSERT INTO `glpi_computers_devicemotherboards` VALUES ('1135','571','34');
INSERT INTO `glpi_computers_devicemotherboards` VALUES ('1333','501','34');
INSERT INTO `glpi_computers_devicemotherboards` VALUES ('1139','572','34');
INSERT INTO `glpi_computers_devicemotherboards` VALUES ('1143','573','34');
INSERT INTO `glpi_computers_devicemotherboards` VALUES ('1147','574','34');
INSERT INTO `glpi_computers_devicemotherboards` VALUES ('1151','575','34');
INSERT INTO `glpi_computers_devicemotherboards` VALUES ('1155','576','34');
INSERT INTO `glpi_computers_devicemotherboards` VALUES ('1159','577','34');
INSERT INTO `glpi_computers_devicemotherboards` VALUES ('1163','578','34');
INSERT INTO `glpi_computers_devicemotherboards` VALUES ('1167','579','34');
INSERT INTO `glpi_computers_devicemotherboards` VALUES ('1172','580','34');
INSERT INTO `glpi_computers_devicemotherboards` VALUES ('1177','581','34');
INSERT INTO `glpi_computers_devicemotherboards` VALUES ('1182','582','34');
INSERT INTO `glpi_computers_devicemotherboards` VALUES ('1187','583','34');
INSERT INTO `glpi_computers_devicemotherboards` VALUES ('1192','584','34');
INSERT INTO `glpi_computers_devicemotherboards` VALUES ('1197','585','34');
INSERT INTO `glpi_computers_devicemotherboards` VALUES ('1202','586','34');
INSERT INTO `glpi_computers_devicemotherboards` VALUES ('1207','587','34');
INSERT INTO `glpi_computers_devicemotherboards` VALUES ('1212','588','34');
INSERT INTO `glpi_computers_devicemotherboards` VALUES ('1217','589','34');
INSERT INTO `glpi_computers_devicemotherboards` VALUES ('1222','590','34');
INSERT INTO `glpi_computers_devicemotherboards` VALUES ('1232','526','34');
INSERT INTO `glpi_computers_devicemotherboards` VALUES ('1237','527','34');
INSERT INTO `glpi_computers_devicemotherboards` VALUES ('1241','528','34');
INSERT INTO `glpi_computers_devicemotherboards` VALUES ('1360','502','34');
INSERT INTO `glpi_computers_devicemotherboards` VALUES ('1367','503','34');
INSERT INTO `glpi_computers_devicemotherboards` VALUES ('1374','504','34');
INSERT INTO `glpi_computers_devicemotherboards` VALUES ('1381','505','34');
INSERT INTO `glpi_computers_devicemotherboards` VALUES ('1388','506','34');
INSERT INTO `glpi_computers_devicemotherboards` VALUES ('1403','507','34');
INSERT INTO `glpi_computers_devicemotherboards` VALUES ('1413','508','34');
INSERT INTO `glpi_computers_devicemotherboards` VALUES ('1421','509','34');
INSERT INTO `glpi_computers_devicemotherboards` VALUES ('1429','510','34');
INSERT INTO `glpi_computers_devicemotherboards` VALUES ('1452','600','34');
INSERT INTO `glpi_computers_devicemotherboards` VALUES ('1457','601','34');
INSERT INTO `glpi_computers_devicemotherboards` VALUES ('1462','602','34');
INSERT INTO `glpi_computers_devicemotherboards` VALUES ('1467','555','35');
INSERT INTO `glpi_computers_devicemotherboards` VALUES ('1683','635','36');
INSERT INTO `glpi_computers_devicemotherboards` VALUES ('1470','599','36');
INSERT INTO `glpi_computers_devicemotherboards` VALUES ('1468','598','36');
INSERT INTO `glpi_computers_devicemotherboards` VALUES ('1478','600','36');
INSERT INTO `glpi_computers_devicemotherboards` VALUES ('1484','602','36');
INSERT INTO `glpi_computers_devicemotherboards` VALUES ('1490','603','36');
INSERT INTO `glpi_computers_devicemotherboards` VALUES ('1496','604','36');
INSERT INTO `glpi_computers_devicemotherboards` VALUES ('1502','605','36');
INSERT INTO `glpi_computers_devicemotherboards` VALUES ('1508','606','36');
INSERT INTO `glpi_computers_devicemotherboards` VALUES ('1514','607','36');
INSERT INTO `glpi_computers_devicemotherboards` VALUES ('1520','608','36');
INSERT INTO `glpi_computers_devicemotherboards` VALUES ('1526','609','36');
INSERT INTO `glpi_computers_devicemotherboards` VALUES ('1532','610','36');
INSERT INTO `glpi_computers_devicemotherboards` VALUES ('1538','611','36');
INSERT INTO `glpi_computers_devicemotherboards` VALUES ('1544','612','36');
INSERT INTO `glpi_computers_devicemotherboards` VALUES ('1550','613','36');
INSERT INTO `glpi_computers_devicemotherboards` VALUES ('1556','614','36');
INSERT INTO `glpi_computers_devicemotherboards` VALUES ('1562','615','36');
INSERT INTO `glpi_computers_devicemotherboards` VALUES ('1568','616','36');
INSERT INTO `glpi_computers_devicemotherboards` VALUES ('1574','617','36');
INSERT INTO `glpi_computers_devicemotherboards` VALUES ('1580','618','36');
INSERT INTO `glpi_computers_devicemotherboards` VALUES ('1586','619','36');
INSERT INTO `glpi_computers_devicemotherboards` VALUES ('1592','620','36');
INSERT INTO `glpi_computers_devicemotherboards` VALUES ('1598','621','36');
INSERT INTO `glpi_computers_devicemotherboards` VALUES ('1604','622','36');
INSERT INTO `glpi_computers_devicemotherboards` VALUES ('1610','623','36');
INSERT INTO `glpi_computers_devicemotherboards` VALUES ('1616','624','36');
INSERT INTO `glpi_computers_devicemotherboards` VALUES ('1622','625','36');
INSERT INTO `glpi_computers_devicemotherboards` VALUES ('1628','626','36');
INSERT INTO `glpi_computers_devicemotherboards` VALUES ('1634','627','36');
INSERT INTO `glpi_computers_devicemotherboards` VALUES ('1640','628','36');
INSERT INTO `glpi_computers_devicemotherboards` VALUES ('1646','629','36');
INSERT INTO `glpi_computers_devicemotherboards` VALUES ('1652','630','36');
INSERT INTO `glpi_computers_devicemotherboards` VALUES ('1658','631','36');
INSERT INTO `glpi_computers_devicemotherboards` VALUES ('1664','632','36');
INSERT INTO `glpi_computers_devicemotherboards` VALUES ('1670','633','36');
INSERT INTO `glpi_computers_devicemotherboards` VALUES ('1676','634','36');
INSERT INTO `glpi_computers_devicemotherboards` VALUES ('1689','636','36');
INSERT INTO `glpi_computers_devicemotherboards` VALUES ('1695','637','36');
INSERT INTO `glpi_computers_devicemotherboards` VALUES ('1701','638','36');
INSERT INTO `glpi_computers_devicemotherboards` VALUES ('1707','639','36');
INSERT INTO `glpi_computers_devicemotherboards` VALUES ('1713','640','36');
INSERT INTO `glpi_computers_devicemotherboards` VALUES ('1719','641','36');
INSERT INTO `glpi_computers_devicemotherboards` VALUES ('1725','642','36');
INSERT INTO `glpi_computers_devicemotherboards` VALUES ('1731','643','36');
INSERT INTO `glpi_computers_devicemotherboards` VALUES ('1737','644','36');
INSERT INTO `glpi_computers_devicemotherboards` VALUES ('1743','645','36');
INSERT INTO `glpi_computers_devicemotherboards` VALUES ('1749','646','36');
INSERT INTO `glpi_computers_devicemotherboards` VALUES ('1755','647','36');
INSERT INTO `glpi_computers_devicemotherboards` VALUES ('1761','648','36');
INSERT INTO `glpi_computers_devicemotherboards` VALUES ('1767','649','36');
INSERT INTO `glpi_computers_devicemotherboards` VALUES ('1773','650','36');
INSERT INTO `glpi_computers_devicemotherboards` VALUES ('1779','651','36');
INSERT INTO `glpi_computers_devicemotherboards` VALUES ('1785','652','36');
INSERT INTO `glpi_computers_devicemotherboards` VALUES ('2080','553','37');
INSERT INTO `glpi_computers_devicemotherboards` VALUES ('1791','653','37');
INSERT INTO `glpi_computers_devicemotherboards` VALUES ('1796','654','37');
INSERT INTO `glpi_computers_devicemotherboards` VALUES ('1802','655','37');
INSERT INTO `glpi_computers_devicemotherboards` VALUES ('1807','702','37');
INSERT INTO `glpi_computers_devicemotherboards` VALUES ('1812','703','37');
INSERT INTO `glpi_computers_devicemotherboards` VALUES ('1817','704','37');
INSERT INTO `glpi_computers_devicemotherboards` VALUES ('1822','705','37');
INSERT INTO `glpi_computers_devicemotherboards` VALUES ('1827','706','37');
INSERT INTO `glpi_computers_devicemotherboards` VALUES ('1832','707','37');
INSERT INTO `glpi_computers_devicemotherboards` VALUES ('1837','708','37');
INSERT INTO `glpi_computers_devicemotherboards` VALUES ('1842','709','37');
INSERT INTO `glpi_computers_devicemotherboards` VALUES ('1847','710','37');
INSERT INTO `glpi_computers_devicemotherboards` VALUES ('1852','711','37');
INSERT INTO `glpi_computers_devicemotherboards` VALUES ('1857','712','37');
INSERT INTO `glpi_computers_devicemotherboards` VALUES ('1862','713','37');
INSERT INTO `glpi_computers_devicemotherboards` VALUES ('1867','714','37');
INSERT INTO `glpi_computers_devicemotherboards` VALUES ('1872','715','37');
INSERT INTO `glpi_computers_devicemotherboards` VALUES ('1877','716','37');
INSERT INTO `glpi_computers_devicemotherboards` VALUES ('1882','717','37');
INSERT INTO `glpi_computers_devicemotherboards` VALUES ('1887','718','37');
INSERT INTO `glpi_computers_devicemotherboards` VALUES ('1892','719','37');
INSERT INTO `glpi_computers_devicemotherboards` VALUES ('1897','720','37');
INSERT INTO `glpi_computers_devicemotherboards` VALUES ('1902','721','37');
INSERT INTO `glpi_computers_devicemotherboards` VALUES ('1907','722','37');
INSERT INTO `glpi_computers_devicemotherboards` VALUES ('1912','723','37');
INSERT INTO `glpi_computers_devicemotherboards` VALUES ('1918','724','37');
INSERT INTO `glpi_computers_devicemotherboards` VALUES ('1924','725','37');
INSERT INTO `glpi_computers_devicemotherboards` VALUES ('1930','726','37');
INSERT INTO `glpi_computers_devicemotherboards` VALUES ('1936','727','37');
INSERT INTO `glpi_computers_devicemotherboards` VALUES ('1942','728','37');
INSERT INTO `glpi_computers_devicemotherboards` VALUES ('1948','729','37');
INSERT INTO `glpi_computers_devicemotherboards` VALUES ('1954','730','37');
INSERT INTO `glpi_computers_devicemotherboards` VALUES ('1960','731','37');
INSERT INTO `glpi_computers_devicemotherboards` VALUES ('1966','732','37');
INSERT INTO `glpi_computers_devicemotherboards` VALUES ('1972','733','37');
INSERT INTO `glpi_computers_devicemotherboards` VALUES ('1978','734','37');
INSERT INTO `glpi_computers_devicemotherboards` VALUES ('1984','735','37');
INSERT INTO `glpi_computers_devicemotherboards` VALUES ('1990','736','37');
INSERT INTO `glpi_computers_devicemotherboards` VALUES ('1996','737','37');
INSERT INTO `glpi_computers_devicemotherboards` VALUES ('2002','738','37');
INSERT INTO `glpi_computers_devicemotherboards` VALUES ('2192','900','37');
INSERT INTO `glpi_computers_devicemotherboards` VALUES ('2008','739','37');
INSERT INTO `glpi_computers_devicemotherboards` VALUES ('2014','740','37');
INSERT INTO `glpi_computers_devicemotherboards` VALUES ('2020','741','37');
INSERT INTO `glpi_computers_devicemotherboards` VALUES ('2026','742','37');
INSERT INTO `glpi_computers_devicemotherboards` VALUES ('2032','743','37');
INSERT INTO `glpi_computers_devicemotherboards` VALUES ('2038','744','37');
INSERT INTO `glpi_computers_devicemotherboards` VALUES ('2044','745','37');
INSERT INTO `glpi_computers_devicemotherboards` VALUES ('2050','746','37');
INSERT INTO `glpi_computers_devicemotherboards` VALUES ('4064','701','37');
INSERT INTO `glpi_computers_devicemotherboards` VALUES ('2062','748','38');
INSERT INTO `glpi_computers_devicemotherboards` VALUES ('2085','802','39');
INSERT INTO `glpi_computers_devicemotherboards` VALUES ('2081','751','39');
INSERT INTO `glpi_computers_devicemotherboards` VALUES ('2188','800','39');
INSERT INTO `glpi_computers_devicemotherboards` VALUES ('2090','803','39');
INSERT INTO `glpi_computers_devicemotherboards` VALUES ('2095','804','39');
INSERT INTO `glpi_computers_devicemotherboards` VALUES ('2100','805','39');
INSERT INTO `glpi_computers_devicemotherboards` VALUES ('2105','806','39');
INSERT INTO `glpi_computers_devicemotherboards` VALUES ('2110','807','39');
INSERT INTO `glpi_computers_devicemotherboards` VALUES ('2115','808','39');
INSERT INTO `glpi_computers_devicemotherboards` VALUES ('2120','809','39');
INSERT INTO `glpi_computers_devicemotherboards` VALUES ('2125','810','39');
INSERT INTO `glpi_computers_devicemotherboards` VALUES ('2130','811','39');
INSERT INTO `glpi_computers_devicemotherboards` VALUES ('2135','812','39');
INSERT INTO `glpi_computers_devicemotherboards` VALUES ('2140','813','39');
INSERT INTO `glpi_computers_devicemotherboards` VALUES ('2145','814','39');
INSERT INTO `glpi_computers_devicemotherboards` VALUES ('2150','815','39');
INSERT INTO `glpi_computers_devicemotherboards` VALUES ('2155','816','39');
INSERT INTO `glpi_computers_devicemotherboards` VALUES ('2160','817','39');
INSERT INTO `glpi_computers_devicemotherboards` VALUES ('4078','901','49');
INSERT INTO `glpi_computers_devicemotherboards` VALUES ('2202','902','39');
INSERT INTO `glpi_computers_devicemotherboards` VALUES ('4077','914','44');
INSERT INTO `glpi_computers_devicemotherboards` VALUES ('2262','915','39');
INSERT INTO `glpi_computers_devicemotherboards` VALUES ('2274','918','39');
INSERT INTO `glpi_computers_devicemotherboards` VALUES ('2278','919','39');
INSERT INTO `glpi_computers_devicemotherboards` VALUES ('2294','923','39');
INSERT INTO `glpi_computers_devicemotherboards` VALUES ('2298','924','39');
INSERT INTO `glpi_computers_devicemotherboards` VALUES ('2302','925','39');
INSERT INTO `glpi_computers_devicemotherboards` VALUES ('2306','926','39');
INSERT INTO `glpi_computers_devicemotherboards` VALUES ('2621','801','39');
INSERT INTO `glpi_computers_devicemotherboards` VALUES ('2626','968','39');
INSERT INTO `glpi_computers_devicemotherboards` VALUES ('2631','842','39');
INSERT INTO `glpi_computers_devicemotherboards` VALUES ('2672','976','42');
INSERT INTO `glpi_computers_devicemotherboards` VALUES ('2667','975','42');
INSERT INTO `glpi_computers_devicemotherboards` VALUES ('2662','974','42');
INSERT INTO `glpi_computers_devicemotherboards` VALUES ('2657','973','42');
INSERT INTO `glpi_computers_devicemotherboards` VALUES ('2692','837','42');
INSERT INTO `glpi_computers_devicemotherboards` VALUES ('2697','838','42');
INSERT INTO `glpi_computers_devicemotherboards` VALUES ('2702','839','42');
INSERT INTO `glpi_computers_devicemotherboards` VALUES ('2707','840','42');
INSERT INTO `glpi_computers_devicemotherboards` VALUES ('2677','841','42');
INSERT INTO `glpi_computers_devicemotherboards` VALUES ('2652','972','42');
INSERT INTO `glpi_computers_devicemotherboards` VALUES ('2687','836','42');
INSERT INTO `glpi_computers_devicemotherboards` VALUES ('2682','835','42');
INSERT INTO `glpi_computers_devicemotherboards` VALUES ('2647','971','42');
INSERT INTO `glpi_computers_devicemotherboards` VALUES ('2642','970','42');
INSERT INTO `glpi_computers_devicemotherboards` VALUES ('2641','969','42');
INSERT INTO `glpi_computers_devicemotherboards` VALUES ('3883','908','44');
INSERT INTO `glpi_computers_devicemotherboards` VALUES ('3888','909','44');
INSERT INTO `glpi_computers_devicemotherboards` VALUES ('3442','911','44');
INSERT INTO `glpi_computers_devicemotherboards` VALUES ('3444','912','44');
INSERT INTO `glpi_computers_devicemotherboards` VALUES ('3446','913','44');
INSERT INTO `glpi_computers_devicemotherboards` VALUES ('3907','917','44');
INSERT INTO `glpi_computers_devicemotherboards` VALUES ('3911','920','44');
INSERT INTO `glpi_computers_devicemotherboards` VALUES ('3916','921','44');
INSERT INTO `glpi_computers_devicemotherboards` VALUES ('3921','922','44');
INSERT INTO `glpi_computers_devicemotherboards` VALUES ('3452','927','44');
INSERT INTO `glpi_computers_devicemotherboards` VALUES ('3453','928','44');
INSERT INTO `glpi_computers_devicemotherboards` VALUES ('3954','932','44');
INSERT INTO `glpi_computers_devicemotherboards` VALUES ('2712','987','44');
INSERT INTO `glpi_computers_devicemotherboards` VALUES ('2730','988','44');
INSERT INTO `glpi_computers_devicemotherboards` VALUES ('2739','989','44');
INSERT INTO `glpi_computers_devicemotherboards` VALUES ('2748','990','44');
INSERT INTO `glpi_computers_devicemotherboards` VALUES ('2757','991','44');
INSERT INTO `glpi_computers_devicemotherboards` VALUES ('2766','992','44');
INSERT INTO `glpi_computers_devicemotherboards` VALUES ('2775','993','44');
INSERT INTO `glpi_computers_devicemotherboards` VALUES ('2784','994','44');
INSERT INTO `glpi_computers_devicemotherboards` VALUES ('2793','995','44');
INSERT INTO `glpi_computers_devicemotherboards` VALUES ('2802','996','44');
INSERT INTO `glpi_computers_devicemotherboards` VALUES ('2820','998','44');
INSERT INTO `glpi_computers_devicemotherboards` VALUES ('2838','1000','44');
INSERT INTO `glpi_computers_devicemotherboards` VALUES ('2847','1001','44');
INSERT INTO `glpi_computers_devicemotherboards` VALUES ('2856','1002','44');
INSERT INTO `glpi_computers_devicemotherboards` VALUES ('2874','1004','44');
INSERT INTO `glpi_computers_devicemotherboards` VALUES ('2883','1005','44');
INSERT INTO `glpi_computers_devicemotherboards` VALUES ('2901','1007','44');
INSERT INTO `glpi_computers_devicemotherboards` VALUES ('3412','6136','44');
INSERT INTO `glpi_computers_devicemotherboards` VALUES ('2919','1009','44');
INSERT INTO `glpi_computers_devicemotherboards` VALUES ('2937','1011','44');
INSERT INTO `glpi_computers_devicemotherboards` VALUES ('2946','1012','44');
INSERT INTO `glpi_computers_devicemotherboards` VALUES ('3418','6137','44');
INSERT INTO `glpi_computers_devicemotherboards` VALUES ('3406','6135','44');
INSERT INTO `glpi_computers_devicemotherboards` VALUES ('3398','1016','44');
INSERT INTO `glpi_computers_devicemotherboards` VALUES ('3225','6115','44');
INSERT INTO `glpi_computers_devicemotherboards` VALUES ('3234','6116','44');
INSERT INTO `glpi_computers_devicemotherboards` VALUES ('3355','6133','44');
INSERT INTO `glpi_computers_devicemotherboards` VALUES ('3364','6134','44');
INSERT INTO `glpi_computers_devicemotherboards` VALUES ('3424','6138','44');
INSERT INTO `glpi_computers_devicemotherboards` VALUES ('3430','6139','44');
INSERT INTO `glpi_computers_devicemotherboards` VALUES ('3436','6140','44');
INSERT INTO `glpi_computers_devicemotherboards` VALUES ('3443','910','44');
INSERT INTO `glpi_computers_devicemotherboards` VALUES ('3448','931','44');
INSERT INTO `glpi_computers_devicemotherboards` VALUES ('3450','930','44');
INSERT INTO `glpi_computers_devicemotherboards` VALUES ('3451','929','44');
INSERT INTO `glpi_computers_devicemotherboards` VALUES ('3859','6179','44');
INSERT INTO `glpi_computers_devicemotherboards` VALUES ('3869','6180','44');
INSERT INTO `glpi_computers_devicemotherboards` VALUES ('3902','916','44');
INSERT INTO `glpi_computers_devicemotherboards` VALUES ('2722','985','45');
INSERT INTO `glpi_computers_devicemotherboards` VALUES ('2963','1014','45');
INSERT INTO `glpi_computers_devicemotherboards` VALUES ('2987','1017','45');
INSERT INTO `glpi_computers_devicemotherboards` VALUES ('2995','1018','45');
INSERT INTO `glpi_computers_devicemotherboards` VALUES ('3003','1019','45');
INSERT INTO `glpi_computers_devicemotherboards` VALUES ('3011','1020','45');
INSERT INTO `glpi_computers_devicemotherboards` VALUES ('3019','1021','45');
INSERT INTO `glpi_computers_devicemotherboards` VALUES ('3960','6181','45');
INSERT INTO `glpi_computers_devicemotherboards` VALUES ('3968','6182','45');
INSERT INTO `glpi_computers_devicemotherboards` VALUES ('3506','6148','46');
INSERT INTO `glpi_computers_devicemotherboards` VALUES ('3454','6141','46');
INSERT INTO `glpi_computers_devicemotherboards` VALUES ('3458','6142','46');
INSERT INTO `glpi_computers_devicemotherboards` VALUES ('3479','6143','46');
INSERT INTO `glpi_computers_devicemotherboards` VALUES ('3484','6145','46');
INSERT INTO `glpi_computers_devicemotherboards` VALUES ('3489','6146','46');
INSERT INTO `glpi_computers_devicemotherboards` VALUES ('3494','6147','46');
INSERT INTO `glpi_computers_devicemotherboards` VALUES ('3499','997','46');
INSERT INTO `glpi_computers_devicemotherboards` VALUES ('3511','6149','46');
INSERT INTO `glpi_computers_devicemotherboards` VALUES ('3516','6150','46');
INSERT INTO `glpi_computers_devicemotherboards` VALUES ('3521','6151','46');
INSERT INTO `glpi_computers_devicemotherboards` VALUES ('3526','6152','46');
INSERT INTO `glpi_computers_devicemotherboards` VALUES ('3531','6153','46');
INSERT INTO `glpi_computers_devicemotherboards` VALUES ('3536','6154','46');
INSERT INTO `glpi_computers_devicemotherboards` VALUES ('3541','6155','46');
INSERT INTO `glpi_computers_devicemotherboards` VALUES ('3546','6156','46');
INSERT INTO `glpi_computers_devicemotherboards` VALUES ('3551','6157','46');
INSERT INTO `glpi_computers_devicemotherboards` VALUES ('3556','6158','46');
INSERT INTO `glpi_computers_devicemotherboards` VALUES ('3561','6159','46');
INSERT INTO `glpi_computers_devicemotherboards` VALUES ('3566','6160','46');
INSERT INTO `glpi_computers_devicemotherboards` VALUES ('3571','6161','46');
INSERT INTO `glpi_computers_devicemotherboards` VALUES ('3576','6162','46');
INSERT INTO `glpi_computers_devicemotherboards` VALUES ('3581','6163','46');
INSERT INTO `glpi_computers_devicemotherboards` VALUES ('3586','6164','46');
INSERT INTO `glpi_computers_devicemotherboards` VALUES ('3591','6165','46');
INSERT INTO `glpi_computers_devicemotherboards` VALUES ('3596','6166','46');
INSERT INTO `glpi_computers_devicemotherboards` VALUES ('3601','6167','46');
INSERT INTO `glpi_computers_devicemotherboards` VALUES ('3606','6168','46');
INSERT INTO `glpi_computers_devicemotherboards` VALUES ('3611','6169','46');
INSERT INTO `glpi_computers_devicemotherboards` VALUES ('3616','6170','46');
INSERT INTO `glpi_computers_devicemotherboards` VALUES ('3621','6171','46');
INSERT INTO `glpi_computers_devicemotherboards` VALUES ('3626','6172','46');
INSERT INTO `glpi_computers_devicemotherboards` VALUES ('3631','6173','46');
INSERT INTO `glpi_computers_devicemotherboards` VALUES ('3243','999','47');
INSERT INTO `glpi_computers_devicemotherboards` VALUES ('3379','1003','47');
INSERT INTO `glpi_computers_devicemotherboards` VALUES ('3249','6117','47');
INSERT INTO `glpi_computers_devicemotherboards` VALUES ('3308','6126','47');
INSERT INTO `glpi_computers_devicemotherboards` VALUES ('3303','1006','47');
INSERT INTO `glpi_computers_devicemotherboards` VALUES ('3344','1015','47');
INSERT INTO `glpi_computers_devicemotherboards` VALUES ('3219','6113','47');
INSERT INTO `glpi_computers_devicemotherboards` VALUES ('3255','6118','47');
INSERT INTO `glpi_computers_devicemotherboards` VALUES ('3261','6119','47');
INSERT INTO `glpi_computers_devicemotherboards` VALUES ('3267','6120','47');
INSERT INTO `glpi_computers_devicemotherboards` VALUES ('3273','6121','47');
INSERT INTO `glpi_computers_devicemotherboards` VALUES ('3279','6122','47');
INSERT INTO `glpi_computers_devicemotherboards` VALUES ('3285','6123','47');
INSERT INTO `glpi_computers_devicemotherboards` VALUES ('3291','6124','47');
INSERT INTO `glpi_computers_devicemotherboards` VALUES ('3297','6125','47');
INSERT INTO `glpi_computers_devicemotherboards` VALUES ('3314','6127','47');
INSERT INTO `glpi_computers_devicemotherboards` VALUES ('3320','6128','47');
INSERT INTO `glpi_computers_devicemotherboards` VALUES ('3326','6129','47');
INSERT INTO `glpi_computers_devicemotherboards` VALUES ('3332','6130','47');
INSERT INTO `glpi_computers_devicemotherboards` VALUES ('3338','6131','47');
INSERT INTO `glpi_computers_devicemotherboards` VALUES ('3349','6132','47');
INSERT INTO `glpi_computers_devicemotherboards` VALUES ('4042','830','48');
INSERT INTO `glpi_computers_devicemotherboards` VALUES ('4065','818','48');
INSERT INTO `glpi_computers_devicemotherboards` VALUES ('4066','819','48');
INSERT INTO `glpi_computers_devicemotherboards` VALUES ('4067','820','48');
INSERT INTO `glpi_computers_devicemotherboards` VALUES ('4068','821','48');
INSERT INTO `glpi_computers_devicemotherboards` VALUES ('4069','822','48');
INSERT INTO `glpi_computers_devicemotherboards` VALUES ('4070','823','48');
INSERT INTO `glpi_computers_devicemotherboards` VALUES ('4071','824','48');
INSERT INTO `glpi_computers_devicemotherboards` VALUES ('4072','825','48');
INSERT INTO `glpi_computers_devicemotherboards` VALUES ('4073','826','48');
INSERT INTO `glpi_computers_devicemotherboards` VALUES ('4074','827','48');
INSERT INTO `glpi_computers_devicemotherboards` VALUES ('4075','828','48');
INSERT INTO `glpi_computers_devicemotherboards` VALUES ('4076','829','48');

### Dump table glpi_computers_devicenetworkcards

CREATE TABLE `glpi_computers_devicenetworkcards` (
  `id` int(11) NOT NULL AUTO_INCREMENT,
  `computers_id` int(11) NOT NULL DEFAULT '0',
  `devicenetworkcards_id` int(11) NOT NULL DEFAULT '0',
  `specificity` varchar(255) COLLATE utf8_unicode_ci DEFAULT NULL,
  PRIMARY KEY (`id`),
  KEY `computers_id` (`computers_id`),
  KEY `devicenetworkcards_id` (`devicenetworkcards_id`),
  KEY `specificity` (`specificity`)
) ENGINE=MyISAM  DEFAULT CHARSET=utf8 COLLATE=utf8_unicode_ci;

INSERT INTO `glpi_computers_devicenetworkcards` VALUES ('255','220','1','0');
INSERT INTO `glpi_computers_devicenetworkcards` VALUES ('256','221','1','0');
INSERT INTO `glpi_computers_devicenetworkcards` VALUES ('257','222','1','0');
INSERT INTO `glpi_computers_devicenetworkcards` VALUES ('258','223','1','0');
INSERT INTO `glpi_computers_devicenetworkcards` VALUES ('259','224','1','0');
INSERT INTO `glpi_computers_devicenetworkcards` VALUES ('260','225','1','0');
INSERT INTO `glpi_computers_devicenetworkcards` VALUES ('261','226','1','0');
INSERT INTO `glpi_computers_devicenetworkcards` VALUES ('262','227','1','0');
INSERT INTO `glpi_computers_devicenetworkcards` VALUES ('263','228','1','0');
INSERT INTO `glpi_computers_devicenetworkcards` VALUES ('264','229','1','0');
INSERT INTO `glpi_computers_devicenetworkcards` VALUES ('265','230','1','0');
INSERT INTO `glpi_computers_devicenetworkcards` VALUES ('266','231','1','0');
INSERT INTO `glpi_computers_devicenetworkcards` VALUES ('267','232','1','0');
INSERT INTO `glpi_computers_devicenetworkcards` VALUES ('268','233','1','0');
INSERT INTO `glpi_computers_devicenetworkcards` VALUES ('269','234','1','0');
INSERT INTO `glpi_computers_devicenetworkcards` VALUES ('270','235','1','0');
INSERT INTO `glpi_computers_devicenetworkcards` VALUES ('271','236','1','0');
INSERT INTO `glpi_computers_devicenetworkcards` VALUES ('272','237','1','0');
INSERT INTO `glpi_computers_devicenetworkcards` VALUES ('273','238','1','0');
INSERT INTO `glpi_computers_devicenetworkcards` VALUES ('274','239','1','0');
INSERT INTO `glpi_computers_devicenetworkcards` VALUES ('275','240','1','0');
INSERT INTO `glpi_computers_devicenetworkcards` VALUES ('276','241','1','0');
INSERT INTO `glpi_computers_devicenetworkcards` VALUES ('277','242','1','0');
INSERT INTO `glpi_computers_devicenetworkcards` VALUES ('278','243','1','0');
INSERT INTO `glpi_computers_devicenetworkcards` VALUES ('279','246','1','0');
INSERT INTO `glpi_computers_devicenetworkcards` VALUES ('280','247','1','0');
INSERT INTO `glpi_computers_devicenetworkcards` VALUES ('281','248','1','0');
INSERT INTO `glpi_computers_devicenetworkcards` VALUES ('282','249','1','0');
INSERT INTO `glpi_computers_devicenetworkcards` VALUES ('283','250','1','0');
INSERT INTO `glpi_computers_devicenetworkcards` VALUES ('284','251','1','0');
INSERT INTO `glpi_computers_devicenetworkcards` VALUES ('285','252','1','0');
INSERT INTO `glpi_computers_devicenetworkcards` VALUES ('286','253','1','0');
INSERT INTO `glpi_computers_devicenetworkcards` VALUES ('287','254','1','0');
INSERT INTO `glpi_computers_devicenetworkcards` VALUES ('288','255','1','0');
INSERT INTO `glpi_computers_devicenetworkcards` VALUES ('289','256','1','0');
INSERT INTO `glpi_computers_devicenetworkcards` VALUES ('290','257','1','0');
INSERT INTO `glpi_computers_devicenetworkcards` VALUES ('291','258','1','0');
INSERT INTO `glpi_computers_devicenetworkcards` VALUES ('293','262','1','0');
INSERT INTO `glpi_computers_devicenetworkcards` VALUES ('294','263','1','0');
INSERT INTO `glpi_computers_devicenetworkcards` VALUES ('295','301','1','0');
INSERT INTO `glpi_computers_devicenetworkcards` VALUES ('296','302','1','0');
INSERT INTO `glpi_computers_devicenetworkcards` VALUES ('297','303','1','0');
INSERT INTO `glpi_computers_devicenetworkcards` VALUES ('298','304','1','0');
INSERT INTO `glpi_computers_devicenetworkcards` VALUES ('299','305','1','0');
INSERT INTO `glpi_computers_devicenetworkcards` VALUES ('300','306','1','0');
INSERT INTO `glpi_computers_devicenetworkcards` VALUES ('301','307','1','0');
INSERT INTO `glpi_computers_devicenetworkcards` VALUES ('302','308','1','0');
INSERT INTO `glpi_computers_devicenetworkcards` VALUES ('303','309','1','0');
INSERT INTO `glpi_computers_devicenetworkcards` VALUES ('304','310','1','0');
INSERT INTO `glpi_computers_devicenetworkcards` VALUES ('305','311','1','0');
INSERT INTO `glpi_computers_devicenetworkcards` VALUES ('306','312','1','0');
INSERT INTO `glpi_computers_devicenetworkcards` VALUES ('307','313','1','0');
INSERT INTO `glpi_computers_devicenetworkcards` VALUES ('308','314','1','0');
INSERT INTO `glpi_computers_devicenetworkcards` VALUES ('309','315','1','0');
INSERT INTO `glpi_computers_devicenetworkcards` VALUES ('310','316','1','0');
INSERT INTO `glpi_computers_devicenetworkcards` VALUES ('311','317','1','0');
INSERT INTO `glpi_computers_devicenetworkcards` VALUES ('312','318','1','0');
INSERT INTO `glpi_computers_devicenetworkcards` VALUES ('313','319','1','0');
INSERT INTO `glpi_computers_devicenetworkcards` VALUES ('314','320','1','0');
INSERT INTO `glpi_computers_devicenetworkcards` VALUES ('315','321','1','0');
INSERT INTO `glpi_computers_devicenetworkcards` VALUES ('316','322','1','0');
INSERT INTO `glpi_computers_devicenetworkcards` VALUES ('317','323','1','0');
INSERT INTO `glpi_computers_devicenetworkcards` VALUES ('318','324','1','0');
INSERT INTO `glpi_computers_devicenetworkcards` VALUES ('319','325','1','0');
INSERT INTO `glpi_computers_devicenetworkcards` VALUES ('320','326','1','0');
INSERT INTO `glpi_computers_devicenetworkcards` VALUES ('321','328','1','0');
INSERT INTO `glpi_computers_devicenetworkcards` VALUES ('322','329','1','0');
INSERT INTO `glpi_computers_devicenetworkcards` VALUES ('323','330','1','0');
INSERT INTO `glpi_computers_devicenetworkcards` VALUES ('324','331','1','0');
INSERT INTO `glpi_computers_devicenetworkcards` VALUES ('325','332','1','0');
INSERT INTO `glpi_computers_devicenetworkcards` VALUES ('326','421','1','0');
INSERT INTO `glpi_computers_devicenetworkcards` VALUES ('327','422','1','0');
INSERT INTO `glpi_computers_devicenetworkcards` VALUES ('328','423','1','0');
INSERT INTO `glpi_computers_devicenetworkcards` VALUES ('329','424','1','0');
INSERT INTO `glpi_computers_devicenetworkcards` VALUES ('330','425','1','0');
INSERT INTO `glpi_computers_devicenetworkcards` VALUES ('331','426','1','0');
INSERT INTO `glpi_computers_devicenetworkcards` VALUES ('332','427','1','0');
INSERT INTO `glpi_computers_devicenetworkcards` VALUES ('333','428','1','0');
INSERT INTO `glpi_computers_devicenetworkcards` VALUES ('334','429','1','0');
INSERT INTO `glpi_computers_devicenetworkcards` VALUES ('335','430','1','0');
INSERT INTO `glpi_computers_devicenetworkcards` VALUES ('336','431','1','0');
INSERT INTO `glpi_computers_devicenetworkcards` VALUES ('337','432','1','0');
INSERT INTO `glpi_computers_devicenetworkcards` VALUES ('338','433','1','0');
INSERT INTO `glpi_computers_devicenetworkcards` VALUES ('339','434','1','0');
INSERT INTO `glpi_computers_devicenetworkcards` VALUES ('340','438','1','0');
INSERT INTO `glpi_computers_devicenetworkcards` VALUES ('341','439','1','0');
INSERT INTO `glpi_computers_devicenetworkcards` VALUES ('342','440','1','0');
INSERT INTO `glpi_computers_devicenetworkcards` VALUES ('343','441','1','0');
INSERT INTO `glpi_computers_devicenetworkcards` VALUES ('344','442','1','0');
INSERT INTO `glpi_computers_devicenetworkcards` VALUES ('345','443','1','0');
INSERT INTO `glpi_computers_devicenetworkcards` VALUES ('346','444','1','0');
INSERT INTO `glpi_computers_devicenetworkcards` VALUES ('347','445','1','0');
INSERT INTO `glpi_computers_devicenetworkcards` VALUES ('348','446','1','0');
INSERT INTO `glpi_computers_devicenetworkcards` VALUES ('349','447','1','0');
INSERT INTO `glpi_computers_devicenetworkcards` VALUES ('350','448','1','0');
INSERT INTO `glpi_computers_devicenetworkcards` VALUES ('351','449','1','0');
INSERT INTO `glpi_computers_devicenetworkcards` VALUES ('352','450','1','0');
INSERT INTO `glpi_computers_devicenetworkcards` VALUES ('353','451','1','0');
INSERT INTO `glpi_computers_devicenetworkcards` VALUES ('354','452','1','0');
INSERT INTO `glpi_computers_devicenetworkcards` VALUES ('355','453','1','0');
INSERT INTO `glpi_computers_devicenetworkcards` VALUES ('356','454','1','0');
INSERT INTO `glpi_computers_devicenetworkcards` VALUES ('357','455','1','0');
INSERT INTO `glpi_computers_devicenetworkcards` VALUES ('358','456','1','0');
INSERT INTO `glpi_computers_devicenetworkcards` VALUES ('359','457','1','0');
INSERT INTO `glpi_computers_devicenetworkcards` VALUES ('360','458','1','0');
INSERT INTO `glpi_computers_devicenetworkcards` VALUES ('361','459','1','0');
INSERT INTO `glpi_computers_devicenetworkcards` VALUES ('362','460','1','0');
INSERT INTO `glpi_computers_devicenetworkcards` VALUES ('363','461','1','0');
INSERT INTO `glpi_computers_devicenetworkcards` VALUES ('364','462','1','0');
INSERT INTO `glpi_computers_devicenetworkcards` VALUES ('365','463','1','0');
INSERT INTO `glpi_computers_devicenetworkcards` VALUES ('366','464','1','0');
INSERT INTO `glpi_computers_devicenetworkcards` VALUES ('367','465','1','0');
INSERT INTO `glpi_computers_devicenetworkcards` VALUES ('368','471','1','00-02-B3-E8-23-11');
INSERT INTO `glpi_computers_devicenetworkcards` VALUES ('369','472','1','00-02-B3-E8-23-58');
INSERT INTO `glpi_computers_devicenetworkcards` VALUES ('370','473','1','00-02-B3-E3-23-04');
INSERT INTO `glpi_computers_devicenetworkcards` VALUES ('371','474','1','0');
INSERT INTO `glpi_computers_devicenetworkcards` VALUES ('372','475','1','0');
INSERT INTO `glpi_computers_devicenetworkcards` VALUES ('373','476','1','0');
INSERT INTO `glpi_computers_devicenetworkcards` VALUES ('374','477','1','0');
INSERT INTO `glpi_computers_devicenetworkcards` VALUES ('375','478','1','0');
INSERT INTO `glpi_computers_devicenetworkcards` VALUES ('376','479','1','0');
INSERT INTO `glpi_computers_devicenetworkcards` VALUES ('377','480','1','0');
INSERT INTO `glpi_computers_devicenetworkcards` VALUES ('378','264','1','0');
INSERT INTO `glpi_computers_devicenetworkcards` VALUES ('386','538','1','0');
INSERT INTO `glpi_computers_devicenetworkcards` VALUES ('1005','539','1','0');
INSERT INTO `glpi_computers_devicenetworkcards` VALUES ('1011','540','1','0');
INSERT INTO `glpi_computers_devicenetworkcards` VALUES ('1016','541','1','0');
INSERT INTO `glpi_computers_devicenetworkcards` VALUES ('1021','542','1','0');
INSERT INTO `glpi_computers_devicenetworkcards` VALUES ('1026','543','1','0');
INSERT INTO `glpi_computers_devicenetworkcards` VALUES ('1031','544','1','0');
INSERT INTO `glpi_computers_devicenetworkcards` VALUES ('1036','545','1','0');
INSERT INTO `glpi_computers_devicenetworkcards` VALUES ('1041','546','1','0');
INSERT INTO `glpi_computers_devicenetworkcards` VALUES ('1046','547','1','0');
INSERT INTO `glpi_computers_devicenetworkcards` VALUES ('1051','548','1','0');
INSERT INTO `glpi_computers_devicenetworkcards` VALUES ('1231','591','1','0');
INSERT INTO `glpi_computers_devicenetworkcards` VALUES ('1320','594','1','0');
INSERT INTO `glpi_computers_devicenetworkcards` VALUES ('1437','597','1','0');
INSERT INTO `glpi_computers_devicenetworkcards` VALUES ('387','101','2','0');
INSERT INTO `glpi_computers_devicenetworkcards` VALUES ('388','102','2','0');
INSERT INTO `glpi_computers_devicenetworkcards` VALUES ('389','103','2','0');
INSERT INTO `glpi_computers_devicenetworkcards` VALUES ('390','104','2','0');
INSERT INTO `glpi_computers_devicenetworkcards` VALUES ('391','105','2','0');
INSERT INTO `glpi_computers_devicenetworkcards` VALUES ('392','106','2','0');
INSERT INTO `glpi_computers_devicenetworkcards` VALUES ('393','107','2','0');
INSERT INTO `glpi_computers_devicenetworkcards` VALUES ('394','108','2','0');
INSERT INTO `glpi_computers_devicenetworkcards` VALUES ('395','109','2','0');
INSERT INTO `glpi_computers_devicenetworkcards` VALUES ('396','110','2','0');
INSERT INTO `glpi_computers_devicenetworkcards` VALUES ('397','111','2','0');
INSERT INTO `glpi_computers_devicenetworkcards` VALUES ('398','112','2','0');
INSERT INTO `glpi_computers_devicenetworkcards` VALUES ('399','113','2','0');
INSERT INTO `glpi_computers_devicenetworkcards` VALUES ('400','114','2','0');
INSERT INTO `glpi_computers_devicenetworkcards` VALUES ('401','115','2','0');
INSERT INTO `glpi_computers_devicenetworkcards` VALUES ('402','116','2','0');
INSERT INTO `glpi_computers_devicenetworkcards` VALUES ('403','117','2','0');
INSERT INTO `glpi_computers_devicenetworkcards` VALUES ('404','118','2','0');
INSERT INTO `glpi_computers_devicenetworkcards` VALUES ('405','119','2','0');
INSERT INTO `glpi_computers_devicenetworkcards` VALUES ('406','120','2','0');
INSERT INTO `glpi_computers_devicenetworkcards` VALUES ('407','121','2','0');
INSERT INTO `glpi_computers_devicenetworkcards` VALUES ('1336','501','2','0');
INSERT INTO `glpi_computers_devicenetworkcards` VALUES ('1355','595','2','0');
INSERT INTO `glpi_computers_devicenetworkcards` VALUES ('1362','502','2','0');
INSERT INTO `glpi_computers_devicenetworkcards` VALUES ('1369','503','2','0');
INSERT INTO `glpi_computers_devicenetworkcards` VALUES ('1376','504','2','0');
INSERT INTO `glpi_computers_devicenetworkcards` VALUES ('1383','505','2','0');
INSERT INTO `glpi_computers_devicenetworkcards` VALUES ('1391','506','2','0');
INSERT INTO `glpi_computers_devicenetworkcards` VALUES ('1405','507','2','0');
INSERT INTO `glpi_computers_devicenetworkcards` VALUES ('1416','508','2','0');
INSERT INTO `glpi_computers_devicenetworkcards` VALUES ('1423','509','2','0');
INSERT INTO `glpi_computers_devicenetworkcards` VALUES ('1431','510','2','0');
INSERT INTO `glpi_computers_devicenetworkcards` VALUES ('4045','702','2','00:19:D1:EB:68:C6');
INSERT INTO `glpi_computers_devicenetworkcards` VALUES ('4063','703','2','00:19:D1:F5:10:E6');
INSERT INTO `glpi_computers_devicenetworkcards` VALUES ('4062','708','2','00:19:D1:F5:13:63');
INSERT INTO `glpi_computers_devicenetworkcards` VALUES ('4061','707','2','00:19:D1:F5:24:1D');
INSERT INTO `glpi_computers_devicenetworkcards` VALUES ('4069','701','2','00:19:D1:F5:22:F2');
INSERT INTO `glpi_computers_devicenetworkcards` VALUES ('4071','709','2','00:19:D1:F5:22:AC');
INSERT INTO `glpi_computers_devicenetworkcards` VALUES ('4073','710','2','00:19:D1:F5:23:08');
INSERT INTO `glpi_computers_devicenetworkcards` VALUES ('4075','711','2','00:19:D1:F5:15:D3');
INSERT INTO `glpi_computers_devicenetworkcards` VALUES ('410','61','4','0');
INSERT INTO `glpi_computers_devicenetworkcards` VALUES ('2714','987','6','0');
INSERT INTO `glpi_computers_devicenetworkcards` VALUES ('2735','988','6','0');
INSERT INTO `glpi_computers_devicenetworkcards` VALUES ('2744','989','6','0');
INSERT INTO `glpi_computers_devicenetworkcards` VALUES ('2753','990','6','0');
INSERT INTO `glpi_computers_devicenetworkcards` VALUES ('2762','991','6','0');
INSERT INTO `glpi_computers_devicenetworkcards` VALUES ('2771','992','6','0');
INSERT INTO `glpi_computers_devicenetworkcards` VALUES ('2780','993','6','0');
INSERT INTO `glpi_computers_devicenetworkcards` VALUES ('2789','994','6','0');
INSERT INTO `glpi_computers_devicenetworkcards` VALUES ('2798','995','6','0');
INSERT INTO `glpi_computers_devicenetworkcards` VALUES ('2807','996','6','0');
INSERT INTO `glpi_computers_devicenetworkcards` VALUES ('2825','998','6','0');
INSERT INTO `glpi_computers_devicenetworkcards` VALUES ('4112','1008','19','00:27:0E:2D:B3:5B');
INSERT INTO `glpi_computers_devicenetworkcards` VALUES ('2991','1017','6','00:27:0E:2D:B5:24');
INSERT INTO `glpi_computers_devicenetworkcards` VALUES ('2999','1018','6','00:27:0E:2D:91:0C');
INSERT INTO `glpi_computers_devicenetworkcards` VALUES ('3007','1019','6','00:27:0E:2D:B4:94');
INSERT INTO `glpi_computers_devicenetworkcards` VALUES ('3015','1020','6','00:27:0E:2D:B3:57');
INSERT INTO `glpi_computers_devicenetworkcards` VALUES ('3023','1021','6','00:27:0E:2D:B3:61');
INSERT INTO `glpi_computers_devicenetworkcards` VALUES ('3230','6115','6','0');
INSERT INTO `glpi_computers_devicenetworkcards` VALUES ('3239','6116','6','0');
INSERT INTO `glpi_computers_devicenetworkcards` VALUES ('3360','6133','6','0');
INSERT INTO `glpi_computers_devicenetworkcards` VALUES ('3369','6134','6','0');
INSERT INTO `glpi_computers_devicenetworkcards` VALUES ('412','60','7','0');
INSERT INTO `glpi_computers_devicenetworkcards` VALUES ('1059','537','7','0');
INSERT INTO `glpi_computers_devicenetworkcards` VALUES ('1064','554','7','0');
INSERT INTO `glpi_computers_devicenetworkcards` VALUES ('413','15','10','0');
INSERT INTO `glpi_computers_devicenetworkcards` VALUES ('414','16','10','0');
INSERT INTO `glpi_computers_devicenetworkcards` VALUES ('415','17','10','0');
INSERT INTO `glpi_computers_devicenetworkcards` VALUES ('416','18','10','0');
INSERT INTO `glpi_computers_devicenetworkcards` VALUES ('417','19','10','0');
INSERT INTO `glpi_computers_devicenetworkcards` VALUES ('418','20','10','0');
INSERT INTO `glpi_computers_devicenetworkcards` VALUES ('419','21','10','0');
INSERT INTO `glpi_computers_devicenetworkcards` VALUES ('420','22','10','0');
INSERT INTO `glpi_computers_devicenetworkcards` VALUES ('421','23','10','0');
INSERT INTO `glpi_computers_devicenetworkcards` VALUES ('422','24','10','0');
INSERT INTO `glpi_computers_devicenetworkcards` VALUES ('2056','733','11','0');
INSERT INTO `glpi_computers_devicenetworkcards` VALUES ('2057','722','11','0');
INSERT INTO `glpi_computers_devicenetworkcards` VALUES ('2059','650','11','0');
INSERT INTO `glpi_computers_devicenetworkcards` VALUES ('2060','453','11','0');
INSERT INTO `glpi_computers_devicenetworkcards` VALUES ('2077','750','12','0');
INSERT INTO `glpi_computers_devicenetworkcards` VALUES ('2067','748','12','0');
INSERT INTO `glpi_computers_devicenetworkcards` VALUES ('2070','749','13','00:15:00:28:73:8D');
INSERT INTO `glpi_computers_devicenetworkcards` VALUES ('2068','748','13','00:04:23:72:E0:14');
INSERT INTO `glpi_computers_devicenetworkcards` VALUES ('2078','750','14','00:C0:9F:5A:AE:79');
INSERT INTO `glpi_computers_devicenetworkcards` VALUES ('3959','985','15','00-30-1b-82-5a-cc');
INSERT INTO `glpi_computers_devicenetworkcards` VALUES ('3671','804','15','00:30:1B:46:E7:0D');
INSERT INTO `glpi_computers_devicenetworkcards` VALUES ('3679','805','15','00:30:1B:46:D1:CC');
INSERT INTO `glpi_computers_devicenetworkcards` VALUES ('3701','808','15','00:30:1B:46:F3:4C');
INSERT INTO `glpi_computers_devicenetworkcards` VALUES ('3720','811','15','00:30:1B:81:40:85');
INSERT INTO `glpi_computers_devicenetworkcards` VALUES ('3725','812','15','00:30:1B:81:38:BE');
INSERT INTO `glpi_computers_devicenetworkcards` VALUES ('3737','814','15','00:30:1B:81:3B:B1');
INSERT INTO `glpi_computers_devicenetworkcards` VALUES ('3752','817','15','00:30:1B:81:42:90');
INSERT INTO `glpi_computers_devicenetworkcards` VALUES ('3766','801','15','00:30:1B:46:F7:F4');
INSERT INTO `glpi_computers_devicenetworkcards` VALUES ('3768','842','15','00:30:1B:47:23:B7');
INSERT INTO `glpi_computers_devicenetworkcards` VALUES ('3750','816','15','00:30:1B:46:FC:AC');
INSERT INTO `glpi_computers_devicenetworkcards` VALUES ('3742','815','15','00:30:1B:46:F9:0A');
INSERT INTO `glpi_computers_devicenetworkcards` VALUES ('3732','813','15','00:30:1B:46:CF:44');
INSERT INTO `glpi_computers_devicenetworkcards` VALUES ('3714','810','15','00:30:1B:46:F8:5A');
INSERT INTO `glpi_computers_devicenetworkcards` VALUES ('3706','809','15','00:30:1B:46:E9:B2');
INSERT INTO `glpi_computers_devicenetworkcards` VALUES ('3696','807','15','00:30:1B:46:F8:6C');
INSERT INTO `glpi_computers_devicenetworkcards` VALUES ('3688','806','15','00:30:1B:46:FB:1B');
INSERT INTO `glpi_computers_devicenetworkcards` VALUES ('3666','803','15','00:30:1B:46:FA:6A');
INSERT INTO `glpi_computers_devicenetworkcards` VALUES ('3657','802','15','00:30:1B:46:FE:C9');
INSERT INTO `glpi_computers_devicenetworkcards` VALUES ('3964','6181','15','00-30-1b-82-5d-6f');
INSERT INTO `glpi_computers_devicenetworkcards` VALUES ('3972','6182','15','00-30-1b-82-5a-cc');
INSERT INTO `glpi_computers_devicenetworkcards` VALUES ('3977','934','15','00:30:1B:82:58:B6');
INSERT INTO `glpi_computers_devicenetworkcards` VALUES ('3978','941','15','00:30:1B:82:67:41');
INSERT INTO `glpi_computers_devicenetworkcards` VALUES ('3979','940','15','00:30:1B:82:58:48');
INSERT INTO `glpi_computers_devicenetworkcards` VALUES ('3980','939','15','00:30:1B:82:62:81');
INSERT INTO `glpi_computers_devicenetworkcards` VALUES ('3981','938','15','00:30:1B:81:D5:18');
INSERT INTO `glpi_computers_devicenetworkcards` VALUES ('3982','937','15','00:30:1B:48:07:C5');
INSERT INTO `glpi_computers_devicenetworkcards` VALUES ('3983','936','15','00:30:1B:81:D8:66');
INSERT INTO `glpi_computers_devicenetworkcards` VALUES ('3987','966','15','00:30:1B:81:DC:F8');
INSERT INTO `glpi_computers_devicenetworkcards` VALUES ('3989','965','15','00:30:1B:82:5F:6C');
INSERT INTO `glpi_computers_devicenetworkcards` VALUES ('3991','964','15','0');
INSERT INTO `glpi_computers_devicenetworkcards` VALUES ('3993','963','15','0');
INSERT INTO `glpi_computers_devicenetworkcards` VALUES ('3995','962','15','00:30:1B:82:58:AB');
INSERT INTO `glpi_computers_devicenetworkcards` VALUES ('3997','935','15','00:30:1B:82:49:33');
INSERT INTO `glpi_computers_devicenetworkcards` VALUES ('3999','961','15','00:30:1B:81:D5:0D');
INSERT INTO `glpi_computers_devicenetworkcards` VALUES ('4001','960','15','00:30:1B:48:07:C4');
INSERT INTO `glpi_computers_devicenetworkcards` VALUES ('4003','959','15','00:30:1B:82:5A:CC');
INSERT INTO `glpi_computers_devicenetworkcards` VALUES ('4005','958','15','00:30:1B:82:5D:6F');
INSERT INTO `glpi_computers_devicenetworkcards` VALUES ('4007','957','15','00:30:1B:81:D5:19');
INSERT INTO `glpi_computers_devicenetworkcards` VALUES ('4009','956','15','00:30:1B:82:5C:B6');
INSERT INTO `glpi_computers_devicenetworkcards` VALUES ('4011','955','15','00:30:1B:81:D8:70');
INSERT INTO `glpi_computers_devicenetworkcards` VALUES ('4013','954','15','00:30:1B:82:5C:10');
INSERT INTO `glpi_computers_devicenetworkcards` VALUES ('4015','953','15','00:30:1B:81:D9:4B');
INSERT INTO `glpi_computers_devicenetworkcards` VALUES ('4017','952','15','00:30:1B:82:5B:38');
INSERT INTO `glpi_computers_devicenetworkcards` VALUES ('4019','951','15','00:30:1B:48:0A:A3');
INSERT INTO `glpi_computers_devicenetworkcards` VALUES ('4021','950','15','00:30:1B:81:D6:16');
INSERT INTO `glpi_computers_devicenetworkcards` VALUES ('4023','949','15','00:30:1B:82:62:7E');
INSERT INTO `glpi_computers_devicenetworkcards` VALUES ('4025','948','15','00:30:1B:82:5D:1A');
INSERT INTO `glpi_computers_devicenetworkcards` VALUES ('4027','947','15','00:30:1B:82:5A:15');
INSERT INTO `glpi_computers_devicenetworkcards` VALUES ('4029','946','15','00:30:1B:82:59:36');
INSERT INTO `glpi_computers_devicenetworkcards` VALUES ('4031','945','15','00:30:1B:82:5C:13');
INSERT INTO `glpi_computers_devicenetworkcards` VALUES ('4033','944','15','00:30:1B:81:DD:00');
INSERT INTO `glpi_computers_devicenetworkcards` VALUES ('4035','943','15','00:30:1B:82:5E:9D');
INSERT INTO `glpi_computers_devicenetworkcards` VALUES ('4037','942','15','00:30:1B:82:5B:DD');
INSERT INTO `glpi_computers_devicenetworkcards` VALUES ('4039','967','15',' 00-30-1B-82-45-67');
INSERT INTO `glpi_computers_devicenetworkcards` VALUES ('4041','933','15','00:30:1B:82:59:55');
INSERT INTO `glpi_computers_devicenetworkcards` VALUES ('3690','1025','16','0');
INSERT INTO `glpi_computers_devicenetworkcards` VALUES ('3716','1029','16','0');
INSERT INTO `glpi_computers_devicenetworkcards` VALUES ('3833','1045','16','0');
INSERT INTO `glpi_computers_devicenetworkcards` VALUES ('3827','1044','16','0');
INSERT INTO `glpi_computers_devicenetworkcards` VALUES ('3809','1041','16','0');
INSERT INTO `glpi_computers_devicenetworkcards` VALUES ('3791','1038','16','0');
INSERT INTO `glpi_computers_devicenetworkcards` VALUES ('3785','1037','16','0');
INSERT INTO `glpi_computers_devicenetworkcards` VALUES ('3843','1022','16','0');
INSERT INTO `glpi_computers_devicenetworkcards` VALUES ('3673','1023','16','0');
INSERT INTO `glpi_computers_devicenetworkcards` VALUES ('3681','1024','16','0');
INSERT INTO `glpi_computers_devicenetworkcards` VALUES ('3839','1046','16','0');
INSERT INTO `glpi_computers_devicenetworkcards` VALUES ('3699','1027','16','0');
INSERT INTO `glpi_computers_devicenetworkcards` VALUES ('3709','1028','16','0');
INSERT INTO `glpi_computers_devicenetworkcards` VALUES ('3726','1030','16','0');
INSERT INTO `glpi_computers_devicenetworkcards` VALUES ('3734','1031','16','0');
INSERT INTO `glpi_computers_devicenetworkcards` VALUES ('3744','1032','16','0');
INSERT INTO `glpi_computers_devicenetworkcards` VALUES ('3754','1033','16','0');
INSERT INTO `glpi_computers_devicenetworkcards` VALUES ('3765','1034','16','0');
INSERT INTO `glpi_computers_devicenetworkcards` VALUES ('3760','1034','16','0');
INSERT INTO `glpi_computers_devicenetworkcards` VALUES ('3769','1035','16','0');
INSERT INTO `glpi_computers_devicenetworkcards` VALUES ('3775','1036','16','0');
INSERT INTO `glpi_computers_devicenetworkcards` VALUES ('3793','1039','16','0');
INSERT INTO `glpi_computers_devicenetworkcards` VALUES ('3799','1040','16','0');
INSERT INTO `glpi_computers_devicenetworkcards` VALUES ('3811','1042','16','0');
INSERT INTO `glpi_computers_devicenetworkcards` VALUES ('3818','1043','16','0');
INSERT INTO `glpi_computers_devicenetworkcards` VALUES ('3664','1026','16','0');
INSERT INTO `glpi_computers_devicenetworkcards` VALUES ('3868','6179','16','80-EE-73-05-E8-16');
INSERT INTO `glpi_computers_devicenetworkcards` VALUES ('3878','6180','16','80:EE:73:05:EA:7C');
INSERT INTO `glpi_computers_devicenetworkcards` VALUES ('4156','912','19','00:1C:C0:F0:BB:16');
INSERT INTO `glpi_computers_devicenetworkcards` VALUES ('4155','913','20','00-11-95-6E-C8-AF');
INSERT INTO `glpi_computers_devicenetworkcards` VALUES ('3887','908','17','00:1C:C0:F0:BB:11');
INSERT INTO `glpi_computers_devicenetworkcards` VALUES ('3892','909','17','00:1C:C0:F9:90:01');
INSERT INTO `glpi_computers_devicenetworkcards` VALUES ('3896','910','17','00:1C:C0:F9:8D:7B');
INSERT INTO `glpi_computers_devicenetworkcards` VALUES ('3900','911','17','00:1C:C0:F0:BB:12');
INSERT INTO `glpi_computers_devicenetworkcards` VALUES ('3905','916','17','00:1C:C0:F9:8C:DF');
INSERT INTO `glpi_computers_devicenetworkcards` VALUES ('3910','917','17','00:1C:C0:F7:2C:A5');
INSERT INTO `glpi_computers_devicenetworkcards` VALUES ('3915','920','17','00:1C:C0:F9:8F:F8');
INSERT INTO `glpi_computers_devicenetworkcards` VALUES ('3920','921','17','00:1C:C0:F9:8B:E5');
INSERT INTO `glpi_computers_devicenetworkcards` VALUES ('3925','922','17','00:1C:C0:F9:8C:70');
INSERT INTO `glpi_computers_devicenetworkcards` VALUES ('3929','927','17','00:1C:C0:F9:90:64');
INSERT INTO `glpi_computers_devicenetworkcards` VALUES ('3934','928','17','00:1C:C0:F9:8D:58');
INSERT INTO `glpi_computers_devicenetworkcards` VALUES ('3940','929','17','00:1C:C0:F9:8C:2B');
INSERT INTO `glpi_computers_devicenetworkcards` VALUES ('3946','930','17','00:1C:C0:F9:90:51');
INSERT INTO `glpi_computers_devicenetworkcards` VALUES ('3952','931','17','00:1C:C0:F0:BB:06');
INSERT INTO `glpi_computers_devicenetworkcards` VALUES ('3958','932','17','00:1C:C0:F7:2C:5B');
INSERT INTO `glpi_computers_devicenetworkcards` VALUES ('4044','830','19','00-1c-c0-20-14-51');
INSERT INTO `glpi_computers_devicenetworkcards` VALUES ('4052','704','19','00:19:D1:F5:15:E2');
INSERT INTO `glpi_computers_devicenetworkcards` VALUES ('4058','706','19','00:19:D1:F5:23:B0');
INSERT INTO `glpi_computers_devicenetworkcards` VALUES ('4076','722','2','00:19:D1:F5:15:EB');
INSERT INTO `glpi_computers_devicenetworkcards` VALUES ('4077','720','2','00:19:D1:F5:15:D2');
INSERT INTO `glpi_computers_devicenetworkcards` VALUES ('4078','719','2','00:19:D1:F5:24:09');
INSERT INTO `glpi_computers_devicenetworkcards` VALUES ('4079','712','2','00:19:D1:F5:24:89');
INSERT INTO `glpi_computers_devicenetworkcards` VALUES ('4080','713','2','00:19:D1:F5:24:8B');
INSERT INTO `glpi_computers_devicenetworkcards` VALUES ('4081','714','2','00:19:D1:EB:67:FB');
INSERT INTO `glpi_computers_devicenetworkcards` VALUES ('4082','715','2','00:19:D1:EB:68:57');
INSERT INTO `glpi_computers_devicenetworkcards` VALUES ('4083','716','2','00:19:D1:EB:66:60');
INSERT INTO `glpi_computers_devicenetworkcards` VALUES ('4084','717','2','00:19:D1:EB:68:CB');
INSERT INTO `glpi_computers_devicenetworkcards` VALUES ('4085','718','2','00:19:D1:EB:67:93');
INSERT INTO `glpi_computers_devicenetworkcards` VALUES ('4086','721','2','00:19:D1:F5:24:32');
INSERT INTO `glpi_computers_devicenetworkcards` VALUES ('4087','818','17','00-1c-c0-20-14-39');
INSERT INTO `glpi_computers_devicenetworkcards` VALUES ('4088','819','17','00-1C-C0-20-14-5F');
INSERT INTO `glpi_computers_devicenetworkcards` VALUES ('4089','820','17','00-1c-c0-20-15-7e');
INSERT INTO `glpi_computers_devicenetworkcards` VALUES ('4090','821','17','00-1c-c0-20-15-43');
INSERT INTO `glpi_computers_devicenetworkcards` VALUES ('4091','822','17','00-1c-c0-20-15-70');
INSERT INTO `glpi_computers_devicenetworkcards` VALUES ('4092','823','17','00-1c-c0-20-15-62');
INSERT INTO `glpi_computers_devicenetworkcards` VALUES ('4093','824','17','00-1c-c0-20-15-2d');
INSERT INTO `glpi_computers_devicenetworkcards` VALUES ('4094','825','17','00-1c-c0-20-15-4a');
INSERT INTO `glpi_computers_devicenetworkcards` VALUES ('4095','826','17',' 00-1c-c0-20-15-4d');
INSERT INTO `glpi_computers_devicenetworkcards` VALUES ('4096','827','17','00-1c-c0-20-15-6f');
INSERT INTO `glpi_computers_devicenetworkcards` VALUES ('4097','828','17','00-1c-c0-20-14-1a');
INSERT INTO `glpi_computers_devicenetworkcards` VALUES ('4098','829','17','00-1c-c0-20-14-fd');
INSERT INTO `glpi_computers_devicenetworkcards` VALUES ('4099','1001','19','00-27-0e-21-24-b4');
INSERT INTO `glpi_computers_devicenetworkcards` VALUES ('4100','1014','19','00:27:0E:2D:B3:60');
INSERT INTO `glpi_computers_devicenetworkcards` VALUES ('4101','1012','19','00:27:0E:2D:B4:E1');
INSERT INTO `glpi_computers_devicenetworkcards` VALUES ('4102','1011','19','00:27:0E:2D:92:D3');
INSERT INTO `glpi_computers_devicenetworkcards` VALUES ('4103','1010','19','00:27:0E:2D:B3:5D');
INSERT INTO `glpi_computers_devicenetworkcards` VALUES ('4104','1015','19','00-27-0E-2D-B3-62');
INSERT INTO `glpi_computers_devicenetworkcards` VALUES ('4105','1016','19','00-27-0e-2d-b5-26');
INSERT INTO `glpi_computers_devicenetworkcards` VALUES ('4106','1004','19','00:27:0E:2D:B5:15');
INSERT INTO `glpi_computers_devicenetworkcards` VALUES ('4107','1003','19','00:27:0E:2D:B5:27');
INSERT INTO `glpi_computers_devicenetworkcards` VALUES ('4108','1002','19','00:27:0E:2D:B3:4E');
INSERT INTO `glpi_computers_devicenetworkcards` VALUES ('4109','1005','19','00:27:0E:2D:B4:CF');
INSERT INTO `glpi_computers_devicenetworkcards` VALUES ('4110','1006','19','00:27:0E:2D:01:2B');
INSERT INTO `glpi_computers_devicenetworkcards` VALUES ('4111','1007','19','00:27:0E:2D:92:E0');
INSERT INTO `glpi_computers_devicenetworkcards` VALUES ('4113','1009','19','00:27:0E:2D:B2:EE');
INSERT INTO `glpi_computers_devicenetworkcards` VALUES ('4114','648','12','00:16:76:76:94:59');
INSERT INTO `glpi_computers_devicenetworkcards` VALUES ('4115','635','12','00:16:76:76:94:43');
INSERT INTO `glpi_computers_devicenetworkcards` VALUES ('4116','634','12','00:16:76:76:97:C7');
INSERT INTO `glpi_computers_devicenetworkcards` VALUES ('4117','914','17','');
INSERT INTO `glpi_computers_devicenetworkcards` VALUES ('4118','738','2','00:19:D1:A6:24:BE');
INSERT INTO `glpi_computers_devicenetworkcards` VALUES ('4119','739','2','00:02:B3:D2:99:CE');
INSERT INTO `glpi_computers_devicenetworkcards` VALUES ('4120','740','2','');
INSERT INTO `glpi_computers_devicenetworkcards` VALUES ('4123','742','2','00:02:B3:D2:8E:97');
INSERT INTO `glpi_computers_devicenetworkcards` VALUES ('4122','741','2','');
INSERT INTO `glpi_computers_devicenetworkcards` VALUES ('4124','743','2','00:19:D1:A6:24:8E');
INSERT INTO `glpi_computers_devicenetworkcards` VALUES ('4125','744','2','');
INSERT INTO `glpi_computers_devicenetworkcards` VALUES ('4126','745','2','00:19:D1:A6:24:F8');
INSERT INTO `glpi_computers_devicenetworkcards` VALUES ('4127','723','2','00:19:D1:A6:24:30  ');
INSERT INTO `glpi_computers_devicenetworkcards` VALUES ('4128','736','2','00:19:D1:A6:20:0B');
INSERT INTO `glpi_computers_devicenetworkcards` VALUES ('4129','735','2','00:19:D1:A6:24:61');
INSERT INTO `glpi_computers_devicenetworkcards` VALUES ('4130','734','2','');
INSERT INTO `glpi_computers_devicenetworkcards` VALUES ('4131','733','2','00:19:D1:A6:23:FF');
INSERT INTO `glpi_computers_devicenetworkcards` VALUES ('4132','732','2','');
INSERT INTO `glpi_computers_devicenetworkcards` VALUES ('4133','731','2','');
INSERT INTO `glpi_computers_devicenetworkcards` VALUES ('4134','730','2','');
INSERT INTO `glpi_computers_devicenetworkcards` VALUES ('4135','729','2','00:19:D1:A6:24:DB');
INSERT INTO `glpi_computers_devicenetworkcards` VALUES ('4136','728','2','00:19:D1:A1:8E:E0  ');
INSERT INTO `glpi_computers_devicenetworkcards` VALUES ('4137','727','2','00:19:D1:A6:24:88');
INSERT INTO `glpi_computers_devicenetworkcards` VALUES ('4138','726','2','00:19:D1:A6:24:BA');
INSERT INTO `glpi_computers_devicenetworkcards` VALUES ('4139','725','2','00:19:D1:A6:24:09');
INSERT INTO `glpi_computers_devicenetworkcards` VALUES ('4140','724','2','00:19:D1:A6:24:D4');
INSERT INTO `glpi_computers_devicenetworkcards` VALUES ('4141','647','12','00:16:76:76:94:47');
INSERT INTO `glpi_computers_devicenetworkcards` VALUES ('4142','646','12','00:16:76:76:94:2B');
INSERT INTO `glpi_computers_devicenetworkcards` VALUES ('4143','645','12','00:16:76:76:94:30');
INSERT INTO `glpi_computers_devicenetworkcards` VALUES ('4144','644','12','00:16:76:76:93:9E');
INSERT INTO `glpi_computers_devicenetworkcards` VALUES ('4145','643','2','00:16:76:76:94:C1');
INSERT INTO `glpi_computers_devicenetworkcards` VALUES ('4146','642','12','00:16:76:76:94:5E');
INSERT INTO `glpi_computers_devicenetworkcards` VALUES ('4148','641','12','00:16:76:76:97:F1');
INSERT INTO `glpi_computers_devicenetworkcards` VALUES ('4149','640','12','00:16:76:76:94:63');
INSERT INTO `glpi_computers_devicenetworkcards` VALUES ('4150','639','12','00:16:76:76:97:48');
INSERT INTO `glpi_computers_devicenetworkcards` VALUES ('4151','638','12','00:16:76:76:94:78');
INSERT INTO `glpi_computers_devicenetworkcards` VALUES ('4152','637','12','00:16:76:76:94:A8');
INSERT INTO `glpi_computers_devicenetworkcards` VALUES ('4153','636','12','00:16:76:76:93:FD');
INSERT INTO `glpi_computers_devicenetworkcards` VALUES ('4154','913','19','00-1C-C0-F9-8B-4E');
INSERT INTO `glpi_computers_devicenetworkcards` VALUES ('4157','901','21','00:24:81:9F:32:B8');
INSERT INTO `glpi_computers_devicenetworkcards` VALUES ('4158','1047','15','');

### Dump table glpi_computers_devicepcis

CREATE TABLE `glpi_computers_devicepcis` (
  `id` int(11) NOT NULL AUTO_INCREMENT,
  `computers_id` int(11) NOT NULL DEFAULT '0',
  `devicepcis_id` int(11) NOT NULL DEFAULT '0',
  PRIMARY KEY (`id`),
  KEY `computers_id` (`computers_id`),
  KEY `devicepcis_id` (`devicepcis_id`)
) ENGINE=MyISAM DEFAULT CHARSET=utf8 COLLATE=utf8_unicode_ci;


### Dump table glpi_computers_devicepowersupplies

CREATE TABLE `glpi_computers_devicepowersupplies` (
  `id` int(11) NOT NULL AUTO_INCREMENT,
  `computers_id` int(11) NOT NULL DEFAULT '0',
  `devicepowersupplies_id` int(11) NOT NULL DEFAULT '0',
  PRIMARY KEY (`id`),
  KEY `computers_id` (`computers_id`),
  KEY `devicepowersupplies_id` (`devicepowersupplies_id`)
) ENGINE=MyISAM DEFAULT CHARSET=utf8 COLLATE=utf8_unicode_ci;


### Dump table glpi_computers_deviceprocessors

CREATE TABLE `glpi_computers_deviceprocessors` (
  `id` int(11) NOT NULL AUTO_INCREMENT,
  `computers_id` int(11) NOT NULL DEFAULT '0',
  `deviceprocessors_id` int(11) NOT NULL DEFAULT '0',
  `specificity` int(11) NOT NULL,
  PRIMARY KEY (`id`),
  KEY `computers_id` (`computers_id`),
  KEY `deviceprocessors_id` (`deviceprocessors_id`),
  KEY `specificity` (`specificity`)
) ENGINE=MyISAM  DEFAULT CHARSET=utf8 COLLATE=utf8_unicode_ci;

INSERT INTO `glpi_computers_deviceprocessors` VALUES ('591','101','2','1000');
INSERT INTO `glpi_computers_deviceprocessors` VALUES ('592','102','2','1000');
INSERT INTO `glpi_computers_deviceprocessors` VALUES ('593','103','2','1000');
INSERT INTO `glpi_computers_deviceprocessors` VALUES ('594','104','2','1000');
INSERT INTO `glpi_computers_deviceprocessors` VALUES ('595','105','2','1000');
INSERT INTO `glpi_computers_deviceprocessors` VALUES ('596','106','2','1000');
INSERT INTO `glpi_computers_deviceprocessors` VALUES ('597','107','2','1000');
INSERT INTO `glpi_computers_deviceprocessors` VALUES ('598','108','2','1000');
INSERT INTO `glpi_computers_deviceprocessors` VALUES ('599','109','2','1000');
INSERT INTO `glpi_computers_deviceprocessors` VALUES ('600','110','2','1000');
INSERT INTO `glpi_computers_deviceprocessors` VALUES ('601','111','2','1000');
INSERT INTO `glpi_computers_deviceprocessors` VALUES ('602','112','2','1000');
INSERT INTO `glpi_computers_deviceprocessors` VALUES ('603','113','2','1000');
INSERT INTO `glpi_computers_deviceprocessors` VALUES ('604','114','2','1000');
INSERT INTO `glpi_computers_deviceprocessors` VALUES ('605','115','2','1000');
INSERT INTO `glpi_computers_deviceprocessors` VALUES ('606','116','2','1000');
INSERT INTO `glpi_computers_deviceprocessors` VALUES ('607','117','2','1000');
INSERT INTO `glpi_computers_deviceprocessors` VALUES ('608','118','2','1000');
INSERT INTO `glpi_computers_deviceprocessors` VALUES ('609','119','2','1000');
INSERT INTO `glpi_computers_deviceprocessors` VALUES ('610','120','2','1000');
INSERT INTO `glpi_computers_deviceprocessors` VALUES ('611','121','2','1000');
INSERT INTO `glpi_computers_deviceprocessors` VALUES ('614','15','11','0');
INSERT INTO `glpi_computers_deviceprocessors` VALUES ('615','16','11','0');
INSERT INTO `glpi_computers_deviceprocessors` VALUES ('616','17','11','0');
INSERT INTO `glpi_computers_deviceprocessors` VALUES ('617','18','11','0');
INSERT INTO `glpi_computers_deviceprocessors` VALUES ('618','19','11','0');
INSERT INTO `glpi_computers_deviceprocessors` VALUES ('619','20','11','0');
INSERT INTO `glpi_computers_deviceprocessors` VALUES ('620','21','11','0');
INSERT INTO `glpi_computers_deviceprocessors` VALUES ('621','22','11','0');
INSERT INTO `glpi_computers_deviceprocessors` VALUES ('622','23','11','0');
INSERT INTO `glpi_computers_deviceprocessors` VALUES ('623','24','11','0');
INSERT INTO `glpi_computers_deviceprocessors` VALUES ('624','246','11','0');
INSERT INTO `glpi_computers_deviceprocessors` VALUES ('625','247','11','0');
INSERT INTO `glpi_computers_deviceprocessors` VALUES ('626','248','11','0');
INSERT INTO `glpi_computers_deviceprocessors` VALUES ('627','249','11','0');
INSERT INTO `glpi_computers_deviceprocessors` VALUES ('628','250','11','0');
INSERT INTO `glpi_computers_deviceprocessors` VALUES ('629','251','11','0');
INSERT INTO `glpi_computers_deviceprocessors` VALUES ('630','252','11','0');
INSERT INTO `glpi_computers_deviceprocessors` VALUES ('631','253','11','0');
INSERT INTO `glpi_computers_deviceprocessors` VALUES ('632','254','11','0');
INSERT INTO `glpi_computers_deviceprocessors` VALUES ('633','255','11','0');
INSERT INTO `glpi_computers_deviceprocessors` VALUES ('634','256','11','0');
INSERT INTO `glpi_computers_deviceprocessors` VALUES ('635','257','11','0');
INSERT INTO `glpi_computers_deviceprocessors` VALUES ('636','258','11','0');
INSERT INTO `glpi_computers_deviceprocessors` VALUES ('637','259','11','0');
INSERT INTO `glpi_computers_deviceprocessors` VALUES ('638','262','11','0');
INSERT INTO `glpi_computers_deviceprocessors` VALUES ('639','263','11','0');
INSERT INTO `glpi_computers_deviceprocessors` VALUES ('640','264','11','0');
INSERT INTO `glpi_computers_deviceprocessors` VALUES ('1006','539','14','0');
INSERT INTO `glpi_computers_deviceprocessors` VALUES ('1008','540','14','0');
INSERT INTO `glpi_computers_deviceprocessors` VALUES ('1013','541','14','0');
INSERT INTO `glpi_computers_deviceprocessors` VALUES ('1018','542','14','0');
INSERT INTO `glpi_computers_deviceprocessors` VALUES ('1023','543','14','0');
INSERT INTO `glpi_computers_deviceprocessors` VALUES ('1028','544','14','0');
INSERT INTO `glpi_computers_deviceprocessors` VALUES ('1033','545','14','0');
INSERT INTO `glpi_computers_deviceprocessors` VALUES ('1038','546','14','0');
INSERT INTO `glpi_computers_deviceprocessors` VALUES ('1043','547','14','0');
INSERT INTO `glpi_computers_deviceprocessors` VALUES ('1048','548','14','0');
INSERT INTO `glpi_computers_deviceprocessors` VALUES ('1438','597','14','0');
INSERT INTO `glpi_computers_deviceprocessors` VALUES ('1300','245','16','0');
INSERT INTO `glpi_computers_deviceprocessors` VALUES ('1295','593','16','0');
INSERT INTO `glpi_computers_deviceprocessors` VALUES ('642','301','17','0');
INSERT INTO `glpi_computers_deviceprocessors` VALUES ('643','302','17','0');
INSERT INTO `glpi_computers_deviceprocessors` VALUES ('644','303','17','0');
INSERT INTO `glpi_computers_deviceprocessors` VALUES ('645','304','17','0');
INSERT INTO `glpi_computers_deviceprocessors` VALUES ('646','305','17','0');
INSERT INTO `glpi_computers_deviceprocessors` VALUES ('647','306','17','0');
INSERT INTO `glpi_computers_deviceprocessors` VALUES ('648','307','17','0');
INSERT INTO `glpi_computers_deviceprocessors` VALUES ('649','308','17','0');
INSERT INTO `glpi_computers_deviceprocessors` VALUES ('650','309','17','0');
INSERT INTO `glpi_computers_deviceprocessors` VALUES ('651','310','17','0');
INSERT INTO `glpi_computers_deviceprocessors` VALUES ('652','311','17','0');
INSERT INTO `glpi_computers_deviceprocessors` VALUES ('653','312','17','0');
INSERT INTO `glpi_computers_deviceprocessors` VALUES ('654','328','17','1730');
INSERT INTO `glpi_computers_deviceprocessors` VALUES ('655','329','17','1730');
INSERT INTO `glpi_computers_deviceprocessors` VALUES ('656','330','17','1730');
INSERT INTO `glpi_computers_deviceprocessors` VALUES ('657','331','17','1730');
INSERT INTO `glpi_computers_deviceprocessors` VALUES ('658','332','17','1730');
INSERT INTO `glpi_computers_deviceprocessors` VALUES ('661','60','18','400');
INSERT INTO `glpi_computers_deviceprocessors` VALUES ('662','61','18','400');
INSERT INTO `glpi_computers_deviceprocessors` VALUES ('663','537','18','400');
INSERT INTO `glpi_computers_deviceprocessors` VALUES ('1061','554','18','400');
INSERT INTO `glpi_computers_deviceprocessors` VALUES ('664','220','19','1200');
INSERT INTO `glpi_computers_deviceprocessors` VALUES ('665','221','19','1200');
INSERT INTO `glpi_computers_deviceprocessors` VALUES ('666','222','19','1200');
INSERT INTO `glpi_computers_deviceprocessors` VALUES ('667','223','19','1200');
INSERT INTO `glpi_computers_deviceprocessors` VALUES ('668','224','19','1200');
INSERT INTO `glpi_computers_deviceprocessors` VALUES ('669','225','19','1200');
INSERT INTO `glpi_computers_deviceprocessors` VALUES ('670','226','19','1200');
INSERT INTO `glpi_computers_deviceprocessors` VALUES ('671','227','19','1200');
INSERT INTO `glpi_computers_deviceprocessors` VALUES ('672','228','19','1200');
INSERT INTO `glpi_computers_deviceprocessors` VALUES ('673','229','19','1200');
INSERT INTO `glpi_computers_deviceprocessors` VALUES ('674','230','19','1200');
INSERT INTO `glpi_computers_deviceprocessors` VALUES ('675','231','19','1200');
INSERT INTO `glpi_computers_deviceprocessors` VALUES ('676','232','19','1200');
INSERT INTO `glpi_computers_deviceprocessors` VALUES ('677','233','19','1200');
INSERT INTO `glpi_computers_deviceprocessors` VALUES ('678','234','19','1200');
INSERT INTO `glpi_computers_deviceprocessors` VALUES ('679','235','19','1200');
INSERT INTO `glpi_computers_deviceprocessors` VALUES ('680','236','19','1200');
INSERT INTO `glpi_computers_deviceprocessors` VALUES ('681','237','19','1200');
INSERT INTO `glpi_computers_deviceprocessors` VALUES ('682','238','19','1200');
INSERT INTO `glpi_computers_deviceprocessors` VALUES ('683','239','19','1200');
INSERT INTO `glpi_computers_deviceprocessors` VALUES ('684','240','19','1200');
INSERT INTO `glpi_computers_deviceprocessors` VALUES ('685','241','19','1200');
INSERT INTO `glpi_computers_deviceprocessors` VALUES ('686','242','19','1200');
INSERT INTO `glpi_computers_deviceprocessors` VALUES ('687','243','19','1200');
INSERT INTO `glpi_computers_deviceprocessors` VALUES ('689','313','20','0');
INSERT INTO `glpi_computers_deviceprocessors` VALUES ('690','314','20','0');
INSERT INTO `glpi_computers_deviceprocessors` VALUES ('691','315','20','0');
INSERT INTO `glpi_computers_deviceprocessors` VALUES ('692','316','20','0');
INSERT INTO `glpi_computers_deviceprocessors` VALUES ('693','317','20','0');
INSERT INTO `glpi_computers_deviceprocessors` VALUES ('694','318','20','0');
INSERT INTO `glpi_computers_deviceprocessors` VALUES ('695','319','20','0');
INSERT INTO `glpi_computers_deviceprocessors` VALUES ('696','320','20','0');
INSERT INTO `glpi_computers_deviceprocessors` VALUES ('697','321','20','0');
INSERT INTO `glpi_computers_deviceprocessors` VALUES ('698','322','20','0');
INSERT INTO `glpi_computers_deviceprocessors` VALUES ('699','323','20','0');
INSERT INTO `glpi_computers_deviceprocessors` VALUES ('700','324','20','0');
INSERT INTO `glpi_computers_deviceprocessors` VALUES ('701','325','20','0');
INSERT INTO `glpi_computers_deviceprocessors` VALUES ('702','326','20','0');
INSERT INTO `glpi_computers_deviceprocessors` VALUES ('704','421','24','0');
INSERT INTO `glpi_computers_deviceprocessors` VALUES ('705','422','24','0');
INSERT INTO `glpi_computers_deviceprocessors` VALUES ('706','423','24','0');
INSERT INTO `glpi_computers_deviceprocessors` VALUES ('707','424','24','0');
INSERT INTO `glpi_computers_deviceprocessors` VALUES ('708','425','24','0');
INSERT INTO `glpi_computers_deviceprocessors` VALUES ('709','426','24','0');
INSERT INTO `glpi_computers_deviceprocessors` VALUES ('710','427','24','0');
INSERT INTO `glpi_computers_deviceprocessors` VALUES ('711','428','24','0');
INSERT INTO `glpi_computers_deviceprocessors` VALUES ('712','429','24','0');
INSERT INTO `glpi_computers_deviceprocessors` VALUES ('713','430','24','0');
INSERT INTO `glpi_computers_deviceprocessors` VALUES ('714','431','24','0');
INSERT INTO `glpi_computers_deviceprocessors` VALUES ('715','432','24','0');
INSERT INTO `glpi_computers_deviceprocessors` VALUES ('716','433','24','0');
INSERT INTO `glpi_computers_deviceprocessors` VALUES ('717','434','24','0');
INSERT INTO `glpi_computers_deviceprocessors` VALUES ('718','438','24','0');
INSERT INTO `glpi_computers_deviceprocessors` VALUES ('719','439','24','0');
INSERT INTO `glpi_computers_deviceprocessors` VALUES ('720','440','24','0');
INSERT INTO `glpi_computers_deviceprocessors` VALUES ('721','441','24','0');
INSERT INTO `glpi_computers_deviceprocessors` VALUES ('722','442','24','0');
INSERT INTO `glpi_computers_deviceprocessors` VALUES ('723','443','24','0');
INSERT INTO `glpi_computers_deviceprocessors` VALUES ('724','444','24','0');
INSERT INTO `glpi_computers_deviceprocessors` VALUES ('725','445','24','0');
INSERT INTO `glpi_computers_deviceprocessors` VALUES ('726','446','24','0');
INSERT INTO `glpi_computers_deviceprocessors` VALUES ('727','447','24','0');
INSERT INTO `glpi_computers_deviceprocessors` VALUES ('728','448','24','0');
INSERT INTO `glpi_computers_deviceprocessors` VALUES ('729','449','24','0');
INSERT INTO `glpi_computers_deviceprocessors` VALUES ('730','450','24','0');
INSERT INTO `glpi_computers_deviceprocessors` VALUES ('731','451','24','0');
INSERT INTO `glpi_computers_deviceprocessors` VALUES ('732','452','24','0');
INSERT INTO `glpi_computers_deviceprocessors` VALUES ('733','453','24','0');
INSERT INTO `glpi_computers_deviceprocessors` VALUES ('734','454','24','0');
INSERT INTO `glpi_computers_deviceprocessors` VALUES ('735','455','24','0');
INSERT INTO `glpi_computers_deviceprocessors` VALUES ('736','456','24','0');
INSERT INTO `glpi_computers_deviceprocessors` VALUES ('737','457','24','0');
INSERT INTO `glpi_computers_deviceprocessors` VALUES ('738','458','24','0');
INSERT INTO `glpi_computers_deviceprocessors` VALUES ('739','459','24','0');
INSERT INTO `glpi_computers_deviceprocessors` VALUES ('740','460','24','0');
INSERT INTO `glpi_computers_deviceprocessors` VALUES ('741','461','24','0');
INSERT INTO `glpi_computers_deviceprocessors` VALUES ('742','462','24','0');
INSERT INTO `glpi_computers_deviceprocessors` VALUES ('743','463','24','0');
INSERT INTO `glpi_computers_deviceprocessors` VALUES ('744','464','24','0');
INSERT INTO `glpi_computers_deviceprocessors` VALUES ('745','465','24','0');
INSERT INTO `glpi_computers_deviceprocessors` VALUES ('746','471','24','2600');
INSERT INTO `glpi_computers_deviceprocessors` VALUES ('747','472','24','2600');
INSERT INTO `glpi_computers_deviceprocessors` VALUES ('748','473','24','2600');
INSERT INTO `glpi_computers_deviceprocessors` VALUES ('749','474','24','2600');
INSERT INTO `glpi_computers_deviceprocessors` VALUES ('750','475','24','2600');
INSERT INTO `glpi_computers_deviceprocessors` VALUES ('751','476','24','2600');
INSERT INTO `glpi_computers_deviceprocessors` VALUES ('752','477','24','2600');
INSERT INTO `glpi_computers_deviceprocessors` VALUES ('753','478','24','2600');
INSERT INTO `glpi_computers_deviceprocessors` VALUES ('754','479','24','2600');
INSERT INTO `glpi_computers_deviceprocessors` VALUES ('755','480','24','2600');
INSERT INTO `glpi_computers_deviceprocessors` VALUES ('758','538','24','2600');
INSERT INTO `glpi_computers_deviceprocessors` VALUES ('1228','591','24','0');
INSERT INTO `glpi_computers_deviceprocessors` VALUES ('1266','535','25','0');
INSERT INTO `glpi_computers_deviceprocessors` VALUES ('1242','528','25','0');
INSERT INTO `glpi_computers_deviceprocessors` VALUES ('1255','531','25','0');
INSERT INTO `glpi_computers_deviceprocessors` VALUES ('1272','534','25','0');
INSERT INTO `glpi_computers_deviceprocessors` VALUES ('1285','592','25','0');
INSERT INTO `glpi_computers_deviceprocessors` VALUES ('1282','525','25','0');
INSERT INTO `glpi_computers_deviceprocessors` VALUES ('1251','530','25','0');
INSERT INTO `glpi_computers_deviceprocessors` VALUES ('1259','532','25','0');
INSERT INTO `glpi_computers_deviceprocessors` VALUES ('1263','533','25','0');
INSERT INTO `glpi_computers_deviceprocessors` VALUES ('1247','529','25','0');
INSERT INTO `glpi_computers_deviceprocessors` VALUES ('1056','550','25','0');
INSERT INTO `glpi_computers_deviceprocessors` VALUES ('1057','550','25','0');
INSERT INTO `glpi_computers_deviceprocessors` VALUES ('1067','551','25','0');
INSERT INTO `glpi_computers_deviceprocessors` VALUES ('1072','555','25','0');
INSERT INTO `glpi_computers_deviceprocessors` VALUES ('1076','556','25','0');
INSERT INTO `glpi_computers_deviceprocessors` VALUES ('1080','557','25','0');
INSERT INTO `glpi_computers_deviceprocessors` VALUES ('1084','558','25','0');
INSERT INTO `glpi_computers_deviceprocessors` VALUES ('1088','559','25','0');
INSERT INTO `glpi_computers_deviceprocessors` VALUES ('1092','560','25','0');
INSERT INTO `glpi_computers_deviceprocessors` VALUES ('1096','561','25','0');
INSERT INTO `glpi_computers_deviceprocessors` VALUES ('1344','536','25','0');
INSERT INTO `glpi_computers_deviceprocessors` VALUES ('1100','562','25','0');
INSERT INTO `glpi_computers_deviceprocessors` VALUES ('1104','563','25','0');
INSERT INTO `glpi_computers_deviceprocessors` VALUES ('1108','564','25','0');
INSERT INTO `glpi_computers_deviceprocessors` VALUES ('1340','501','25','0');
INSERT INTO `glpi_computers_deviceprocessors` VALUES ('1112','565','25','0');
INSERT INTO `glpi_computers_deviceprocessors` VALUES ('1116','566','25','0');
INSERT INTO `glpi_computers_deviceprocessors` VALUES ('1120','567','25','0');
INSERT INTO `glpi_computers_deviceprocessors` VALUES ('1124','568','25','0');
INSERT INTO `glpi_computers_deviceprocessors` VALUES ('1128','569','25','0');
INSERT INTO `glpi_computers_deviceprocessors` VALUES ('1132','570','25','0');
INSERT INTO `glpi_computers_deviceprocessors` VALUES ('1136','571','25','0');
INSERT INTO `glpi_computers_deviceprocessors` VALUES ('1140','572','25','0');
INSERT INTO `glpi_computers_deviceprocessors` VALUES ('1144','573','25','0');
INSERT INTO `glpi_computers_deviceprocessors` VALUES ('1148','574','25','0');
INSERT INTO `glpi_computers_deviceprocessors` VALUES ('1152','575','25','0');
INSERT INTO `glpi_computers_deviceprocessors` VALUES ('1156','576','25','0');
INSERT INTO `glpi_computers_deviceprocessors` VALUES ('1160','577','25','0');
INSERT INTO `glpi_computers_deviceprocessors` VALUES ('1164','578','25','0');
INSERT INTO `glpi_computers_deviceprocessors` VALUES ('1168','579','25','0');
INSERT INTO `glpi_computers_deviceprocessors` VALUES ('1169','579','25','0');
INSERT INTO `glpi_computers_deviceprocessors` VALUES ('1173','580','25','0');
INSERT INTO `glpi_computers_deviceprocessors` VALUES ('1174','580','25','0');
INSERT INTO `glpi_computers_deviceprocessors` VALUES ('1178','581','25','0');
INSERT INTO `glpi_computers_deviceprocessors` VALUES ('1179','581','25','0');
INSERT INTO `glpi_computers_deviceprocessors` VALUES ('1183','582','25','0');
INSERT INTO `glpi_computers_deviceprocessors` VALUES ('1184','582','25','0');
INSERT INTO `glpi_computers_deviceprocessors` VALUES ('1188','583','25','0');
INSERT INTO `glpi_computers_deviceprocessors` VALUES ('1189','583','25','0');
INSERT INTO `glpi_computers_deviceprocessors` VALUES ('1193','584','25','0');
INSERT INTO `glpi_computers_deviceprocessors` VALUES ('1194','584','25','0');
INSERT INTO `glpi_computers_deviceprocessors` VALUES ('1198','585','25','0');
INSERT INTO `glpi_computers_deviceprocessors` VALUES ('1199','585','25','0');
INSERT INTO `glpi_computers_deviceprocessors` VALUES ('1203','586','25','0');
INSERT INTO `glpi_computers_deviceprocessors` VALUES ('1204','586','25','0');
INSERT INTO `glpi_computers_deviceprocessors` VALUES ('1208','587','25','0');
INSERT INTO `glpi_computers_deviceprocessors` VALUES ('1209','587','25','0');
INSERT INTO `glpi_computers_deviceprocessors` VALUES ('1213','588','25','0');
INSERT INTO `glpi_computers_deviceprocessors` VALUES ('1214','588','25','0');
INSERT INTO `glpi_computers_deviceprocessors` VALUES ('1218','589','25','0');
INSERT INTO `glpi_computers_deviceprocessors` VALUES ('1219','589','25','0');
INSERT INTO `glpi_computers_deviceprocessors` VALUES ('1223','590','25','0');
INSERT INTO `glpi_computers_deviceprocessors` VALUES ('1224','590','25','0');
INSERT INTO `glpi_computers_deviceprocessors` VALUES ('1234','526','25','0');
INSERT INTO `glpi_computers_deviceprocessors` VALUES ('1239','527','25','0');
INSERT INTO `glpi_computers_deviceprocessors` VALUES ('1308','594','25','0');
INSERT INTO `glpi_computers_deviceprocessors` VALUES ('1356','595','25','0');
INSERT INTO `glpi_computers_deviceprocessors` VALUES ('1363','502','25','0');
INSERT INTO `glpi_computers_deviceprocessors` VALUES ('1370','503','25','0');
INSERT INTO `glpi_computers_deviceprocessors` VALUES ('1377','504','25','0');
INSERT INTO `glpi_computers_deviceprocessors` VALUES ('1384','505','25','0');
INSERT INTO `glpi_computers_deviceprocessors` VALUES ('1393','506','25','0');
INSERT INTO `glpi_computers_deviceprocessors` VALUES ('1406','507','25','0');
INSERT INTO `glpi_computers_deviceprocessors` VALUES ('1417','508','25','0');
INSERT INTO `glpi_computers_deviceprocessors` VALUES ('1424','509','25','0');
INSERT INTO `glpi_computers_deviceprocessors` VALUES ('1432','510','25','0');
INSERT INTO `glpi_computers_deviceprocessors` VALUES ('1471','599','25','0');
INSERT INTO `glpi_computers_deviceprocessors` VALUES ('1453','600','25','0');
INSERT INTO `glpi_computers_deviceprocessors` VALUES ('1458','601','25','0');
INSERT INTO `glpi_computers_deviceprocessors` VALUES ('1463','602','25','0');
INSERT INTO `glpi_computers_deviceprocessors` VALUES ('1479','600','25','0');
INSERT INTO `glpi_computers_deviceprocessors` VALUES ('1485','602','25','0');
INSERT INTO `glpi_computers_deviceprocessors` VALUES ('1491','603','25','0');
INSERT INTO `glpi_computers_deviceprocessors` VALUES ('1497','604','25','0');
INSERT INTO `glpi_computers_deviceprocessors` VALUES ('1503','605','25','0');
INSERT INTO `glpi_computers_deviceprocessors` VALUES ('1509','606','25','0');
INSERT INTO `glpi_computers_deviceprocessors` VALUES ('1515','607','25','0');
INSERT INTO `glpi_computers_deviceprocessors` VALUES ('1521','608','25','0');
INSERT INTO `glpi_computers_deviceprocessors` VALUES ('1527','609','25','0');
INSERT INTO `glpi_computers_deviceprocessors` VALUES ('1533','610','25','0');
INSERT INTO `glpi_computers_deviceprocessors` VALUES ('1539','611','25','0');
INSERT INTO `glpi_computers_deviceprocessors` VALUES ('1545','612','25','0');
INSERT INTO `glpi_computers_deviceprocessors` VALUES ('1551','613','25','0');
INSERT INTO `glpi_computers_deviceprocessors` VALUES ('1557','614','25','0');
INSERT INTO `glpi_computers_deviceprocessors` VALUES ('1563','615','25','0');
INSERT INTO `glpi_computers_deviceprocessors` VALUES ('1569','616','25','0');
INSERT INTO `glpi_computers_deviceprocessors` VALUES ('1575','617','25','0');
INSERT INTO `glpi_computers_deviceprocessors` VALUES ('1581','618','25','0');
INSERT INTO `glpi_computers_deviceprocessors` VALUES ('1587','619','25','0');
INSERT INTO `glpi_computers_deviceprocessors` VALUES ('1593','620','25','0');
INSERT INTO `glpi_computers_deviceprocessors` VALUES ('1599','621','25','0');
INSERT INTO `glpi_computers_deviceprocessors` VALUES ('1605','622','25','0');
INSERT INTO `glpi_computers_deviceprocessors` VALUES ('1611','623','25','0');
INSERT INTO `glpi_computers_deviceprocessors` VALUES ('1617','624','25','0');
INSERT INTO `glpi_computers_deviceprocessors` VALUES ('1623','625','25','0');
INSERT INTO `glpi_computers_deviceprocessors` VALUES ('1629','626','25','0');
INSERT INTO `glpi_computers_deviceprocessors` VALUES ('1635','627','25','0');
INSERT INTO `glpi_computers_deviceprocessors` VALUES ('1641','628','25','0');
INSERT INTO `glpi_computers_deviceprocessors` VALUES ('1647','629','25','0');
INSERT INTO `glpi_computers_deviceprocessors` VALUES ('1653','630','25','0');
INSERT INTO `glpi_computers_deviceprocessors` VALUES ('1659','631','25','0');
INSERT INTO `glpi_computers_deviceprocessors` VALUES ('1665','632','25','0');
INSERT INTO `glpi_computers_deviceprocessors` VALUES ('1671','633','25','0');
INSERT INTO `glpi_computers_deviceprocessors` VALUES ('1677','634','25','0');
INSERT INTO `glpi_computers_deviceprocessors` VALUES ('1684','635','25','0');
INSERT INTO `glpi_computers_deviceprocessors` VALUES ('1690','636','25','0');
INSERT INTO `glpi_computers_deviceprocessors` VALUES ('1696','637','25','0');
INSERT INTO `glpi_computers_deviceprocessors` VALUES ('1702','638','25','0');
INSERT INTO `glpi_computers_deviceprocessors` VALUES ('1708','639','25','0');
INSERT INTO `glpi_computers_deviceprocessors` VALUES ('1714','640','25','0');
INSERT INTO `glpi_computers_deviceprocessors` VALUES ('1720','641','25','0');
INSERT INTO `glpi_computers_deviceprocessors` VALUES ('1726','642','25','0');
INSERT INTO `glpi_computers_deviceprocessors` VALUES ('1732','643','25','0');
INSERT INTO `glpi_computers_deviceprocessors` VALUES ('1738','644','25','0');
INSERT INTO `glpi_computers_deviceprocessors` VALUES ('1744','645','25','0');
INSERT INTO `glpi_computers_deviceprocessors` VALUES ('1750','646','25','0');
INSERT INTO `glpi_computers_deviceprocessors` VALUES ('1756','647','25','0');
INSERT INTO `glpi_computers_deviceprocessors` VALUES ('1762','648','25','0');
INSERT INTO `glpi_computers_deviceprocessors` VALUES ('1768','649','25','0');
INSERT INTO `glpi_computers_deviceprocessors` VALUES ('1774','650','25','0');
INSERT INTO `glpi_computers_deviceprocessors` VALUES ('1780','651','25','0');
INSERT INTO `glpi_computers_deviceprocessors` VALUES ('1786','652','25','0');
INSERT INTO `glpi_computers_deviceprocessors` VALUES ('1682','598','26','0');
INSERT INTO `glpi_computers_deviceprocessors` VALUES ('1792','653','27','0');
INSERT INTO `glpi_computers_deviceprocessors` VALUES ('1797','654','27','0');
INSERT INTO `glpi_computers_deviceprocessors` VALUES ('1803','655','27','0');
INSERT INTO `glpi_computers_deviceprocessors` VALUES ('1808','702','27','0');
INSERT INTO `glpi_computers_deviceprocessors` VALUES ('1813','703','27','0');
INSERT INTO `glpi_computers_deviceprocessors` VALUES ('1818','704','27','0');
INSERT INTO `glpi_computers_deviceprocessors` VALUES ('1823','705','27','0');
INSERT INTO `glpi_computers_deviceprocessors` VALUES ('1828','706','27','0');
INSERT INTO `glpi_computers_deviceprocessors` VALUES ('1833','707','27','0');
INSERT INTO `glpi_computers_deviceprocessors` VALUES ('1838','708','27','0');
INSERT INTO `glpi_computers_deviceprocessors` VALUES ('1843','709','27','0');
INSERT INTO `glpi_computers_deviceprocessors` VALUES ('1848','710','27','0');
INSERT INTO `glpi_computers_deviceprocessors` VALUES ('1853','711','27','0');
INSERT INTO `glpi_computers_deviceprocessors` VALUES ('1858','712','27','0');
INSERT INTO `glpi_computers_deviceprocessors` VALUES ('1863','713','27','0');
INSERT INTO `glpi_computers_deviceprocessors` VALUES ('1868','714','27','0');
INSERT INTO `glpi_computers_deviceprocessors` VALUES ('1873','715','27','0');
INSERT INTO `glpi_computers_deviceprocessors` VALUES ('1878','716','27','0');
INSERT INTO `glpi_computers_deviceprocessors` VALUES ('1883','717','27','0');
INSERT INTO `glpi_computers_deviceprocessors` VALUES ('1888','718','27','0');
INSERT INTO `glpi_computers_deviceprocessors` VALUES ('1893','719','27','0');
INSERT INTO `glpi_computers_deviceprocessors` VALUES ('1898','720','27','0');
INSERT INTO `glpi_computers_deviceprocessors` VALUES ('1903','721','27','0');
INSERT INTO `glpi_computers_deviceprocessors` VALUES ('1908','722','27','0');
INSERT INTO `glpi_computers_deviceprocessors` VALUES ('1913','723','27','0');
INSERT INTO `glpi_computers_deviceprocessors` VALUES ('1919','724','27','0');
INSERT INTO `glpi_computers_deviceprocessors` VALUES ('1925','725','27','0');
INSERT INTO `glpi_computers_deviceprocessors` VALUES ('1931','726','27','0');
INSERT INTO `glpi_computers_deviceprocessors` VALUES ('1937','727','27','0');
INSERT INTO `glpi_computers_deviceprocessors` VALUES ('1943','728','27','0');
INSERT INTO `glpi_computers_deviceprocessors` VALUES ('1949','729','27','0');
INSERT INTO `glpi_computers_deviceprocessors` VALUES ('1955','730','27','0');
INSERT INTO `glpi_computers_deviceprocessors` VALUES ('1961','731','27','0');
INSERT INTO `glpi_computers_deviceprocessors` VALUES ('1967','732','27','0');
INSERT INTO `glpi_computers_deviceprocessors` VALUES ('1973','733','27','0');
INSERT INTO `glpi_computers_deviceprocessors` VALUES ('1979','734','27','0');
INSERT INTO `glpi_computers_deviceprocessors` VALUES ('1985','735','27','0');
INSERT INTO `glpi_computers_deviceprocessors` VALUES ('1991','736','27','0');
INSERT INTO `glpi_computers_deviceprocessors` VALUES ('1997','737','27','0');
INSERT INTO `glpi_computers_deviceprocessors` VALUES ('2003','738','27','0');
INSERT INTO `glpi_computers_deviceprocessors` VALUES ('2009','739','27','0');
INSERT INTO `glpi_computers_deviceprocessors` VALUES ('2015','740','27','0');
INSERT INTO `glpi_computers_deviceprocessors` VALUES ('2021','741','27','0');
INSERT INTO `glpi_computers_deviceprocessors` VALUES ('2027','742','27','0');
INSERT INTO `glpi_computers_deviceprocessors` VALUES ('2033','743','27','0');
INSERT INTO `glpi_computers_deviceprocessors` VALUES ('2039','744','27','0');
INSERT INTO `glpi_computers_deviceprocessors` VALUES ('2045','745','27','0');
INSERT INTO `glpi_computers_deviceprocessors` VALUES ('2051','746','27','0');
INSERT INTO `glpi_computers_deviceprocessors` VALUES ('2193','900','27','0');
INSERT INTO `glpi_computers_deviceprocessors` VALUES ('4065','701','27','0');
INSERT INTO `glpi_computers_deviceprocessors` VALUES ('2071','749','28','0');
INSERT INTO `glpi_computers_deviceprocessors` VALUES ('2063','748','28','0');
INSERT INTO `glpi_computers_deviceprocessors` VALUES ('2075','750','29','0');
INSERT INTO `glpi_computers_deviceprocessors` VALUES ('2087','802','30','2530');
INSERT INTO `glpi_computers_deviceprocessors` VALUES ('2083','751','30','2530');
INSERT INTO `glpi_computers_deviceprocessors` VALUES ('2189','800','30','2530');
INSERT INTO `glpi_computers_deviceprocessors` VALUES ('2091','803','30','2530');
INSERT INTO `glpi_computers_deviceprocessors` VALUES ('2096','804','30','2530');
INSERT INTO `glpi_computers_deviceprocessors` VALUES ('2101','805','30','2530');
INSERT INTO `glpi_computers_deviceprocessors` VALUES ('2106','806','30','2530');
INSERT INTO `glpi_computers_deviceprocessors` VALUES ('2111','807','30','2530');
INSERT INTO `glpi_computers_deviceprocessors` VALUES ('2116','808','30','2530');
INSERT INTO `glpi_computers_deviceprocessors` VALUES ('2121','809','30','2530');
INSERT INTO `glpi_computers_deviceprocessors` VALUES ('2126','810','30','2530');
INSERT INTO `glpi_computers_deviceprocessors` VALUES ('2131','811','30','2530');
INSERT INTO `glpi_computers_deviceprocessors` VALUES ('2136','812','30','2530');
INSERT INTO `glpi_computers_deviceprocessors` VALUES ('2141','813','30','2530');
INSERT INTO `glpi_computers_deviceprocessors` VALUES ('2146','814','30','2530');
INSERT INTO `glpi_computers_deviceprocessors` VALUES ('2151','815','30','2530');
INSERT INTO `glpi_computers_deviceprocessors` VALUES ('2156','816','30','2530');
INSERT INTO `glpi_computers_deviceprocessors` VALUES ('2161','817','30','2530');
INSERT INTO `glpi_computers_deviceprocessors` VALUES ('2617','818','30','2530');
INSERT INTO `glpi_computers_deviceprocessors` VALUES ('2496','819','30','2530');
INSERT INTO `glpi_computers_deviceprocessors` VALUES ('2526','820','30','2530');
INSERT INTO `glpi_computers_deviceprocessors` VALUES ('4068','901','35','3');
INSERT INTO `glpi_computers_deviceprocessors` VALUES ('2203','902','30','2530');
INSERT INTO `glpi_computers_deviceprocessors` VALUES ('2207','903','30','2530');
INSERT INTO `glpi_computers_deviceprocessors` VALUES ('2212','904','30','2530');
INSERT INTO `glpi_computers_deviceprocessors` VALUES ('2217','905','30','2530');
INSERT INTO `glpi_computers_deviceprocessors` VALUES ('2222','906','30','2530');
INSERT INTO `glpi_computers_deviceprocessors` VALUES ('2227','907','30','2530');
INSERT INTO `glpi_computers_deviceprocessors` VALUES ('4067','914','32','0');
INSERT INTO `glpi_computers_deviceprocessors` VALUES ('2263','915','30','2530');
INSERT INTO `glpi_computers_deviceprocessors` VALUES ('2275','918','30','2530');
INSERT INTO `glpi_computers_deviceprocessors` VALUES ('2279','919','30','2530');
INSERT INTO `glpi_computers_deviceprocessors` VALUES ('2295','923','30','2530');
INSERT INTO `glpi_computers_deviceprocessors` VALUES ('2299','924','30','2530');
INSERT INTO `glpi_computers_deviceprocessors` VALUES ('2303','925','30','2530');
INSERT INTO `glpi_computers_deviceprocessors` VALUES ('2307','926','30','2530');
INSERT INTO `glpi_computers_deviceprocessors` VALUES ('2326','933','30','2530');
INSERT INTO `glpi_computers_deviceprocessors` VALUES ('2331','934','30','2530');
INSERT INTO `glpi_computers_deviceprocessors` VALUES ('2336','935','30','2530');
INSERT INTO `glpi_computers_deviceprocessors` VALUES ('2341','936','30','2530');
INSERT INTO `glpi_computers_deviceprocessors` VALUES ('2346','937','30','2530');
INSERT INTO `glpi_computers_deviceprocessors` VALUES ('2351','938','30','2530');
INSERT INTO `glpi_computers_deviceprocessors` VALUES ('2673','976','30','2530');
INSERT INTO `glpi_computers_deviceprocessors` VALUES ('2356','939','30','2530');
INSERT INTO `glpi_computers_deviceprocessors` VALUES ('2361','940','30','2530');
INSERT INTO `glpi_computers_deviceprocessors` VALUES ('2366','941','30','2530');
INSERT INTO `glpi_computers_deviceprocessors` VALUES ('2371','942','30','2530');
INSERT INTO `glpi_computers_deviceprocessors` VALUES ('2376','943','30','2530');
INSERT INTO `glpi_computers_deviceprocessors` VALUES ('2381','944','30','2530');
INSERT INTO `glpi_computers_deviceprocessors` VALUES ('2386','945','30','2530');
INSERT INTO `glpi_computers_deviceprocessors` VALUES ('2391','946','30','2530');
INSERT INTO `glpi_computers_deviceprocessors` VALUES ('2668','975','30','2530');
INSERT INTO `glpi_computers_deviceprocessors` VALUES ('2396','947','30','2530');
INSERT INTO `glpi_computers_deviceprocessors` VALUES ('2401','948','30','2530');
INSERT INTO `glpi_computers_deviceprocessors` VALUES ('2406','949','30','2530');
INSERT INTO `glpi_computers_deviceprocessors` VALUES ('2411','950','30','2530');
INSERT INTO `glpi_computers_deviceprocessors` VALUES ('2416','951','30','2530');
INSERT INTO `glpi_computers_deviceprocessors` VALUES ('2421','952','30','2530');
INSERT INTO `glpi_computers_deviceprocessors` VALUES ('2426','953','30','2530');
INSERT INTO `glpi_computers_deviceprocessors` VALUES ('2431','954','30','2530');
INSERT INTO `glpi_computers_deviceprocessors` VALUES ('2663','974','30','2530');
INSERT INTO `glpi_computers_deviceprocessors` VALUES ('2436','955','30','2530');
INSERT INTO `glpi_computers_deviceprocessors` VALUES ('2441','956','30','2530');
INSERT INTO `glpi_computers_deviceprocessors` VALUES ('2446','957','30','2530');
INSERT INTO `glpi_computers_deviceprocessors` VALUES ('2451','958','30','2530');
INSERT INTO `glpi_computers_deviceprocessors` VALUES ('2456','959','30','2530');
INSERT INTO `glpi_computers_deviceprocessors` VALUES ('2461','960','30','2530');
INSERT INTO `glpi_computers_deviceprocessors` VALUES ('2466','961','30','2530');
INSERT INTO `glpi_computers_deviceprocessors` VALUES ('2471','962','30','2530');
INSERT INTO `glpi_computers_deviceprocessors` VALUES ('2658','973','30','2530');
INSERT INTO `glpi_computers_deviceprocessors` VALUES ('2476','963','30','2530');
INSERT INTO `glpi_computers_deviceprocessors` VALUES ('2481','964','30','2530');
INSERT INTO `glpi_computers_deviceprocessors` VALUES ('2486','965','30','2530');
INSERT INTO `glpi_computers_deviceprocessors` VALUES ('2693','837','30','2530');
INSERT INTO `glpi_computers_deviceprocessors` VALUES ('2698','838','30','2530');
INSERT INTO `glpi_computers_deviceprocessors` VALUES ('2703','839','30','2530');
INSERT INTO `glpi_computers_deviceprocessors` VALUES ('2708','840','30','2530');
INSERT INTO `glpi_computers_deviceprocessors` VALUES ('2653','972','30','2530');
INSERT INTO `glpi_computers_deviceprocessors` VALUES ('2678','841','30','2530');
INSERT INTO `glpi_computers_deviceprocessors` VALUES ('2531','821','30','2530');
INSERT INTO `glpi_computers_deviceprocessors` VALUES ('2536','822','30','2530');
INSERT INTO `glpi_computers_deviceprocessors` VALUES ('2541','823','30','2530');
INSERT INTO `glpi_computers_deviceprocessors` VALUES ('2546','824','30','2530');
INSERT INTO `glpi_computers_deviceprocessors` VALUES ('2551','825','30','2530');
INSERT INTO `glpi_computers_deviceprocessors` VALUES ('2556','826','30','2530');
INSERT INTO `glpi_computers_deviceprocessors` VALUES ('2688','836','30','2530');
INSERT INTO `glpi_computers_deviceprocessors` VALUES ('2648','971','30','2530');
INSERT INTO `glpi_computers_deviceprocessors` VALUES ('2683','835','30','2530');
INSERT INTO `glpi_computers_deviceprocessors` VALUES ('2572','834','30','2530');
INSERT INTO `glpi_computers_deviceprocessors` VALUES ('2577','833','30','2530');
INSERT INTO `glpi_computers_deviceprocessors` VALUES ('2582','832','30','2530');
INSERT INTO `glpi_computers_deviceprocessors` VALUES ('2587','831','30','2530');
INSERT INTO `glpi_computers_deviceprocessors` VALUES ('2592','830','30','2530');
INSERT INTO `glpi_computers_deviceprocessors` VALUES ('2597','829','30','2530');
INSERT INTO `glpi_computers_deviceprocessors` VALUES ('2602','828','30','2530');
INSERT INTO `glpi_computers_deviceprocessors` VALUES ('2643','970','30','2530');
INSERT INTO `glpi_computers_deviceprocessors` VALUES ('2607','827','30','2530');
INSERT INTO `glpi_computers_deviceprocessors` VALUES ('2612','967','30','2530');
INSERT INTO `glpi_computers_deviceprocessors` VALUES ('2622','801','30','2530');
INSERT INTO `glpi_computers_deviceprocessors` VALUES ('2627','968','30','2530');
INSERT INTO `glpi_computers_deviceprocessors` VALUES ('2632','842','30','2530');
INSERT INTO `glpi_computers_deviceprocessors` VALUES ('2637','969','30','2530');
INSERT INTO `glpi_computers_deviceprocessors` VALUES ('3984','966','30','2530');
INSERT INTO `glpi_computers_deviceprocessors` VALUES ('2723','985','31','0');
INSERT INTO `glpi_computers_deviceprocessors` VALUES ('2964','1014','31','0');
INSERT INTO `glpi_computers_deviceprocessors` VALUES ('2988','1017','31','0');
INSERT INTO `glpi_computers_deviceprocessors` VALUES ('2996','1018','31','0');
INSERT INTO `glpi_computers_deviceprocessors` VALUES ('3004','1019','31','0');
INSERT INTO `glpi_computers_deviceprocessors` VALUES ('3012','1020','31','0');
INSERT INTO `glpi_computers_deviceprocessors` VALUES ('3020','1021','31','0');
INSERT INTO `glpi_computers_deviceprocessors` VALUES ('3961','6181','31','0');
INSERT INTO `glpi_computers_deviceprocessors` VALUES ('3969','6182','31','0');
INSERT INTO `glpi_computers_deviceprocessors` VALUES ('3884','908','32','0');
INSERT INTO `glpi_computers_deviceprocessors` VALUES ('3889','909','32','0');
INSERT INTO `glpi_computers_deviceprocessors` VALUES ('3893','910','32','0');
INSERT INTO `glpi_computers_deviceprocessors` VALUES ('3846','912','32','0');
INSERT INTO `glpi_computers_deviceprocessors` VALUES ('3901','913','32','0');
INSERT INTO `glpi_computers_deviceprocessors` VALUES ('3912','920','32','0');
INSERT INTO `glpi_computers_deviceprocessors` VALUES ('3917','921','32','0');
INSERT INTO `glpi_computers_deviceprocessors` VALUES ('3922','922','32','0');
INSERT INTO `glpi_computers_deviceprocessors` VALUES ('3930','928','32','0');
INSERT INTO `glpi_computers_deviceprocessors` VALUES ('2713','987','32','0');
INSERT INTO `glpi_computers_deviceprocessors` VALUES ('2731','988','32','0');
INSERT INTO `glpi_computers_deviceprocessors` VALUES ('2740','989','32','0');
INSERT INTO `glpi_computers_deviceprocessors` VALUES ('2749','990','32','0');
INSERT INTO `glpi_computers_deviceprocessors` VALUES ('2758','991','32','0');
INSERT INTO `glpi_computers_deviceprocessors` VALUES ('2767','992','32','0');
INSERT INTO `glpi_computers_deviceprocessors` VALUES ('2776','993','32','0');
INSERT INTO `glpi_computers_deviceprocessors` VALUES ('2785','994','32','0');
INSERT INTO `glpi_computers_deviceprocessors` VALUES ('2794','995','32','0');
INSERT INTO `glpi_computers_deviceprocessors` VALUES ('2803','996','32','0');
INSERT INTO `glpi_computers_deviceprocessors` VALUES ('2821','998','32','0');
INSERT INTO `glpi_computers_deviceprocessors` VALUES ('4066','1001','34','3');
INSERT INTO `glpi_computers_deviceprocessors` VALUES ('2857','1002','32','0');
INSERT INTO `glpi_computers_deviceprocessors` VALUES ('2875','1004','32','0');
INSERT INTO `glpi_computers_deviceprocessors` VALUES ('2884','1005','32','0');
INSERT INTO `glpi_computers_deviceprocessors` VALUES ('2902','1007','32','0');
INSERT INTO `glpi_computers_deviceprocessors` VALUES ('2911','1008','32','0');
INSERT INTO `glpi_computers_deviceprocessors` VALUES ('2920','1009','32','0');
INSERT INTO `glpi_computers_deviceprocessors` VALUES ('2929','1010','32','0');
INSERT INTO `glpi_computers_deviceprocessors` VALUES ('2938','1011','32','0');
INSERT INTO `glpi_computers_deviceprocessors` VALUES ('2947','1012','32','0');
INSERT INTO `glpi_computers_deviceprocessors` VALUES ('3644','6175','32','0');
INSERT INTO `glpi_computers_deviceprocessors` VALUES ('3226','6115','32','0');
INSERT INTO `glpi_computers_deviceprocessors` VALUES ('3235','6116','32','0');
INSERT INTO `glpi_computers_deviceprocessors` VALUES ('3356','6133','32','0');
INSERT INTO `glpi_computers_deviceprocessors` VALUES ('3365','6134','32','0');
INSERT INTO `glpi_computers_deviceprocessors` VALUES ('3947','931','32','0');
INSERT INTO `glpi_computers_deviceprocessors` VALUES ('3649','6176','32','0');
INSERT INTO `glpi_computers_deviceprocessors` VALUES ('3848','6177','32','0');
INSERT INTO `glpi_computers_deviceprocessors` VALUES ('3853','6178','32','0');
INSERT INTO `glpi_computers_deviceprocessors` VALUES ('3860','6179','32','0');
INSERT INTO `glpi_computers_deviceprocessors` VALUES ('3870','6180','32','0');
INSERT INTO `glpi_computers_deviceprocessors` VALUES ('3898','911','32','0');
INSERT INTO `glpi_computers_deviceprocessors` VALUES ('3903','916','32','0');
INSERT INTO `glpi_computers_deviceprocessors` VALUES ('3908','917','32','0');
INSERT INTO `glpi_computers_deviceprocessors` VALUES ('3927','927','32','0');
INSERT INTO `glpi_computers_deviceprocessors` VALUES ('3935','929','32','0');
INSERT INTO `glpi_computers_deviceprocessors` VALUES ('3941','930','32','0');
INSERT INTO `glpi_computers_deviceprocessors` VALUES ('3955','932','32','0');
INSERT INTO `glpi_computers_deviceprocessors` VALUES ('3759','1034','34','0');
INSERT INTO `glpi_computers_deviceprocessors` VALUES ('3840','1022','34','0');
INSERT INTO `glpi_computers_deviceprocessors` VALUES ('3672','1023','34','0');
INSERT INTO `glpi_computers_deviceprocessors` VALUES ('3680','1024','34','0');
INSERT INTO `glpi_computers_deviceprocessors` VALUES ('3689','1025','34','0');
INSERT INTO `glpi_computers_deviceprocessors` VALUES ('3663','1026','34','0');
INSERT INTO `glpi_computers_deviceprocessors` VALUES ('3697','1027','34','0');
INSERT INTO `glpi_computers_deviceprocessors` VALUES ('3707','1028','34','0');
INSERT INTO `glpi_computers_deviceprocessors` VALUES ('3715','1029','34','0');
INSERT INTO `glpi_computers_deviceprocessors` VALUES ('3724','1030','34','0');
INSERT INTO `glpi_computers_deviceprocessors` VALUES ('3733','1031','34','0');
INSERT INTO `glpi_computers_deviceprocessors` VALUES ('3743','1032','34','0');
INSERT INTO `glpi_computers_deviceprocessors` VALUES ('3753','1033','34','0');
INSERT INTO `glpi_computers_deviceprocessors` VALUES ('3767','1035','34','0');
INSERT INTO `glpi_computers_deviceprocessors` VALUES ('3774','1036','34','0');
INSERT INTO `glpi_computers_deviceprocessors` VALUES ('3780','1037','34','0');
INSERT INTO `glpi_computers_deviceprocessors` VALUES ('3786','1038','34','0');
INSERT INTO `glpi_computers_deviceprocessors` VALUES ('3792','1039','34','0');
INSERT INTO `glpi_computers_deviceprocessors` VALUES ('3798','1040','34','0');
INSERT INTO `glpi_computers_deviceprocessors` VALUES ('3804','1041','34','0');
INSERT INTO `glpi_computers_deviceprocessors` VALUES ('3810','1042','34','0');
INSERT INTO `glpi_computers_deviceprocessors` VALUES ('3816','1043','34','0');
INSERT INTO `glpi_computers_deviceprocessors` VALUES ('3822','1044','34','0');
INSERT INTO `glpi_computers_deviceprocessors` VALUES ('3828','1045','34','0');
INSERT INTO `glpi_computers_deviceprocessors` VALUES ('3834','1046','34','0');
INSERT INTO `glpi_computers_deviceprocessors` VALUES ('4069','1047','30','2530');

### Dump table glpi_computers_devicesoundcards

CREATE TABLE `glpi_computers_devicesoundcards` (
  `id` int(11) NOT NULL AUTO_INCREMENT,
  `computers_id` int(11) NOT NULL DEFAULT '0',
  `devicesoundcards_id` int(11) NOT NULL DEFAULT '0',
  PRIMARY KEY (`id`),
  KEY `computers_id` (`computers_id`),
  KEY `devicesoundcards_id` (`devicesoundcards_id`)
) ENGINE=MyISAM  DEFAULT CHARSET=utf8 COLLATE=utf8_unicode_ci;

INSERT INTO `glpi_computers_devicesoundcards` VALUES ('1321','594','1');
INSERT INTO `glpi_computers_devicesoundcards` VALUES ('927','15','2');
INSERT INTO `glpi_computers_devicesoundcards` VALUES ('928','16','2');
INSERT INTO `glpi_computers_devicesoundcards` VALUES ('929','17','2');
INSERT INTO `glpi_computers_devicesoundcards` VALUES ('930','18','2');
INSERT INTO `glpi_computers_devicesoundcards` VALUES ('931','19','2');
INSERT INTO `glpi_computers_devicesoundcards` VALUES ('932','20','2');
INSERT INTO `glpi_computers_devicesoundcards` VALUES ('933','21','2');
INSERT INTO `glpi_computers_devicesoundcards` VALUES ('934','22','2');
INSERT INTO `glpi_computers_devicesoundcards` VALUES ('935','23','2');
INSERT INTO `glpi_computers_devicesoundcards` VALUES ('936','24','2');
INSERT INTO `glpi_computers_devicesoundcards` VALUES ('937','246','2');
INSERT INTO `glpi_computers_devicesoundcards` VALUES ('938','247','2');
INSERT INTO `glpi_computers_devicesoundcards` VALUES ('939','248','2');
INSERT INTO `glpi_computers_devicesoundcards` VALUES ('940','249','2');
INSERT INTO `glpi_computers_devicesoundcards` VALUES ('941','250','2');
INSERT INTO `glpi_computers_devicesoundcards` VALUES ('942','251','2');
INSERT INTO `glpi_computers_devicesoundcards` VALUES ('943','252','2');
INSERT INTO `glpi_computers_devicesoundcards` VALUES ('944','253','2');
INSERT INTO `glpi_computers_devicesoundcards` VALUES ('945','254','2');
INSERT INTO `glpi_computers_devicesoundcards` VALUES ('946','255','2');
INSERT INTO `glpi_computers_devicesoundcards` VALUES ('947','256','2');
INSERT INTO `glpi_computers_devicesoundcards` VALUES ('948','257','2');
INSERT INTO `glpi_computers_devicesoundcards` VALUES ('949','258','2');
INSERT INTO `glpi_computers_devicesoundcards` VALUES ('950','259','2');
INSERT INTO `glpi_computers_devicesoundcards` VALUES ('951','262','2');
INSERT INTO `glpi_computers_devicesoundcards` VALUES ('952','263','2');
INSERT INTO `glpi_computers_devicesoundcards` VALUES ('953','301','2');
INSERT INTO `glpi_computers_devicesoundcards` VALUES ('954','302','2');
INSERT INTO `glpi_computers_devicesoundcards` VALUES ('955','303','2');
INSERT INTO `glpi_computers_devicesoundcards` VALUES ('956','304','2');
INSERT INTO `glpi_computers_devicesoundcards` VALUES ('957','305','2');
INSERT INTO `glpi_computers_devicesoundcards` VALUES ('958','306','2');
INSERT INTO `glpi_computers_devicesoundcards` VALUES ('959','307','2');
INSERT INTO `glpi_computers_devicesoundcards` VALUES ('960','308','2');
INSERT INTO `glpi_computers_devicesoundcards` VALUES ('961','309','2');
INSERT INTO `glpi_computers_devicesoundcards` VALUES ('962','310','2');
INSERT INTO `glpi_computers_devicesoundcards` VALUES ('963','311','2');
INSERT INTO `glpi_computers_devicesoundcards` VALUES ('964','312','2');
INSERT INTO `glpi_computers_devicesoundcards` VALUES ('965','313','2');
INSERT INTO `glpi_computers_devicesoundcards` VALUES ('966','314','2');
INSERT INTO `glpi_computers_devicesoundcards` VALUES ('967','315','2');
INSERT INTO `glpi_computers_devicesoundcards` VALUES ('968','316','2');
INSERT INTO `glpi_computers_devicesoundcards` VALUES ('969','317','2');
INSERT INTO `glpi_computers_devicesoundcards` VALUES ('970','318','2');
INSERT INTO `glpi_computers_devicesoundcards` VALUES ('971','319','2');
INSERT INTO `glpi_computers_devicesoundcards` VALUES ('972','320','2');
INSERT INTO `glpi_computers_devicesoundcards` VALUES ('973','321','2');
INSERT INTO `glpi_computers_devicesoundcards` VALUES ('974','322','2');
INSERT INTO `glpi_computers_devicesoundcards` VALUES ('975','323','2');
INSERT INTO `glpi_computers_devicesoundcards` VALUES ('976','324','2');
INSERT INTO `glpi_computers_devicesoundcards` VALUES ('977','325','2');
INSERT INTO `glpi_computers_devicesoundcards` VALUES ('978','326','2');
INSERT INTO `glpi_computers_devicesoundcards` VALUES ('979','264','2');
INSERT INTO `glpi_computers_devicesoundcards` VALUES ('2720','987','2');
INSERT INTO `glpi_computers_devicesoundcards` VALUES ('2728','985','2');
INSERT INTO `glpi_computers_devicesoundcards` VALUES ('2737','988','2');
INSERT INTO `glpi_computers_devicesoundcards` VALUES ('2746','989','2');
INSERT INTO `glpi_computers_devicesoundcards` VALUES ('2755','990','2');
INSERT INTO `glpi_computers_devicesoundcards` VALUES ('2764','991','2');
INSERT INTO `glpi_computers_devicesoundcards` VALUES ('2773','992','2');
INSERT INTO `glpi_computers_devicesoundcards` VALUES ('2782','993','2');
INSERT INTO `glpi_computers_devicesoundcards` VALUES ('2791','994','2');
INSERT INTO `glpi_computers_devicesoundcards` VALUES ('2800','995','2');
INSERT INTO `glpi_computers_devicesoundcards` VALUES ('2809','996','2');
INSERT INTO `glpi_computers_devicesoundcards` VALUES ('2827','998','2');
INSERT INTO `glpi_computers_devicesoundcards` VALUES ('2993','1017','2');
INSERT INTO `glpi_computers_devicesoundcards` VALUES ('3001','1018','2');
INSERT INTO `glpi_computers_devicesoundcards` VALUES ('3009','1019','2');
INSERT INTO `glpi_computers_devicesoundcards` VALUES ('3017','1020','2');
INSERT INTO `glpi_computers_devicesoundcards` VALUES ('3025','1021','2');
INSERT INTO `glpi_computers_devicesoundcards` VALUES ('3232','6115','2');
INSERT INTO `glpi_computers_devicesoundcards` VALUES ('3241','6116','2');
INSERT INTO `glpi_computers_devicesoundcards` VALUES ('3362','6133','2');
INSERT INTO `glpi_computers_devicesoundcards` VALUES ('3371','6134','2');
INSERT INTO `glpi_computers_devicesoundcards` VALUES ('3866','6179','2');
INSERT INTO `glpi_computers_devicesoundcards` VALUES ('3876','6180','2');
INSERT INTO `glpi_computers_devicesoundcards` VALUES ('3966','6181','2');
INSERT INTO `glpi_computers_devicesoundcards` VALUES ('3974','6182','2');
INSERT INTO `glpi_computers_devicesoundcards` VALUES ('983','60','3');
INSERT INTO `glpi_computers_devicesoundcards` VALUES ('984','61','3');
INSERT INTO `glpi_computers_devicesoundcards` VALUES ('985','537','3');
INSERT INTO `glpi_computers_devicesoundcards` VALUES ('1066','554','3');
INSERT INTO `glpi_computers_devicesoundcards` VALUES ('986','328','5');
INSERT INTO `glpi_computers_devicesoundcards` VALUES ('987','329','5');
INSERT INTO `glpi_computers_devicesoundcards` VALUES ('988','330','5');
INSERT INTO `glpi_computers_devicesoundcards` VALUES ('989','331','5');
INSERT INTO `glpi_computers_devicesoundcards` VALUES ('990','332','5');
INSERT INTO `glpi_computers_devicesoundcards` VALUES ('993','472','6');
INSERT INTO `glpi_computers_devicesoundcards` VALUES ('994','473','6');
INSERT INTO `glpi_computers_devicesoundcards` VALUES ('995','474','6');
INSERT INTO `glpi_computers_devicesoundcards` VALUES ('996','475','6');
INSERT INTO `glpi_computers_devicesoundcards` VALUES ('997','476','6');
INSERT INTO `glpi_computers_devicesoundcards` VALUES ('998','477','6');
INSERT INTO `glpi_computers_devicesoundcards` VALUES ('999','478','6');
INSERT INTO `glpi_computers_devicesoundcards` VALUES ('1000','479','6');
INSERT INTO `glpi_computers_devicesoundcards` VALUES ('1001','480','6');
INSERT INTO `glpi_computers_devicesoundcards` VALUES ('1002','538','6');
INSERT INTO `glpi_computers_devicesoundcards` VALUES ('1328','471','6');

### Dump table glpi_computers_items

CREATE TABLE `glpi_computers_items` (
  `id` int(11) NOT NULL AUTO_INCREMENT,
  `items_id` int(11) NOT NULL DEFAULT '0' COMMENT 'RELATION to various table, according to itemtype (ID)',
  `computers_id` int(11) NOT NULL DEFAULT '0',
  `itemtype` varchar(100) COLLATE utf8_unicode_ci NOT NULL,
  `is_deleted` tinyint(1) NOT NULL DEFAULT '0',
  `is_dynamic` tinyint(1) NOT NULL DEFAULT '0',
  PRIMARY KEY (`id`),
  KEY `computers_id` (`computers_id`),
  KEY `item` (`itemtype`,`items_id`),
  KEY `is_deleted` (`is_deleted`),
  KEY `is_dynamic` (`is_dynamic`)
) ENGINE=MyISAM  DEFAULT CHARSET=utf8 COLLATE=utf8_unicode_ci;

INSERT INTO `glpi_computers_items` VALUES ('1','3','19','Monitor','0','0');

### Dump table glpi_computers_softwarelicenses

CREATE TABLE `glpi_computers_softwarelicenses` (
  `id` int(11) NOT NULL AUTO_INCREMENT,
  `computers_id` int(11) NOT NULL DEFAULT '0',
  `softwarelicenses_id` int(11) NOT NULL DEFAULT '0',
  `is_deleted` tinyint(1) NOT NULL DEFAULT '0',
  `is_dynamic` tinyint(1) NOT NULL DEFAULT '0',
  PRIMARY KEY (`id`),
  UNIQUE KEY `unicity` (`computers_id`,`softwarelicenses_id`),
  KEY `computers_id` (`computers_id`),
  KEY `softwarelicenses_id` (`softwarelicenses_id`),
  KEY `is_deleted` (`is_deleted`),
  KEY `is_dynamic` (`is_dynamic`)
) ENGINE=MyISAM DEFAULT CHARSET=utf8 COLLATE=utf8_unicode_ci;


### Dump table glpi_computers_softwareversions

CREATE TABLE `glpi_computers_softwareversions` (
  `id` int(11) NOT NULL AUTO_INCREMENT,
  `computers_id` int(11) NOT NULL DEFAULT '0',
  `softwareversions_id` int(11) NOT NULL DEFAULT '0',
  `is_deleted_computer` tinyint(1) NOT NULL DEFAULT '0',
  `is_template_computer` tinyint(1) NOT NULL DEFAULT '0',
  `entities_id` int(11) NOT NULL DEFAULT '0',
  `is_deleted` tinyint(1) NOT NULL DEFAULT '0',
  `is_dynamic` tinyint(1) NOT NULL DEFAULT '0',
  PRIMARY KEY (`id`),
  UNIQUE KEY `unicity` (`computers_id`,`softwareversions_id`),
  KEY `softwareversions_id` (`softwareversions_id`),
  KEY `computers_info` (`entities_id`,`is_template_computer`,`is_deleted_computer`),
  KEY `is_template` (`is_template_computer`),
  KEY `is_deleted` (`is_deleted_computer`),
  KEY `is_dynamic` (`is_dynamic`)
) ENGINE=MyISAM  DEFAULT CHARSET=utf8 COLLATE=utf8_unicode_ci;


### Dump table glpi_computertypes

CREATE TABLE `glpi_computertypes` (
  `id` int(11) NOT NULL AUTO_INCREMENT,
  `name` varchar(255) COLLATE utf8_unicode_ci DEFAULT NULL,
  `comment` text COLLATE utf8_unicode_ci,
  PRIMARY KEY (`id`),
  KEY `name` (`name`)
) ENGINE=MyISAM  DEFAULT CHARSET=utf8 COLLATE=utf8_unicode_ci;

INSERT INTO `glpi_computertypes` VALUES ('3','pcassemble',NULL);
INSERT INTO `glpi_computertypes` VALUES ('1','hub',NULL);
INSERT INTO `glpi_computertypes` VALUES ('2','imprimante',NULL);
INSERT INTO `glpi_computertypes` VALUES ('4','scanner',NULL);
INSERT INTO `glpi_computertypes` VALUES ('5','serveur',NULL);
INSERT INTO `glpi_computertypes` VALUES ('6','switch',NULL);
INSERT INTO `glpi_computertypes` VALUES ('7','shuttle',NULL);
INSERT INTO `glpi_computertypes` VALUES ('8','serveur_impression',NULL);
INSERT INTO `glpi_computertypes` VALUES ('9','Serveur',NULL);
INSERT INTO `glpi_computertypes` VALUES ('10','portable','');
INSERT INTO `glpi_computertypes` VALUES ('11','Tour HP','');
INSERT INTO `glpi_computertypes` VALUES ('12','ClientLéger','');
INSERT INTO `glpi_computertypes` VALUES ('13','tablette','');
INSERT INTO `glpi_computertypes` VALUES ('14','NUC','');
INSERT INTO `glpi_computertypes` VALUES ('15','Dell Optiplex 390','');
INSERT INTO `glpi_computertypes` VALUES ('16','Tour Lenovo','');
INSERT INTO `glpi_computertypes` VALUES ('17','Dell Optiplex 7010','');
INSERT INTO `glpi_computertypes` VALUES ('18','Tour Dell','');
INSERT INTO `glpi_computertypes` VALUES ('19','HP Compaq Elite 8300','');
INSERT INTO `glpi_computertypes` VALUES ('20','tout-en-1','');

### Dump table glpi_computervirtualmachines

CREATE TABLE `glpi_computervirtualmachines` (
  `id` int(11) NOT NULL AUTO_INCREMENT,
  `entities_id` int(11) NOT NULL DEFAULT '0',
  `computers_id` int(11) NOT NULL DEFAULT '0',
  `name` varchar(255) COLLATE utf8_unicode_ci NOT NULL DEFAULT '',
  `virtualmachinestates_id` int(11) NOT NULL DEFAULT '0',
  `virtualmachinesystems_id` int(11) NOT NULL DEFAULT '0',
  `virtualmachinetypes_id` int(11) NOT NULL DEFAULT '0',
  `uuid` varchar(255) COLLATE utf8_unicode_ci NOT NULL DEFAULT '',
  `vcpu` int(11) NOT NULL DEFAULT '0',
  `ram` varchar(255) COLLATE utf8_unicode_ci NOT NULL DEFAULT '',
  `is_deleted` tinyint(1) NOT NULL DEFAULT '0',
  `is_dynamic` tinyint(1) NOT NULL DEFAULT '0',
  `comment` text COLLATE utf8_unicode_ci,
  PRIMARY KEY (`id`),
  KEY `computers_id` (`computers_id`),
  KEY `entities_id` (`entities_id`),
  KEY `name` (`name`),
  KEY `virtualmachinestates_id` (`virtualmachinestates_id`),
  KEY `virtualmachinesystems_id` (`virtualmachinesystems_id`),
  KEY `vcpu` (`vcpu`),
  KEY `ram` (`ram`),
  KEY `is_deleted` (`is_deleted`),
  KEY `is_dynamic` (`is_dynamic`),
  KEY `uuid` (`uuid`)
) ENGINE=MyISAM DEFAULT CHARSET=utf8 COLLATE=utf8_unicode_ci;


### Dump table glpi_configs

CREATE TABLE `glpi_configs` (
  `id` int(11) NOT NULL AUTO_INCREMENT,
  `context` varchar(150) COLLATE utf8_unicode_ci DEFAULT NULL,
  `name` varchar(150) COLLATE utf8_unicode_ci DEFAULT NULL,
  `value` text COLLATE utf8_unicode_ci,
  PRIMARY KEY (`id`),
  UNIQUE KEY `unicity` (`context`,`name`)
) ENGINE=MyISAM  DEFAULT CHARSET=utf8 COLLATE=utf8_unicode_ci;

INSERT INTO `glpi_configs` VALUES ('1','core','version','0.90.3');
INSERT INTO `glpi_configs` VALUES ('2','core','show_jobs_at_login','1');
INSERT INTO `glpi_configs` VALUES ('3','core','cut','250');
INSERT INTO `glpi_configs` VALUES ('4','core','list_limit','5');
INSERT INTO `glpi_configs` VALUES ('5','core','list_limit_max','50');
INSERT INTO `glpi_configs` VALUES ('6','core','url_maxlength','30');
INSERT INTO `glpi_configs` VALUES ('7','core','event_loglevel','5');
INSERT INTO `glpi_configs` VALUES ('8','core','use_mailing','1');
INSERT INTO `glpi_configs` VALUES ('9','core','admin_email','admininfo@ndlaprovidence.org');
INSERT INTO `glpi_configs` VALUES ('10','core','admin_email_name','');
INSERT INTO `glpi_configs` VALUES ('11','core','admin_reply','admininfo@ndlaprovidence.org');
INSERT INTO `glpi_configs` VALUES ('12','core','admin_reply_name','');
INSERT INTO `glpi_configs` VALUES ('13','core','mailing_signature','B Bogaert
Jm.Debroise
Administrateur Réseau');
INSERT INTO `glpi_configs` VALUES ('14','core','use_anonymous_helpdesk','0');
INSERT INTO `glpi_configs` VALUES ('15','core','use_anonymous_followups','0');
INSERT INTO `glpi_configs` VALUES ('16','core','language','fr_FR');
INSERT INTO `glpi_configs` VALUES ('17','core','priority_1','#fff2f2');
INSERT INTO `glpi_configs` VALUES ('18','core','priority_2','#ffe0e0');
INSERT INTO `glpi_configs` VALUES ('19','core','priority_3','#ffcece');
INSERT INTO `glpi_configs` VALUES ('20','core','priority_4','#ffbfbf');
INSERT INTO `glpi_configs` VALUES ('21','core','priority_5','#ffadad');
INSERT INTO `glpi_configs` VALUES ('22','core','priority_6','#ff5555');
INSERT INTO `glpi_configs` VALUES ('23','core','date_tax','2005-01-30');
INSERT INTO `glpi_configs` VALUES ('24','core','cas_host','');
INSERT INTO `glpi_configs` VALUES ('25','core','cas_port','443');
INSERT INTO `glpi_configs` VALUES ('26','core','cas_uri','');
INSERT INTO `glpi_configs` VALUES ('27','core','cas_logout','');
INSERT INTO `glpi_configs` VALUES ('28','core','existing_auth_server_field_clean_domain','0');
INSERT INTO `glpi_configs` VALUES ('29','core','planning_begin','08:00:00');
INSERT INTO `glpi_configs` VALUES ('30','core','planning_end','20:00:00');
INSERT INTO `glpi_configs` VALUES ('31','core','use_public_faq','0');
INSERT INTO `glpi_configs` VALUES ('32','core','utf8_conv','1');
INSERT INTO `glpi_configs` VALUES ('33','core','url_base','http://www.ndlaprovidence.org/html/glpi903');
INSERT INTO `glpi_configs` VALUES ('34','core','show_link_in_mail','1');
INSERT INTO `glpi_configs` VALUES ('35','core','text_login','Merci de bien sélectionner le pc qui vous pose problème.

Éléments associés ...   Ordinateur    Puis rechercher votre poste');
INSERT INTO `glpi_configs` VALUES ('36','core','founded_new_version','9.2.1');
INSERT INTO `glpi_configs` VALUES ('37','core','dropdown_max','100');
INSERT INTO `glpi_configs` VALUES ('38','core','ajax_wildcard','*');
INSERT INTO `glpi_configs` VALUES ('151','core','use_rich_text','0');
INSERT INTO `glpi_configs` VALUES ('150','core','maintenance_text','');
INSERT INTO `glpi_configs` VALUES ('149','core','maintenance_mode','0');
INSERT INTO `glpi_configs` VALUES ('42','core','ajax_limit_count','50');
INSERT INTO `glpi_configs` VALUES ('43','core','use_ajax_autocompletion','0');
INSERT INTO `glpi_configs` VALUES ('44','core','is_users_auto_add','1');
INSERT INTO `glpi_configs` VALUES ('45','core','date_format','0');
INSERT INTO `glpi_configs` VALUES ('46','core','number_format','0');
INSERT INTO `glpi_configs` VALUES ('47','core','csv_delimiter',';');
INSERT INTO `glpi_configs` VALUES ('48','core','is_ids_visible','0');
INSERT INTO `glpi_configs` VALUES ('50','core','smtp_mode','3');
INSERT INTO `glpi_configs` VALUES ('51','core','smtp_host','mail.ndlaprovidence.org');
INSERT INTO `glpi_configs` VALUES ('52','core','smtp_port','587');
INSERT INTO `glpi_configs` VALUES ('53','core','smtp_username','debroise@ndlaprovidence.org');
INSERT INTO `glpi_configs` VALUES ('54','core','proxy_name','');
INSERT INTO `glpi_configs` VALUES ('55','core','proxy_port','8080');
INSERT INTO `glpi_configs` VALUES ('56','core','proxy_user','');
INSERT INTO `glpi_configs` VALUES ('57','core','add_followup_on_update_ticket','1');
INSERT INTO `glpi_configs` VALUES ('58','core','keep_tickets_on_delete','0');
INSERT INTO `glpi_configs` VALUES ('59','core','time_step','5');
INSERT INTO `glpi_configs` VALUES ('60','core','decimal_number','2');
INSERT INTO `glpi_configs` VALUES ('61','core','helpdesk_doc_url','');
INSERT INTO `glpi_configs` VALUES ('62','core','central_doc_url','');
INSERT INTO `glpi_configs` VALUES ('63','core','documentcategories_id_forticket','0');
INSERT INTO `glpi_configs` VALUES ('64','core','monitors_management_restrict','2');
INSERT INTO `glpi_configs` VALUES ('65','core','phones_management_restrict','2');
INSERT INTO `glpi_configs` VALUES ('66','core','peripherals_management_restrict','2');
INSERT INTO `glpi_configs` VALUES ('67','core','printers_management_restrict','2');
INSERT INTO `glpi_configs` VALUES ('68','core','use_log_in_files','0');
INSERT INTO `glpi_configs` VALUES ('69','core','time_offset','3600');
INSERT INTO `glpi_configs` VALUES ('70','core','is_contact_autoupdate','1');
INSERT INTO `glpi_configs` VALUES ('71','core','is_user_autoupdate','1');
INSERT INTO `glpi_configs` VALUES ('72','core','is_group_autoupdate','1');
INSERT INTO `glpi_configs` VALUES ('73','core','is_location_autoupdate','1');
INSERT INTO `glpi_configs` VALUES ('74','core','state_autoupdate_mode','0');
INSERT INTO `glpi_configs` VALUES ('75','core','is_contact_autoclean','0');
INSERT INTO `glpi_configs` VALUES ('76','core','is_user_autoclean','0');
INSERT INTO `glpi_configs` VALUES ('77','core','is_group_autoclean','0');
INSERT INTO `glpi_configs` VALUES ('78','core','is_location_autoclean','0');
INSERT INTO `glpi_configs` VALUES ('79','core','state_autoclean_mode','0');
INSERT INTO `glpi_configs` VALUES ('80','core','use_flat_dropdowntree','0');
INSERT INTO `glpi_configs` VALUES ('81','core','use_autoname_by_entity','1');
INSERT INTO `glpi_configs` VALUES ('148','core','keep_devices_when_purging_item','0');
INSERT INTO `glpi_configs` VALUES ('147','core','pdffont','helvetica');
INSERT INTO `glpi_configs` VALUES ('84','core','softwarecategories_id_ondelete','1');
INSERT INTO `glpi_configs` VALUES ('85','core','x509_email_field','');
INSERT INTO `glpi_configs` VALUES ('86','core','x509_cn_restrict','');
INSERT INTO `glpi_configs` VALUES ('87','core','x509_o_restrict','');
INSERT INTO `glpi_configs` VALUES ('88','core','x509_ou_restrict','');
INSERT INTO `glpi_configs` VALUES ('89','core','default_mailcollector_filesize_max','2097152');
INSERT INTO `glpi_configs` VALUES ('90','core','followup_private','0');
INSERT INTO `glpi_configs` VALUES ('91','core','task_private','0');
INSERT INTO `glpi_configs` VALUES ('92','core','default_software_helpdesk_visible','1');
INSERT INTO `glpi_configs` VALUES ('93','core','names_format','0');
INSERT INTO `glpi_configs` VALUES ('94','core','default_graphtype','svg');
INSERT INTO `glpi_configs` VALUES ('95','core','default_requesttypes_id','1');
INSERT INTO `glpi_configs` VALUES ('96','core','use_noright_users_add','1');
INSERT INTO `glpi_configs` VALUES ('97','core','cron_limit','5');
INSERT INTO `glpi_configs` VALUES ('98','core','priority_matrix','{\"1\":{\"1\":1,\"2\":1,\"3\":2,\"4\":2,\"5\":2},\"2\":{\"1\":1,\"2\":2,\"3\":2,\"4\":3,\"5\":3},\"3\":{\"1\":2,\"2\":2,\"3\":3,\"4\":4,\"5\":4},\"4\":{\"1\":2,\"2\":3,\"3\":4,\"4\":4,\"5\":5},\"5\":{\"1\":2,\"2\":3,\"3\":4,\"4\":5,\"5\":5}}');
INSERT INTO `glpi_configs` VALUES ('99','core','urgency_mask','62');
INSERT INTO `glpi_configs` VALUES ('100','core','impact_mask','62');
INSERT INTO `glpi_configs` VALUES ('101','core','user_deleted_ldap','1');
INSERT INTO `glpi_configs` VALUES ('102','core','auto_create_infocoms','0');
INSERT INTO `glpi_configs` VALUES ('103','core','use_slave_for_search','0');
INSERT INTO `glpi_configs` VALUES ('104','core','proxy_passwd','');
INSERT INTO `glpi_configs` VALUES ('105','core','smtp_passwd','xxxxxxxxxxxxxxxxx');
INSERT INTO `glpi_configs` VALUES ('106','core','transfers_id_auto','0');
INSERT INTO `glpi_configs` VALUES ('107','core','show_count_on_tabs','1');
INSERT INTO `glpi_configs` VALUES ('108','core','refresh_ticket_list','0');
INSERT INTO `glpi_configs` VALUES ('109','core','set_default_tech','1');
INSERT INTO `glpi_configs` VALUES ('110','core','allow_search_view','2');
INSERT INTO `glpi_configs` VALUES ('111','core','allow_search_all','1');
INSERT INTO `glpi_configs` VALUES ('112','core','allow_search_global','1');
INSERT INTO `glpi_configs` VALUES ('113','core','display_count_on_home','5');
INSERT INTO `glpi_configs` VALUES ('114','core','use_password_security','0');
INSERT INTO `glpi_configs` VALUES ('115','core','password_min_length','8');
INSERT INTO `glpi_configs` VALUES ('116','core','password_need_number','1');
INSERT INTO `glpi_configs` VALUES ('117','core','password_need_letter','1');
INSERT INTO `glpi_configs` VALUES ('118','core','password_need_caps','1');
INSERT INTO `glpi_configs` VALUES ('119','core','password_need_symbol','1');
INSERT INTO `glpi_configs` VALUES ('120','core','use_check_pref','0');
INSERT INTO `glpi_configs` VALUES ('121','core','notification_to_myself','0');
INSERT INTO `glpi_configs` VALUES ('122','core','duedateok_color','#06ff00');
INSERT INTO `glpi_configs` VALUES ('123','core','duedatewarning_color','#ffb800');
INSERT INTO `glpi_configs` VALUES ('124','core','duedatecritical_color','#ff0000');
INSERT INTO `glpi_configs` VALUES ('125','core','duedatewarning_less','20');
INSERT INTO `glpi_configs` VALUES ('126','core','duedatecritical_less','5');
INSERT INTO `glpi_configs` VALUES ('127','core','duedatewarning_unit','%');
INSERT INTO `glpi_configs` VALUES ('128','core','duedatecritical_unit','%');
INSERT INTO `glpi_configs` VALUES ('129','core','realname_ssofield','');
INSERT INTO `glpi_configs` VALUES ('130','core','firstname_ssofield','');
INSERT INTO `glpi_configs` VALUES ('131','core','email1_ssofield','');
INSERT INTO `glpi_configs` VALUES ('132','core','email2_ssofield','');
INSERT INTO `glpi_configs` VALUES ('133','core','email3_ssofield','');
INSERT INTO `glpi_configs` VALUES ('134','core','email4_ssofield','');
INSERT INTO `glpi_configs` VALUES ('135','core','phone_ssofield','');
INSERT INTO `glpi_configs` VALUES ('136','core','phone2_ssofield','');
INSERT INTO `glpi_configs` VALUES ('137','core','mobile_ssofield','');
INSERT INTO `glpi_configs` VALUES ('138','core','comment_ssofield','');
INSERT INTO `glpi_configs` VALUES ('139','core','title_ssofield','');
INSERT INTO `glpi_configs` VALUES ('140','core','category_ssofield','');
INSERT INTO `glpi_configs` VALUES ('141','core','language_ssofield','');
INSERT INTO `glpi_configs` VALUES ('142','core','entity_ssofield','');
INSERT INTO `glpi_configs` VALUES ('143','core','registration_number_ssofield','');
INSERT INTO `glpi_configs` VALUES ('144','core','ssovariables_id','0');
INSERT INTO `glpi_configs` VALUES ('145','core','translate_kb','0');
INSERT INTO `glpi_configs` VALUES ('146','core','translate_dropdowns','0');
INSERT INTO `glpi_configs` VALUES ('152','core','attach_ticket_documents_to_mail','0');
INSERT INTO `glpi_configs` VALUES ('153','core','backcreated','0');
INSERT INTO `glpi_configs` VALUES ('154','core','task_state','1');
INSERT INTO `glpi_configs` VALUES ('155','core','palette','auror');
INSERT INTO `glpi_configs` VALUES ('156','core','layout','lefttab');
INSERT INTO `glpi_configs` VALUES ('157','core','ticket_timeline','1');
INSERT INTO `glpi_configs` VALUES ('158','core','ticket_timeline_keep_replaced_tabs','0');

### Dump table glpi_consumableitems

CREATE TABLE `glpi_consumableitems` (
  `id` int(11) NOT NULL AUTO_INCREMENT,
  `entities_id` int(11) NOT NULL DEFAULT '0',
  `is_recursive` tinyint(1) NOT NULL DEFAULT '0',
  `name` varchar(255) COLLATE utf8_unicode_ci DEFAULT NULL,
  `ref` varchar(255) COLLATE utf8_unicode_ci DEFAULT NULL,
  `locations_id` int(11) NOT NULL DEFAULT '0',
  `consumableitemtypes_id` int(11) NOT NULL DEFAULT '0',
  `manufacturers_id` int(11) NOT NULL DEFAULT '0',
  `users_id_tech` int(11) NOT NULL DEFAULT '0',
  `groups_id_tech` int(11) NOT NULL DEFAULT '0',
  `is_deleted` tinyint(1) NOT NULL DEFAULT '0',
  `comment` text COLLATE utf8_unicode_ci,
  `alarm_threshold` int(11) NOT NULL DEFAULT '10',
  PRIMARY KEY (`id`),
  KEY `name` (`name`),
  KEY `entities_id` (`entities_id`),
  KEY `manufacturers_id` (`manufacturers_id`),
  KEY `locations_id` (`locations_id`),
  KEY `users_id_tech` (`users_id_tech`),
  KEY `consumableitemtypes_id` (`consumableitemtypes_id`),
  KEY `is_deleted` (`is_deleted`),
  KEY `alarm_threshold` (`alarm_threshold`),
  KEY `groups_id_tech` (`groups_id_tech`)
) ENGINE=MyISAM DEFAULT CHARSET=utf8 COLLATE=utf8_unicode_ci;


### Dump table glpi_consumableitemtypes

CREATE TABLE `glpi_consumableitemtypes` (
  `id` int(11) NOT NULL AUTO_INCREMENT,
  `name` varchar(255) COLLATE utf8_unicode_ci DEFAULT NULL,
  `comment` text COLLATE utf8_unicode_ci,
  PRIMARY KEY (`id`),
  KEY `name` (`name`)
) ENGINE=MyISAM DEFAULT CHARSET=utf8 COLLATE=utf8_unicode_ci;


### Dump table glpi_consumables

CREATE TABLE `glpi_consumables` (
  `id` int(11) NOT NULL AUTO_INCREMENT,
  `entities_id` int(11) NOT NULL DEFAULT '0',
  `consumableitems_id` int(11) NOT NULL DEFAULT '0',
  `date_in` date DEFAULT NULL,
  `date_out` date DEFAULT NULL,
  `itemtype` varchar(100) COLLATE utf8_unicode_ci DEFAULT NULL,
  `items_id` int(11) NOT NULL DEFAULT '0',
  PRIMARY KEY (`id`),
  KEY `date_in` (`date_in`),
  KEY `date_out` (`date_out`),
  KEY `consumableitems_id` (`consumableitems_id`),
  KEY `entities_id` (`entities_id`),
  KEY `item` (`itemtype`,`items_id`)
) ENGINE=MyISAM DEFAULT CHARSET=utf8 COLLATE=utf8_unicode_ci;


### Dump table glpi_contacts

CREATE TABLE `glpi_contacts` (
  `id` int(11) NOT NULL AUTO_INCREMENT,
  `entities_id` int(11) NOT NULL DEFAULT '0',
  `is_recursive` tinyint(1) NOT NULL DEFAULT '0',
  `name` varchar(255) COLLATE utf8_unicode_ci DEFAULT NULL,
  `firstname` varchar(255) COLLATE utf8_unicode_ci DEFAULT NULL,
  `phone` varchar(255) COLLATE utf8_unicode_ci DEFAULT NULL,
  `phone2` varchar(255) COLLATE utf8_unicode_ci DEFAULT NULL,
  `mobile` varchar(255) COLLATE utf8_unicode_ci DEFAULT NULL,
  `fax` varchar(255) COLLATE utf8_unicode_ci DEFAULT NULL,
  `email` varchar(255) COLLATE utf8_unicode_ci DEFAULT NULL,
  `contacttypes_id` int(11) NOT NULL DEFAULT '0',
  `comment` text COLLATE utf8_unicode_ci,
  `is_deleted` tinyint(1) NOT NULL DEFAULT '0',
  `usertitles_id` int(11) NOT NULL DEFAULT '0',
  `address` text COLLATE utf8_unicode_ci,
  `postcode` varchar(255) COLLATE utf8_unicode_ci DEFAULT NULL,
  `town` varchar(255) COLLATE utf8_unicode_ci DEFAULT NULL,
  `state` varchar(255) COLLATE utf8_unicode_ci DEFAULT NULL,
  `country` varchar(255) COLLATE utf8_unicode_ci DEFAULT NULL,
  PRIMARY KEY (`id`),
  KEY `name` (`name`),
  KEY `entities_id` (`entities_id`),
  KEY `contacttypes_id` (`contacttypes_id`),
  KEY `is_deleted` (`is_deleted`),
  KEY `usertitles_id` (`usertitles_id`)
) ENGINE=MyISAM DEFAULT CHARSET=utf8 COLLATE=utf8_unicode_ci;


### Dump table glpi_contacts_suppliers

CREATE TABLE `glpi_contacts_suppliers` (
  `id` int(11) NOT NULL AUTO_INCREMENT,
  `suppliers_id` int(11) NOT NULL DEFAULT '0',
  `contacts_id` int(11) NOT NULL DEFAULT '0',
  PRIMARY KEY (`id`),
  UNIQUE KEY `unicity` (`suppliers_id`,`contacts_id`),
  KEY `contacts_id` (`contacts_id`)
) ENGINE=MyISAM DEFAULT CHARSET=utf8 COLLATE=utf8_unicode_ci;


### Dump table glpi_contacttypes

CREATE TABLE `glpi_contacttypes` (
  `id` int(11) NOT NULL AUTO_INCREMENT,
  `name` varchar(255) COLLATE utf8_unicode_ci DEFAULT NULL,
  `comment` text COLLATE utf8_unicode_ci,
  PRIMARY KEY (`id`),
  KEY `name` (`name`)
) ENGINE=MyISAM  DEFAULT CHARSET=utf8 COLLATE=utf8_unicode_ci;

INSERT INTO `glpi_contacttypes` VALUES ('1','Technicien',NULL);
INSERT INTO `glpi_contacttypes` VALUES ('2','Commercial',NULL);

### Dump table glpi_contractcosts

CREATE TABLE `glpi_contractcosts` (
  `id` int(11) NOT NULL AUTO_INCREMENT,
  `contracts_id` int(11) NOT NULL DEFAULT '0',
  `name` varchar(255) COLLATE utf8_unicode_ci DEFAULT NULL,
  `comment` text COLLATE utf8_unicode_ci,
  `begin_date` date DEFAULT NULL,
  `end_date` date DEFAULT NULL,
  `cost` decimal(20,4) NOT NULL DEFAULT '0.0000',
  `budgets_id` int(11) NOT NULL DEFAULT '0',
  `entities_id` int(11) NOT NULL DEFAULT '0',
  `is_recursive` tinyint(1) NOT NULL DEFAULT '0',
  PRIMARY KEY (`id`),
  KEY `name` (`name`),
  KEY `contracts_id` (`contracts_id`),
  KEY `begin_date` (`begin_date`),
  KEY `end_date` (`end_date`),
  KEY `entities_id` (`entities_id`),
  KEY `is_recursive` (`is_recursive`),
  KEY `budgets_id` (`budgets_id`)
) ENGINE=MyISAM DEFAULT CHARSET=utf8 COLLATE=utf8_unicode_ci;


### Dump table glpi_contracts

CREATE TABLE `glpi_contracts` (
  `id` int(11) NOT NULL AUTO_INCREMENT,
  `entities_id` int(11) NOT NULL DEFAULT '0',
  `is_recursive` tinyint(1) NOT NULL DEFAULT '0',
  `name` varchar(255) COLLATE utf8_unicode_ci DEFAULT NULL,
  `num` varchar(255) COLLATE utf8_unicode_ci DEFAULT NULL,
  `contracttypes_id` int(11) NOT NULL DEFAULT '0',
  `begin_date` date DEFAULT NULL,
  `duration` int(11) NOT NULL DEFAULT '0',
  `notice` int(11) NOT NULL DEFAULT '0',
  `periodicity` int(11) NOT NULL DEFAULT '0',
  `billing` int(11) NOT NULL DEFAULT '0',
  `comment` text COLLATE utf8_unicode_ci,
  `accounting_number` varchar(255) COLLATE utf8_unicode_ci DEFAULT NULL,
  `is_deleted` tinyint(1) NOT NULL DEFAULT '0',
  `week_begin_hour` time NOT NULL DEFAULT '00:00:00',
  `week_end_hour` time NOT NULL DEFAULT '00:00:00',
  `saturday_begin_hour` time NOT NULL DEFAULT '00:00:00',
  `saturday_end_hour` time NOT NULL DEFAULT '00:00:00',
  `use_saturday` tinyint(1) NOT NULL DEFAULT '0',
  `monday_begin_hour` time NOT NULL DEFAULT '00:00:00',
  `monday_end_hour` time NOT NULL DEFAULT '00:00:00',
  `use_monday` tinyint(1) NOT NULL DEFAULT '0',
  `max_links_allowed` int(11) NOT NULL DEFAULT '0',
  `alert` int(11) NOT NULL DEFAULT '0',
  `renewal` int(11) NOT NULL DEFAULT '0',
  `template_name` varchar(255) COLLATE utf8_unicode_ci DEFAULT NULL,
  `is_template` tinyint(1) NOT NULL DEFAULT '0',
  PRIMARY KEY (`id`),
  KEY `begin_date` (`begin_date`),
  KEY `name` (`name`),
  KEY `contracttypes_id` (`contracttypes_id`),
  KEY `entities_id` (`entities_id`),
  KEY `is_deleted` (`is_deleted`),
  KEY `use_monday` (`use_monday`),
  KEY `use_saturday` (`use_saturday`),
  KEY `alert` (`alert`)
) ENGINE=MyISAM DEFAULT CHARSET=utf8 COLLATE=utf8_unicode_ci;


### Dump table glpi_contracts_items

CREATE TABLE `glpi_contracts_items` (
  `id` int(11) NOT NULL AUTO_INCREMENT,
  `contracts_id` int(11) NOT NULL DEFAULT '0',
  `items_id` int(11) NOT NULL DEFAULT '0',
  `itemtype` varchar(100) COLLATE utf8_unicode_ci NOT NULL,
  PRIMARY KEY (`id`),
  UNIQUE KEY `unicity` (`contracts_id`,`itemtype`,`items_id`),
  KEY `FK_device` (`items_id`,`itemtype`),
  KEY `item` (`itemtype`,`items_id`)
) ENGINE=MyISAM DEFAULT CHARSET=utf8 COLLATE=utf8_unicode_ci;


### Dump table glpi_contracts_suppliers

CREATE TABLE `glpi_contracts_suppliers` (
  `id` int(11) NOT NULL AUTO_INCREMENT,
  `suppliers_id` int(11) NOT NULL DEFAULT '0',
  `contracts_id` int(11) NOT NULL DEFAULT '0',
  PRIMARY KEY (`id`),
  UNIQUE KEY `unicity` (`suppliers_id`,`contracts_id`),
  KEY `contracts_id` (`contracts_id`)
) ENGINE=MyISAM DEFAULT CHARSET=utf8 COLLATE=utf8_unicode_ci;


### Dump table glpi_contracttypes

CREATE TABLE `glpi_contracttypes` (
  `id` int(11) NOT NULL AUTO_INCREMENT,
  `name` varchar(255) COLLATE utf8_unicode_ci DEFAULT NULL,
  `comment` text COLLATE utf8_unicode_ci,
  PRIMARY KEY (`id`),
  KEY `name` (`name`)
) ENGINE=MyISAM  DEFAULT CHARSET=utf8 COLLATE=utf8_unicode_ci;

INSERT INTO `glpi_contracttypes` VALUES ('1','Pr&#234;t',NULL);
INSERT INTO `glpi_contracttypes` VALUES ('2','Location',NULL);
INSERT INTO `glpi_contracttypes` VALUES ('3','Leasing',NULL);
INSERT INTO `glpi_contracttypes` VALUES ('4','Assurances',NULL);
INSERT INTO `glpi_contracttypes` VALUES ('5','Maintenance Hardware',NULL);
INSERT INTO `glpi_contracttypes` VALUES ('6','Maintenance Software',NULL);
INSERT INTO `glpi_contracttypes` VALUES ('7','Prestation',NULL);

### Dump table glpi_crontasklogs

CREATE TABLE `glpi_crontasklogs` (
  `id` int(11) NOT NULL AUTO_INCREMENT,
  `crontasks_id` int(11) NOT NULL,
  `crontasklogs_id` int(11) NOT NULL COMMENT 'id of ''start'' event',
  `date` datetime NOT NULL,
  `state` int(11) NOT NULL COMMENT '0:start, 1:run, 2:stop',
  `elapsed` float NOT NULL COMMENT 'time elapsed since start',
  `volume` int(11) NOT NULL COMMENT 'for statistics',
  `content` varchar(255) COLLATE utf8_unicode_ci DEFAULT NULL COMMENT 'message',
  PRIMARY KEY (`id`),
  KEY `date` (`date`),
  KEY `crontasks_id` (`crontasks_id`),
  KEY `crontasklogs_id_state` (`crontasklogs_id`,`state`)
) ENGINE=MyISAM  DEFAULT CHARSET=utf8 COLLATE=utf8_unicode_ci;

INSERT INTO `glpi_crontasklogs` VALUES ('39261','15','0','2023-02-06 08:32:48','0','0','0','Run mode: GLPI');
INSERT INTO `glpi_crontasklogs` VALUES ('39260','16','39259','2023-02-06 08:26:01','2','0.00321603','0','Action completed, no processing required');
INSERT INTO `glpi_crontasklogs` VALUES ('39259','16','0','2023-02-06 08:26:01','0','0','0','Run mode: GLPI');
INSERT INTO `glpi_crontasklogs` VALUES ('39257','18','0','2023-02-06 08:24:18','0','0','0','Run mode: GLPI');
INSERT INTO `glpi_crontasklogs` VALUES ('39258','18','39257','2023-02-06 08:24:18','2','0.00507593','0','Action completed, no processing required');
INSERT INTO `glpi_crontasklogs` VALUES ('39256','20','39255','2023-02-06 08:23:53','2','0.00275207','0','Action completed, no processing required');
INSERT INTO `glpi_crontasklogs` VALUES ('39312','22','0','2023-02-27 16:58:40','0','0','0','Run mode: GLPI');
INSERT INTO `glpi_crontasklogs` VALUES ('39313','22','39312','2023-02-27 16:58:40','2','0.00359607','0','Action completed, no processing required');
INSERT INTO `glpi_crontasklogs` VALUES ('39311','6','39310','2023-02-27 16:18:19','2','0.0029881','0','Action completed, no processing required');
INSERT INTO `glpi_crontasklogs` VALUES ('39262','15','39261','2023-02-06 08:32:48','2','0.00303602','0','Action completed, no processing required');
INSERT INTO `glpi_crontasklogs` VALUES ('39255','20','0','2023-02-06 08:23:53','0','0','0','Run mode: GLPI');
INSERT INTO `glpi_crontasklogs` VALUES ('39254','7','39253','2023-02-06 08:23:43','2','0.0119181','17','Action completed, fully processed');
INSERT INTO `glpi_crontasklogs` VALUES ('39310','6','0','2023-02-27 16:18:19','0','0','0','Run mode: GLPI');
INSERT INTO `glpi_crontasklogs` VALUES ('39309','25','39308','2023-02-27 12:58:39','2','0.0028038','0','Action completed, no processing required');
INSERT INTO `glpi_crontasklogs` VALUES ('39308','25','0','2023-02-27 12:58:39','0','0','0','Run mode: GLPI');
INSERT INTO `glpi_crontasklogs` VALUES ('39307','19','39306','2023-02-27 12:58:23','2','0.002882','0','Action completed, fully processed');
INSERT INTO `glpi_crontasklogs` VALUES ('39327','8','0','2023-02-28 11:00:29','0','0','0','Run mode: GLPI');
INSERT INTO `glpi_crontasklogs` VALUES ('39326','13','39325','2023-02-28 10:53:13','2','0.00235915','0','Action completed, no processing required');
INSERT INTO `glpi_crontasklogs` VALUES ('39306','19','0','2023-02-27 12:58:23','0','0','0','Run mode: GLPI');
INSERT INTO `glpi_crontasklogs` VALUES ('39305','18','39304','2023-02-27 11:29:12','2','0.00375199','0','Action completed, no processing required');
INSERT INTO `glpi_crontasklogs` VALUES ('39325','13','0','2023-02-28 10:53:13','0','0','0','Run mode: GLPI');
INSERT INTO `glpi_crontasklogs` VALUES ('39324','24','39323','2023-02-28 10:47:10','2','0.00251794','0','Action completed, no processing required');
INSERT INTO `glpi_crontasklogs` VALUES ('39304','18','0','2023-02-27 11:29:12','0','0','0','Run mode: GLPI');
INSERT INTO `glpi_crontasklogs` VALUES ('39303','7','39302','2023-02-27 11:24:13','2','0.031436','617','Action completed, fully processed');
INSERT INTO `glpi_crontasklogs` VALUES ('39323','24','0','2023-02-28 10:47:10','0','0','0','Run mode: GLPI');
INSERT INTO `glpi_crontasklogs` VALUES ('39322','9','39321','2023-02-28 10:37:41','2','0.00419402','0','Action completed, no processing required');
INSERT INTO `glpi_crontasklogs` VALUES ('39321','9','0','2023-02-28 10:37:41','0','0','0','Run mode: GLPI');
INSERT INTO `glpi_crontasklogs` VALUES ('39319','23','0','2023-02-28 10:29:03','0','0','0','Run mode: GLPI');
INSERT INTO `glpi_crontasklogs` VALUES ('39320','23','39319','2023-02-28 10:29:03','2','0.00453806','38','Action completed, fully processed');
INSERT INTO `glpi_crontasklogs` VALUES ('39318','12','39316','2023-02-28 10:14:42','2','0.00409913','22','Action completed, fully processed');
INSERT INTO `glpi_crontasklogs` VALUES ('39314','21','0','2023-02-28 09:27:14','0','0','0','Run mode: GLPI');
INSERT INTO `glpi_crontasklogs` VALUES ('39315','21','39314','2023-02-28 09:27:14','2','0.0131581','0','Action completed, no processing required');
INSERT INTO `glpi_crontasklogs` VALUES ('39316','12','0','2023-02-28 10:14:42','0','0','0','Run mode: GLPI');
INSERT INTO `glpi_crontasklogs` VALUES ('39317','12','39316','2023-02-28 10:14:42','1','0.00325894','22','Nettoyer 22 fichiers de session créés depuis plus de 1440 secondes
');
INSERT INTO `glpi_crontasklogs` VALUES ('39466','19','0','2023-03-03 12:20:07','0','0','0','Run mode: GLPI');
INSERT INTO `glpi_crontasklogs` VALUES ('39465','18','39464','2023-03-03 12:19:34','2','0.00436592','0','Action completed, no processing required');
INSERT INTO `glpi_crontasklogs` VALUES ('39475','6','39474','2023-03-03 16:08:59','2','0.00292706','0','Action completed, no processing required');
INSERT INTO `glpi_crontasklogs` VALUES ('39464','18','0','2023-03-03 12:19:34','0','0','0','Run mode: GLPI');
INSERT INTO `glpi_crontasklogs` VALUES ('39463','7','39462','2023-03-03 12:19:27','2','0.0130842','58','Action completed, fully processed');
INSERT INTO `glpi_crontasklogs` VALUES ('39472','21','0','2023-03-03 16:02:52','0','0','0','Run mode: GLPI');
INSERT INTO `glpi_crontasklogs` VALUES ('39471','25','39470','2023-03-03 14:29:51','2','0.00288606','0','Action completed, no processing required');
INSERT INTO `glpi_crontasklogs` VALUES ('39488','12','0','2023-03-06 09:34:17','0','0','0','Run mode: GLPI');
INSERT INTO `glpi_crontasklogs` VALUES ('39489','12','39488','2023-03-06 09:34:17','1','0.00351','32','Nettoyer 32 fichiers de session créés depuis plus de 1440 secondes
');
INSERT INTO `glpi_crontasklogs` VALUES ('39470','25','0','2023-03-03 14:29:51','0','0','0','Run mode: GLPI');
INSERT INTO `glpi_crontasklogs` VALUES ('39469','17','39468','2023-03-03 12:22:04','2','0.00288796','0','Action completed, no processing required');
INSERT INTO `glpi_crontasklogs` VALUES ('39484','22','0','2023-03-06 08:26:27','0','0','0','Run mode: GLPI');
INSERT INTO `glpi_crontasklogs` VALUES ('39485','22','39484','2023-03-06 08:26:27','2','0.00365186','0','Action completed, no processing required');
INSERT INTO `glpi_crontasklogs` VALUES ('39483','24','39482','2023-03-06 08:22:35','2','0.00231194','0','Action completed, no processing required');
INSERT INTO `glpi_crontasklogs` VALUES ('39486','14','0','2023-03-06 08:46:11','0','0','0','Run mode: GLPI');
INSERT INTO `glpi_crontasklogs` VALUES ('39487','14','39486','2023-03-06 08:46:11','2','0.00334501','0','Action completed, no processing required');
INSERT INTO `glpi_crontasklogs` VALUES ('39482','24','0','2023-03-06 08:22:35','0','0','0','Run mode: GLPI');
INSERT INTO `glpi_crontasklogs` VALUES ('39481','9','39480','2023-03-06 08:21:34','2','0.0153539','0','Action completed, no processing required');
INSERT INTO `glpi_crontasklogs` VALUES ('39474','6','0','2023-03-03 16:08:59','0','0','0','Run mode: GLPI');
INSERT INTO `glpi_crontasklogs` VALUES ('39473','21','39472','2023-03-03 16:02:52','2','0.00298619','0','Action completed, no processing required');
INSERT INTO `glpi_crontasklogs` VALUES ('39478','15','0','2023-03-03 19:10:27','0','0','0','Run mode: GLPI');
INSERT INTO `glpi_crontasklogs` VALUES ('39479','15','39478','2023-03-03 19:10:27','2','0.0033741','0','Action completed, no processing required');
INSERT INTO `glpi_crontasklogs` VALUES ('39480','9','0','2023-03-06 08:21:34','0','0','0','Run mode: GLPI');
INSERT INTO `glpi_crontasklogs` VALUES ('39468','17','0','2023-03-03 12:22:04','0','0','0','Run mode: GLPI');
INSERT INTO `glpi_crontasklogs` VALUES ('39467','19','39466','2023-03-03 12:20:07','2','0.00293589','0','Action completed, fully processed');
INSERT INTO `glpi_crontasklogs` VALUES ('39490','12','39488','2023-03-06 09:34:17','2','0.00446606','32','Action completed, fully processed');
INSERT INTO `glpi_crontasklogs` VALUES ('39477','16','39476','2023-03-03 16:17:06','2','0.00324011','0','Action completed, no processing required');
INSERT INTO `glpi_crontasklogs` VALUES ('39476','16','0','2023-03-03 16:17:06','0','0','0','Run mode: GLPI');
INSERT INTO `glpi_crontasklogs` VALUES ('39513','25','0','2023-03-06 12:21:07','0','0','0','Run mode: GLPI');
INSERT INTO `glpi_crontasklogs` VALUES ('39512','19','39511','2023-03-06 11:52:04','2','0.00270081','0','Action completed, fully processed');
INSERT INTO `glpi_crontasklogs` VALUES ('39524','14','39523','2023-03-07 15:00:28','2','0.00319481','0','Action completed, no processing required');
INSERT INTO `glpi_crontasklogs` VALUES ('39533','16','0','2023-03-07 16:26:04','0','0','0','Run mode: GLPI');
INSERT INTO `glpi_crontasklogs` VALUES ('39532','20','39531','2023-03-07 15:54:54','2','0.00279307','0','Action completed, no processing required');
INSERT INTO `glpi_crontasklogs` VALUES ('39537','12','0','2023-03-07 17:16:46','0','0','0','Run mode: GLPI');
INSERT INTO `glpi_crontasklogs` VALUES ('39536','15','39535','2023-03-07 16:34:06','2','0.003263','0','Action completed, no processing required');
INSERT INTO `glpi_crontasklogs` VALUES ('39538','12','39537','2023-03-07 17:16:46','1','0.00288606','17','Nettoyer 17 fichiers de session créés depuis plus de 1440 secondes
');
INSERT INTO `glpi_crontasklogs` VALUES ('39509','18','0','2023-03-06 11:36:15','0','0','0','Run mode: GLPI');
INSERT INTO `glpi_crontasklogs` VALUES ('39508','7','39507','2023-03-06 11:23:44','2','0.0132911','106','Action completed, fully processed');
INSERT INTO `glpi_crontasklogs` VALUES ('39515','6','0','2023-03-07 11:44:06','0','0','0','Run mode: GLPI');
INSERT INTO `glpi_crontasklogs` VALUES ('39514','25','39513','2023-03-06 12:21:07','2','0.00261903','0','Action completed, no processing required');
INSERT INTO `glpi_crontasklogs` VALUES ('39523','14','0','2023-03-07 15:00:28','0','0','0','Run mode: GLPI');
INSERT INTO `glpi_crontasklogs` VALUES ('39522','24','39521','2023-03-07 14:59:36','2','0.00253391','0','Action completed, no processing required');
INSERT INTO `glpi_crontasklogs` VALUES ('39542','8','0','2023-03-07 19:34:05','0','0','0','Run mode: GLPI');
INSERT INTO `glpi_crontasklogs` VALUES ('39531','20','0','2023-03-07 15:54:54','0','0','0','Run mode: GLPI');
INSERT INTO `glpi_crontasklogs` VALUES ('39530','21','39529','2023-03-07 15:46:45','2','0.00379491','0','Action completed, no processing required');
INSERT INTO `glpi_crontasklogs` VALUES ('39511','19','0','2023-03-06 11:52:04','0','0','0','Run mode: GLPI');
INSERT INTO `glpi_crontasklogs` VALUES ('39510','18','39509','2023-03-06 11:36:15','2','0.00360298','0','Action completed, no processing required');
INSERT INTO `glpi_crontasklogs` VALUES ('39521','24','0','2023-03-07 14:59:36','0','0','0','Run mode: GLPI');
INSERT INTO `glpi_crontasklogs` VALUES ('39520','9','39519','2023-03-07 14:11:10','2','0.00482988','0','Action completed, no processing required');
INSERT INTO `glpi_crontasklogs` VALUES ('39541','23','39540','2023-03-07 17:17:20','2','0.00295091','0','Action completed, no processing required');
INSERT INTO `glpi_crontasklogs` VALUES ('39529','21','0','2023-03-07 15:46:45','0','0','0','Run mode: GLPI');
INSERT INTO `glpi_crontasklogs` VALUES ('39528','13','39527','2023-03-07 15:17:50','2','0.00241613','0','Action completed, no processing required');
INSERT INTO `glpi_crontasklogs` VALUES ('39519','9','0','2023-03-07 14:11:10','0','0','0','Run mode: GLPI');
INSERT INTO `glpi_crontasklogs` VALUES ('39518','22','39517','2023-03-07 11:58:00','2','0.00341415','0','Action completed, no processing required');
INSERT INTO `glpi_crontasklogs` VALUES ('39540','23','0','2023-03-07 17:17:20','0','0','0','Run mode: GLPI');
INSERT INTO `glpi_crontasklogs` VALUES ('39535','15','0','2023-03-07 16:34:06','0','0','0','Run mode: GLPI');
INSERT INTO `glpi_crontasklogs` VALUES ('39534','16','39533','2023-03-07 16:26:04','2','0.00337315','0','Action completed, no processing required');
INSERT INTO `glpi_crontasklogs` VALUES ('39527','13','0','2023-03-07 15:17:50','0','0','0','Run mode: GLPI');
INSERT INTO `glpi_crontasklogs` VALUES ('39517','22','0','2023-03-07 11:58:00','0','0','0','Run mode: GLPI');
INSERT INTO `glpi_crontasklogs` VALUES ('39516','6','39515','2023-03-07 11:44:06','2','0.0163591','0','Action completed, no processing required');
INSERT INTO `glpi_crontasklogs` VALUES ('39539','12','39537','2023-03-07 17:16:46','2','0.00375009','17','Action completed, fully processed');
INSERT INTO `glpi_crontasklogs` VALUES ('39526','17','39525','2023-03-07 15:04:57','2','0.00267887','0','Action completed, no processing required');
INSERT INTO `glpi_crontasklogs` VALUES ('39525','17','0','2023-03-07 15:04:57','0','0','0','Run mode: GLPI');
INSERT INTO `glpi_crontasklogs` VALUES ('39245','24','0','2023-02-06 08:13:53','0','0','0','Run mode: GLPI');
INSERT INTO `glpi_crontasklogs` VALUES ('39246','24','39245','2023-02-06 08:13:53','2','0.0141411','0','Action completed, no processing required');
INSERT INTO `glpi_crontasklogs` VALUES ('39247','13','0','2023-02-06 08:19:51','0','0','0','Run mode: GLPI');
INSERT INTO `glpi_crontasklogs` VALUES ('39248','13','39247','2023-02-06 08:19:51','2','0.00249195','0','Action completed, no processing required');
INSERT INTO `glpi_crontasklogs` VALUES ('39249','5','0','2023-02-06 08:20:33','0','0','0','Run mode: GLPI');
INSERT INTO `glpi_crontasklogs` VALUES ('39250','5','39249','2023-02-06 08:20:33','2','0.00453687','0','Action completed, no processing required');
INSERT INTO `glpi_crontasklogs` VALUES ('39251','14','0','2023-02-06 08:22:43','0','0','0','Run mode: GLPI');
INSERT INTO `glpi_crontasklogs` VALUES ('39252','14','39251','2023-02-06 08:22:43','2','0.00307989','0','Action completed, no processing required');
INSERT INTO `glpi_crontasklogs` VALUES ('39253','7','0','2023-02-06 08:23:43','0','0','0','Run mode: GLPI');
INSERT INTO `glpi_crontasklogs` VALUES ('39263','22','0','2023-02-06 08:33:05','0','0','0','Run mode: GLPI');
INSERT INTO `glpi_crontasklogs` VALUES ('39264','22','39263','2023-02-06 08:33:05','2','0.00319099','0','Action completed, no processing required');
INSERT INTO `glpi_crontasklogs` VALUES ('39265','9','0','2023-02-06 08:33:37','0','0','0','Run mode: GLPI');
INSERT INTO `glpi_crontasklogs` VALUES ('39266','9','39265','2023-02-06 08:33:37','2','0.00426507','0','Action completed, no processing required');
INSERT INTO `glpi_crontasklogs` VALUES ('39267','19','0','2023-02-06 08:34:36','0','0','0','Run mode: GLPI');
INSERT INTO `glpi_crontasklogs` VALUES ('39268','19','39267','2023-02-06 08:34:36','2','0.0026269','0','Action completed, fully processed');
INSERT INTO `glpi_crontasklogs` VALUES ('39269','25','0','2023-02-06 10:19:52','0','0','0','Run mode: GLPI');
INSERT INTO `glpi_crontasklogs` VALUES ('39270','25','39269','2023-02-06 10:19:52','2','0.00277209','0','Action completed, no processing required');
INSERT INTO `glpi_crontasklogs` VALUES ('39271','6','0','2023-02-06 10:21:37','0','0','0','Run mode: GLPI');
INSERT INTO `glpi_crontasklogs` VALUES ('39272','6','39271','2023-02-06 10:21:37','2','0.00325513','0','Action completed, no processing required');
INSERT INTO `glpi_crontasklogs` VALUES ('39273','12','0','2023-02-06 13:29:18','0','0','0','Run mode: GLPI');
INSERT INTO `glpi_crontasklogs` VALUES ('39274','12','39273','2023-02-06 13:29:18','1','0.00319695','32','Nettoyer 32 fichiers de session créés depuis plus de 1440 secondes
');
INSERT INTO `glpi_crontasklogs` VALUES ('39275','12','39273','2023-02-06 13:29:18','2','0.00410509','32','Action completed, fully processed');
INSERT INTO `glpi_crontasklogs` VALUES ('39276','23','0','2023-02-06 13:57:40','0','0','0','Run mode: GLPI');
INSERT INTO `glpi_crontasklogs` VALUES ('39277','23','39276','2023-02-06 13:57:40','2','0.00307608','2','Action completed, fully processed');
INSERT INTO `glpi_crontasklogs` VALUES ('39278','17','0','2023-02-06 14:12:56','0','0','0','Run mode: GLPI');
INSERT INTO `glpi_crontasklogs` VALUES ('39279','17','39278','2023-02-06 14:12:56','2','0.00259995','0','Action completed, no processing required');
INSERT INTO `glpi_crontasklogs` VALUES ('39280','21','0','2023-02-07 10:42:25','0','0','0','Run mode: GLPI');
INSERT INTO `glpi_crontasklogs` VALUES ('39281','21','39280','2023-02-07 10:42:25','2','0.012692','0','Action completed, no processing required');
INSERT INTO `glpi_crontasklogs` VALUES ('39282','22','0','2023-02-07 10:42:37','0','0','0','Run mode: GLPI');
INSERT INTO `glpi_crontasklogs` VALUES ('39283','22','39282','2023-02-07 10:42:37','2','0.003546','0','Action completed, no processing required');
INSERT INTO `glpi_crontasklogs` VALUES ('39284','9','0','2023-02-07 17:55:19','0','0','0','Run mode: GLPI');
INSERT INTO `glpi_crontasklogs` VALUES ('39285','9','39284','2023-02-07 17:55:19','2','0.00449085','0','Action completed, no processing required');
INSERT INTO `glpi_crontasklogs` VALUES ('39286','24','0','2023-02-07 17:55:33','0','0','0','Run mode: GLPI');
INSERT INTO `glpi_crontasklogs` VALUES ('39287','24','39286','2023-02-07 17:55:33','2','0.00241804','0','Action completed, no processing required');
INSERT INTO `glpi_crontasklogs` VALUES ('39288','13','0','2023-02-07 17:58:12','0','0','0','Run mode: GLPI');
INSERT INTO `glpi_crontasklogs` VALUES ('39289','13','39288','2023-02-07 17:58:12','2','0.00222898','0','Action completed, no processing required');
INSERT INTO `glpi_crontasklogs` VALUES ('39290','14','0','2023-02-12 08:47:31','0','0','0','Run mode: GLPI');
INSERT INTO `glpi_crontasklogs` VALUES ('39291','14','39290','2023-02-12 08:47:31','2','0.021235','0','Action completed, no processing required');
INSERT INTO `glpi_crontasklogs` VALUES ('39292','20','0','2023-02-27 08:12:53','0','0','0','Run mode: GLPI');
INSERT INTO `glpi_crontasklogs` VALUES ('39293','20','39292','2023-02-27 08:12:53','2','0.014504','0','Action completed, no processing required');
INSERT INTO `glpi_crontasklogs` VALUES ('39294','17','0','2023-02-27 11:16:45','0','0','0','Run mode: GLPI');
INSERT INTO `glpi_crontasklogs` VALUES ('39295','17','39294','2023-02-27 11:16:45','2','0.00288987','0','Action completed, no processing required');
INSERT INTO `glpi_crontasklogs` VALUES ('39296','16','0','2023-02-27 11:17:45','0','0','0','Run mode: GLPI');
INSERT INTO `glpi_crontasklogs` VALUES ('39297','16','39296','2023-02-27 11:17:45','2','0.0030489','0','Action completed, no processing required');
INSERT INTO `glpi_crontasklogs` VALUES ('39298','15','0','2023-02-27 11:18:06','0','0','0','Run mode: GLPI');
INSERT INTO `glpi_crontasklogs` VALUES ('39299','15','39298','2023-02-27 11:18:06','2','0.00350523','0','Action completed, no processing required');
INSERT INTO `glpi_crontasklogs` VALUES ('39300','5','0','2023-02-27 11:18:52','0','0','0','Run mode: GLPI');
INSERT INTO `glpi_crontasklogs` VALUES ('39301','5','39300','2023-02-27 11:18:52','2','0.00424099','0','Action completed, no processing required');
INSERT INTO `glpi_crontasklogs` VALUES ('39302','7','0','2023-02-27 11:24:13','0','0','0','Run mode: GLPI');
INSERT INTO `glpi_crontasklogs` VALUES ('39328','8','39327','2023-02-28 11:00:29','2','0.499312','270','Action completed, fully processed');
INSERT INTO `glpi_crontasklogs` VALUES ('39329','14','0','2023-02-28 11:10:04','0','0','0','Run mode: GLPI');
INSERT INTO `glpi_crontasklogs` VALUES ('39330','14','39329','2023-02-28 11:10:04','2','0.0031271','0','Action completed, no processing required');
INSERT INTO `glpi_crontasklogs` VALUES ('39331','20','0','2023-02-28 11:43:11','0','0','0','Run mode: GLPI');
INSERT INTO `glpi_crontasklogs` VALUES ('39332','20','39331','2023-02-28 11:43:11','2','0.002846','0','Action completed, no processing required');
INSERT INTO `glpi_crontasklogs` VALUES ('39333','17','0','2023-02-28 11:52:26','0','0','0','Run mode: GLPI');
INSERT INTO `glpi_crontasklogs` VALUES ('39334','17','39333','2023-02-28 11:52:26','2','0.00275397','0','Action completed, no processing required');
INSERT INTO `glpi_crontasklogs` VALUES ('39335','22','0','2023-02-28 11:57:49','0','0','0','Run mode: GLPI');
INSERT INTO `glpi_crontasklogs` VALUES ('39336','22','39335','2023-02-28 11:57:49','2','0.00283408','0','Action completed, no processing required');
INSERT INTO `glpi_crontasklogs` VALUES ('39337','16','0','2023-02-28 11:58:22','0','0','0','Run mode: GLPI');
INSERT INTO `glpi_crontasklogs` VALUES ('39338','16','39337','2023-02-28 11:58:22','2','0.0034411','0','Action completed, no processing required');
INSERT INTO `glpi_crontasklogs` VALUES ('39339','15','0','2023-02-28 12:11:35','0','0','0','Run mode: GLPI');
INSERT INTO `glpi_crontasklogs` VALUES ('39340','15','39339','2023-02-28 12:11:35','2','0.00342298','0','Action completed, no processing required');
INSERT INTO `glpi_crontasklogs` VALUES ('39341','21','0','2023-02-28 13:03:10','0','0','0','Run mode: GLPI');
INSERT INTO `glpi_crontasklogs` VALUES ('39342','21','39341','2023-02-28 13:03:10','2','0.00282812','0','Action completed, no processing required');
INSERT INTO `glpi_crontasklogs` VALUES ('39343','9','0','2023-02-28 13:10:02','0','0','0','Run mode: GLPI');
INSERT INTO `glpi_crontasklogs` VALUES ('39344','9','39343','2023-02-28 13:10:02','2','0.003232','0','Action completed, no processing required');
INSERT INTO `glpi_crontasklogs` VALUES ('39345','5','0','2023-02-28 13:15:42','0','0','0','Run mode: GLPI');
INSERT INTO `glpi_crontasklogs` VALUES ('39346','5','39345','2023-02-28 13:15:42','2','0.00349188','0','Action completed, no processing required');
INSERT INTO `glpi_crontasklogs` VALUES ('39347','7','0','2023-02-28 13:59:51','0','0','0','Run mode: GLPI');
INSERT INTO `glpi_crontasklogs` VALUES ('39348','7','39347','2023-02-28 13:59:51','2','0.00852108','0','Action completed, no processing required');
INSERT INTO `glpi_crontasklogs` VALUES ('39349','18','0','2023-02-28 14:05:06','0','0','0','Run mode: GLPI');
INSERT INTO `glpi_crontasklogs` VALUES ('39350','18','39349','2023-02-28 14:05:06','2','0.00388002','0','Action completed, no processing required');
INSERT INTO `glpi_crontasklogs` VALUES ('39351','24','0','2023-02-28 14:11:03','0','0','0','Run mode: GLPI');
INSERT INTO `glpi_crontasklogs` VALUES ('39352','24','39351','2023-02-28 14:11:03','2','0.00232792','0','Action completed, no processing required');
INSERT INTO `glpi_crontasklogs` VALUES ('39353','13','0','2023-02-28 14:24:01','0','0','0','Run mode: GLPI');
INSERT INTO `glpi_crontasklogs` VALUES ('39354','13','39353','2023-02-28 14:24:01','2','0.00263786','0','Action completed, no processing required');
INSERT INTO `glpi_crontasklogs` VALUES ('39355','17','0','2023-02-28 14:33:03','0','0','0','Run mode: GLPI');
INSERT INTO `glpi_crontasklogs` VALUES ('39356','17','39355','2023-02-28 14:33:03','2','0.00277805','0','Action completed, no processing required');
INSERT INTO `glpi_crontasklogs` VALUES ('39357','22','0','2023-02-28 14:48:36','0','0','0','Run mode: GLPI');
INSERT INTO `glpi_crontasklogs` VALUES ('39358','22','39357','2023-02-28 14:48:36','2','0.00346708','0','Action completed, no processing required');
INSERT INTO `glpi_crontasklogs` VALUES ('39359','14','0','2023-02-28 14:55:24','0','0','0','Run mode: GLPI');
INSERT INTO `glpi_crontasklogs` VALUES ('39360','14','39359','2023-02-28 14:55:24','2','0.00310206','0','Action completed, no processing required');
INSERT INTO `glpi_crontasklogs` VALUES ('39361','20','0','2023-02-28 15:01:12','0','0','0','Run mode: GLPI');
INSERT INTO `glpi_crontasklogs` VALUES ('39362','20','39361','2023-02-28 15:01:12','2','0.00271487','0','Action completed, no processing required');
INSERT INTO `glpi_crontasklogs` VALUES ('39363','19','0','2023-02-28 15:14:10','0','0','0','Run mode: GLPI');
INSERT INTO `glpi_crontasklogs` VALUES ('39364','19','39363','2023-02-28 15:14:10','2','0.00277495','0','Action completed, fully processed');
INSERT INTO `glpi_crontasklogs` VALUES ('39365','25','0','2023-02-28 15:35:31','0','0','0','Run mode: GLPI');
INSERT INTO `glpi_crontasklogs` VALUES ('39366','25','39365','2023-02-28 15:35:31','2','0.00283813','0','Action completed, no processing required');
INSERT INTO `glpi_crontasklogs` VALUES ('39367','21','0','2023-02-28 15:35:49','0','0','0','Run mode: GLPI');
INSERT INTO `glpi_crontasklogs` VALUES ('39368','21','39367','2023-02-28 15:35:49','2','0.00286293','0','Action completed, no processing required');
INSERT INTO `glpi_crontasklogs` VALUES ('39369','9','0','2023-02-28 15:38:30','0','0','0','Run mode: GLPI');
INSERT INTO `glpi_crontasklogs` VALUES ('39370','9','39369','2023-02-28 15:38:30','2','0.003304','0','Action completed, no processing required');
INSERT INTO `glpi_crontasklogs` VALUES ('39371','17','0','2023-02-28 15:39:39','0','0','0','Run mode: GLPI');
INSERT INTO `glpi_crontasklogs` VALUES ('39372','17','39371','2023-02-28 15:39:39','2','0.003021','0','Action completed, no processing required');
INSERT INTO `glpi_crontasklogs` VALUES ('39373','22','0','2023-02-28 16:03:27','0','0','0','Run mode: GLPI');
INSERT INTO `glpi_crontasklogs` VALUES ('39374','22','39373','2023-02-28 16:03:27','2','0.004457','0','Action completed, no processing required');
INSERT INTO `glpi_crontasklogs` VALUES ('39375','24','0','2023-02-28 16:16:48','0','0','0','Run mode: GLPI');
INSERT INTO `glpi_crontasklogs` VALUES ('39376','24','39375','2023-02-28 16:16:48','2','0.00325704','0','Action completed, no processing required');
INSERT INTO `glpi_crontasklogs` VALUES ('39377','13','0','2023-02-28 16:16:58','0','0','0','Run mode: GLPI');
INSERT INTO `glpi_crontasklogs` VALUES ('39378','13','39377','2023-02-28 16:16:58','2','0.00240898','0','Action completed, no processing required');
INSERT INTO `glpi_crontasklogs` VALUES ('39379','21','0','2023-02-28 16:28:55','0','0','0','Run mode: GLPI');
INSERT INTO `glpi_crontasklogs` VALUES ('39380','21','39379','2023-02-28 16:28:55','2','0.004601','0','Action completed, no processing required');
INSERT INTO `glpi_crontasklogs` VALUES ('39381','17','0','2023-02-28 16:31:39','0','0','0','Run mode: GLPI');
INSERT INTO `glpi_crontasklogs` VALUES ('39382','17','39381','2023-02-28 16:31:39','2','0.0027051','0','Action completed, no processing required');
INSERT INTO `glpi_crontasklogs` VALUES ('39383','9','0','2023-02-28 16:37:03','0','0','0','Run mode: GLPI');
INSERT INTO `glpi_crontasklogs` VALUES ('39384','9','39383','2023-02-28 16:37:03','2','0.00803089','0','Action completed, no processing required');
INSERT INTO `glpi_crontasklogs` VALUES ('39385','14','0','2023-02-28 16:55:36','0','0','0','Run mode: GLPI');
INSERT INTO `glpi_crontasklogs` VALUES ('39386','14','39385','2023-02-28 16:55:36','2','0.00303793','0','Action completed, no processing required');
INSERT INTO `glpi_crontasklogs` VALUES ('39387','20','0','2023-02-28 17:21:43','0','0','0','Run mode: GLPI');
INSERT INTO `glpi_crontasklogs` VALUES ('39388','20','39387','2023-02-28 17:21:43','2','0.00263214','0','Action completed, no processing required');
INSERT INTO `glpi_crontasklogs` VALUES ('39389','22','0','2023-02-28 17:21:45','0','0','0','Run mode: GLPI');
INSERT INTO `glpi_crontasklogs` VALUES ('39390','22','39389','2023-02-28 17:21:45','2','0.00307322','0','Action completed, no processing required');
INSERT INTO `glpi_crontasklogs` VALUES ('39391','6','0','2023-02-28 18:41:23','0','0','0','Run mode: GLPI');
INSERT INTO `glpi_crontasklogs` VALUES ('39392','6','39391','2023-02-28 18:41:23','2','0.00299716','0','Action completed, no processing required');
INSERT INTO `glpi_crontasklogs` VALUES ('39393','21','0','2023-02-28 19:21:56','0','0','0','Run mode: GLPI');
INSERT INTO `glpi_crontasklogs` VALUES ('39394','21','39393','2023-02-28 19:21:56','2','0.015054','0','Action completed, no processing required');
INSERT INTO `glpi_crontasklogs` VALUES ('39395','17','0','2023-02-28 19:22:10','0','0','0','Run mode: GLPI');
INSERT INTO `glpi_crontasklogs` VALUES ('39396','17','39395','2023-02-28 19:22:10','2','0.00255704','0','Action completed, no processing required');
INSERT INTO `glpi_crontasklogs` VALUES ('39397','9','0','2023-02-28 19:22:27','0','0','0','Run mode: GLPI');
INSERT INTO `glpi_crontasklogs` VALUES ('39398','9','39397','2023-02-28 19:22:27','2','0.0049789','0','Action completed, no processing required');
INSERT INTO `glpi_crontasklogs` VALUES ('39399','13','0','2023-02-28 19:22:45','0','0','0','Run mode: GLPI');
INSERT INTO `glpi_crontasklogs` VALUES ('39400','13','39399','2023-02-28 19:22:45','2','0.00517678','0','Action completed, no processing required');
INSERT INTO `glpi_crontasklogs` VALUES ('39401','24','0','2023-03-01 07:57:16','0','0','0','Run mode: GLPI');
INSERT INTO `glpi_crontasklogs` VALUES ('39402','24','39401','2023-03-01 07:57:16','2','0.013731','0','Action completed, no processing required');
INSERT INTO `glpi_crontasklogs` VALUES ('39403','22','0','2023-03-01 08:27:19','0','0','0','Run mode: GLPI');
INSERT INTO `glpi_crontasklogs` VALUES ('39404','22','39403','2023-03-01 08:27:19','2','0.00659394','0','Action completed, no processing required');
INSERT INTO `glpi_crontasklogs` VALUES ('39405','14','0','2023-03-01 08:32:12','0','0','0','Run mode: GLPI');
INSERT INTO `glpi_crontasklogs` VALUES ('39406','14','39405','2023-03-01 08:32:12','2','0.0030849','0','Action completed, no processing required');
INSERT INTO `glpi_crontasklogs` VALUES ('39407','20','0','2023-03-01 08:38:13','0','0','0','Run mode: GLPI');
INSERT INTO `glpi_crontasklogs` VALUES ('39408','20','39407','2023-03-01 08:38:13','2','0.00241804','0','Action completed, no processing required');
INSERT INTO `glpi_crontasklogs` VALUES ('39409','21','0','2023-03-01 08:44:26','0','0','0','Run mode: GLPI');
INSERT INTO `glpi_crontasklogs` VALUES ('39410','21','39409','2023-03-01 08:44:26','2','0.00337601','0','Action completed, no processing required');
INSERT INTO `glpi_crontasklogs` VALUES ('39411','17','0','2023-03-01 08:44:58','0','0','0','Run mode: GLPI');
INSERT INTO `glpi_crontasklogs` VALUES ('39412','17','39411','2023-03-01 08:44:58','2','0.00282407','0','Action completed, no processing required');
INSERT INTO `glpi_crontasklogs` VALUES ('39413','9','0','2023-03-01 08:48:29','0','0','0','Run mode: GLPI');
INSERT INTO `glpi_crontasklogs` VALUES ('39414','9','39413','2023-03-01 08:48:29','2','0.00405788','0','Action completed, no processing required');
INSERT INTO `glpi_crontasklogs` VALUES ('39415','13','0','2023-03-01 08:57:30','0','0','0','Run mode: GLPI');
INSERT INTO `glpi_crontasklogs` VALUES ('39416','13','39415','2023-03-01 08:57:30','2','0.00229096','0','Action completed, no processing required');
INSERT INTO `glpi_crontasklogs` VALUES ('39417','16','0','2023-03-01 09:22:32','0','0','0','Run mode: GLPI');
INSERT INTO `glpi_crontasklogs` VALUES ('39418','16','39417','2023-03-01 09:22:32','2','0.00298405','0','Action completed, no processing required');
INSERT INTO `glpi_crontasklogs` VALUES ('39419','15','0','2023-03-01 10:02:37','0','0','0','Run mode: GLPI');
INSERT INTO `glpi_crontasklogs` VALUES ('39420','15','39419','2023-03-01 10:02:37','2','0.00319695','0','Action completed, no processing required');
INSERT INTO `glpi_crontasklogs` VALUES ('39421','22','0','2023-03-01 10:16:40','0','0','0','Run mode: GLPI');
INSERT INTO `glpi_crontasklogs` VALUES ('39422','22','39421','2023-03-01 10:16:40','2','0.00316119','0','Action completed, no processing required');
INSERT INTO `glpi_crontasklogs` VALUES ('39423','17','0','2023-03-01 10:45:31','0','0','0','Run mode: GLPI');
INSERT INTO `glpi_crontasklogs` VALUES ('39424','17','39423','2023-03-01 10:45:31','2','0.00258923','0','Action completed, no processing required');
INSERT INTO `glpi_crontasklogs` VALUES ('39425','21','0','2023-03-01 10:46:22','0','0','0','Run mode: GLPI');
INSERT INTO `glpi_crontasklogs` VALUES ('39426','21','39425','2023-03-01 10:46:22','2','0.00304985','0','Action completed, no processing required');
INSERT INTO `glpi_crontasklogs` VALUES ('39427','24','0','2023-03-01 11:03:28','0','0','0','Run mode: GLPI');
INSERT INTO `glpi_crontasklogs` VALUES ('39428','24','39427','2023-03-01 11:03:28','2','0.00233293','0','Action completed, no processing required');
INSERT INTO `glpi_crontasklogs` VALUES ('39429','9','0','2023-03-01 11:03:50','0','0','0','Run mode: GLPI');
INSERT INTO `glpi_crontasklogs` VALUES ('39430','9','39429','2023-03-01 11:03:50','2','0.0034771','0','Action completed, no processing required');
INSERT INTO `glpi_crontasklogs` VALUES ('39431','14','0','2023-03-01 11:07:57','0','0','0','Run mode: GLPI');
INSERT INTO `glpi_crontasklogs` VALUES ('39432','14','39431','2023-03-01 11:07:57','2','0.00293803','0','Action completed, no processing required');
INSERT INTO `glpi_crontasklogs` VALUES ('39433','20','0','2023-03-01 12:04:03','0','0','0','Run mode: GLPI');
INSERT INTO `glpi_crontasklogs` VALUES ('39434','20','39433','2023-03-01 12:04:03','2','0.00272918','0','Action completed, no processing required');
INSERT INTO `glpi_crontasklogs` VALUES ('39435','13','0','2023-03-01 12:04:14','0','0','0','Run mode: GLPI');
INSERT INTO `glpi_crontasklogs` VALUES ('39436','13','39435','2023-03-01 12:04:14','2','0.00249696','0','Action completed, no processing required');
INSERT INTO `glpi_crontasklogs` VALUES ('39437','12','0','2023-03-01 12:04:23','0','0','0','Run mode: GLPI');
INSERT INTO `glpi_crontasklogs` VALUES ('39438','12','39437','2023-03-01 12:04:23','1','0.00710702','42','Nettoyer 42 fichiers de session créés depuis plus de 1440 secondes
');
INSERT INTO `glpi_crontasklogs` VALUES ('39439','12','39437','2023-03-01 12:04:23','2','0.0079751','42','Action completed, fully processed');
INSERT INTO `glpi_crontasklogs` VALUES ('39440','22','0','2023-03-01 12:04:34','0','0','0','Run mode: GLPI');
INSERT INTO `glpi_crontasklogs` VALUES ('39441','22','39440','2023-03-01 12:04:34','2','0.00306201','0','Action completed, no processing required');
INSERT INTO `glpi_crontasklogs` VALUES ('39442','23','0','2023-03-01 13:36:59','0','0','0','Run mode: GLPI');
INSERT INTO `glpi_crontasklogs` VALUES ('39443','23','39442','2023-03-01 13:36:59','2','0.00289607','1','Action completed, fully processed');
INSERT INTO `glpi_crontasklogs` VALUES ('39444','17','0','2023-03-01 15:25:06','0','0','0','Run mode: GLPI');
INSERT INTO `glpi_crontasklogs` VALUES ('39445','17','39444','2023-03-01 15:25:06','2','0.00261593','0','Action completed, no processing required');
INSERT INTO `glpi_crontasklogs` VALUES ('39446','21','0','2023-03-01 16:47:07','0','0','0','Run mode: GLPI');
INSERT INTO `glpi_crontasklogs` VALUES ('39447','21','39446','2023-03-01 16:47:07','2','0.00313401','0','Action completed, no processing required');
INSERT INTO `glpi_crontasklogs` VALUES ('39448','9','0','2023-03-02 07:52:42','0','0','0','Run mode: GLPI');
INSERT INTO `glpi_crontasklogs` VALUES ('39449','9','39448','2023-03-02 07:52:42','2','0.0153861','0','Action completed, no processing required');
INSERT INTO `glpi_crontasklogs` VALUES ('39450','24','0','2023-03-02 08:44:09','0','0','0','Run mode: GLPI');
INSERT INTO `glpi_crontasklogs` VALUES ('39451','24','39450','2023-03-02 08:44:09','2','0.00236416','0','Action completed, no processing required');
INSERT INTO `glpi_crontasklogs` VALUES ('39452','22','0','2023-03-02 09:46:24','0','0','0','Run mode: GLPI');
INSERT INTO `glpi_crontasklogs` VALUES ('39453','22','39452','2023-03-02 09:46:24','2','0.00310707','0','Action completed, no processing required');
INSERT INTO `glpi_crontasklogs` VALUES ('39454','14','0','2023-03-02 10:41:32','0','0','0','Run mode: GLPI');
INSERT INTO `glpi_crontasklogs` VALUES ('39455','14','39454','2023-03-02 10:41:32','2','0.00320792','0','Action completed, no processing required');
INSERT INTO `glpi_crontasklogs` VALUES ('39456','13','0','2023-03-02 11:56:17','0','0','0','Run mode: GLPI');
INSERT INTO `glpi_crontasklogs` VALUES ('39457','13','39456','2023-03-02 11:56:17','2','0.00235987','0','Action completed, no processing required');
INSERT INTO `glpi_crontasklogs` VALUES ('39458','20','0','2023-03-03 09:56:31','0','0','0','Run mode: GLPI');
INSERT INTO `glpi_crontasklogs` VALUES ('39459','20','39458','2023-03-03 09:56:31','2','0.0157521','0','Action completed, no processing required');
INSERT INTO `glpi_crontasklogs` VALUES ('39460','5','0','2023-03-03 10:13:31','0','0','0','Run mode: GLPI');
INSERT INTO `glpi_crontasklogs` VALUES ('39461','5','39460','2023-03-03 10:13:31','2','0.00475597','0','Action completed, no processing required');
INSERT INTO `glpi_crontasklogs` VALUES ('39462','7','0','2023-03-03 12:19:27','0','0','0','Run mode: GLPI');
INSERT INTO `glpi_crontasklogs` VALUES ('39491','13','0','2023-03-06 09:52:59','0','0','0','Run mode: GLPI');
INSERT INTO `glpi_crontasklogs` VALUES ('39492','13','39491','2023-03-06 09:52:59','2','0.00244808','0','Action completed, no processing required');
INSERT INTO `glpi_crontasklogs` VALUES ('39493','23','0','2023-03-06 10:01:48','0','0','0','Run mode: GLPI');
INSERT INTO `glpi_crontasklogs` VALUES ('39494','23','39493','2023-03-06 10:01:48','2','0.0035131','19','Action completed, fully processed');
INSERT INTO `glpi_crontasklogs` VALUES ('39495','20','0','2023-03-06 10:14:50','0','0','0','Run mode: GLPI');
INSERT INTO `glpi_crontasklogs` VALUES ('39496','20','39495','2023-03-06 10:14:50','2','0.00249004','0','Action completed, no processing required');
INSERT INTO `glpi_crontasklogs` VALUES ('39497','17','0','2023-03-06 10:29:44','0','0','0','Run mode: GLPI');
INSERT INTO `glpi_crontasklogs` VALUES ('39498','17','39497','2023-03-06 10:29:44','2','0.00257301','0','Action completed, no processing required');
INSERT INTO `glpi_crontasklogs` VALUES ('39499','21','0','2023-03-06 11:05:12','0','0','0','Run mode: GLPI');
INSERT INTO `glpi_crontasklogs` VALUES ('39500','21','39499','2023-03-06 11:05:12','2','0.00360298','0','Action completed, no processing required');
INSERT INTO `glpi_crontasklogs` VALUES ('39501','16','0','2023-03-06 11:05:34','0','0','0','Run mode: GLPI');
INSERT INTO `glpi_crontasklogs` VALUES ('39502','16','39501','2023-03-06 11:05:34','2','0.00324202','0','Action completed, no processing required');
INSERT INTO `glpi_crontasklogs` VALUES ('39503','15','0','2023-03-06 11:06:21','0','0','0','Run mode: GLPI');
INSERT INTO `glpi_crontasklogs` VALUES ('39504','15','39503','2023-03-06 11:06:21','2','0.00316811','0','Action completed, no processing required');
INSERT INTO `glpi_crontasklogs` VALUES ('39505','5','0','2023-03-06 11:13:13','0','0','0','Run mode: GLPI');
INSERT INTO `glpi_crontasklogs` VALUES ('39506','5','39505','2023-03-06 11:13:13','2','0.00320196','0','Action completed, no processing required');
INSERT INTO `glpi_crontasklogs` VALUES ('39507','7','0','2023-03-06 11:23:44','0','0','0','Run mode: GLPI');
INSERT INTO `glpi_crontasklogs` VALUES ('39543','8','39542','2023-03-07 19:34:05','2','0.318613','270','Action completed, fully processed');

### Dump table glpi_crontasks

CREATE TABLE `glpi_crontasks` (
  `id` int(11) NOT NULL AUTO_INCREMENT,
  `itemtype` varchar(100) COLLATE utf8_unicode_ci NOT NULL,
  `name` varchar(150) COLLATE utf8_unicode_ci NOT NULL COMMENT 'task name',
  `frequency` int(11) NOT NULL COMMENT 'second between launch',
  `param` int(11) DEFAULT NULL COMMENT 'task specify parameter',
  `state` int(11) NOT NULL DEFAULT '1' COMMENT '0:disabled, 1:waiting, 2:running',
  `mode` int(11) NOT NULL DEFAULT '1' COMMENT '1:internal, 2:external',
  `allowmode` int(11) NOT NULL DEFAULT '3' COMMENT '1:internal, 2:external, 3:both',
  `hourmin` int(11) NOT NULL DEFAULT '0',
  `hourmax` int(11) NOT NULL DEFAULT '24',
  `logs_lifetime` int(11) NOT NULL DEFAULT '30' COMMENT 'number of days',
  `lastrun` datetime DEFAULT NULL COMMENT 'last run date',
  `lastcode` int(11) DEFAULT NULL COMMENT 'last run return code',
  `comment` text COLLATE utf8_unicode_ci,
  PRIMARY KEY (`id`),
  UNIQUE KEY `unicity` (`itemtype`,`name`),
  KEY `mode` (`mode`)
) ENGINE=MyISAM  DEFAULT CHARSET=utf8 COLLATE=utf8_unicode_ci COMMENT='Task run by internal / external cron.';

INSERT INTO `glpi_crontasks` VALUES ('2','CartridgeItem','cartridge','86400','10','0','1','3','0','24','30',NULL,NULL,NULL);
INSERT INTO `glpi_crontasks` VALUES ('3','ConsumableItem','consumable','86400','10','0','1','3','0','24','30',NULL,NULL,NULL);
INSERT INTO `glpi_crontasks` VALUES ('4','SoftwareLicense','software','86400',NULL,'0','1','3','0','24','30',NULL,NULL,NULL);
INSERT INTO `glpi_crontasks` VALUES ('5','Contract','contract','86400',NULL,'1','1','3','0','24','30','2023-03-06 11:13:00',NULL,NULL);
INSERT INTO `glpi_crontasks` VALUES ('6','InfoCom','infocom','86400',NULL,'1','1','3','0','24','30','2023-03-07 11:44:00',NULL,NULL);
INSERT INTO `glpi_crontasks` VALUES ('7','CronTask','logs','86400','30','1','1','3','0','24','30','2023-03-06 11:23:00',NULL,NULL);
INSERT INTO `glpi_crontasks` VALUES ('8','CronTask','optimize','604800',NULL,'1','1','3','0','24','30','2023-03-07 19:34:00',NULL,NULL);
INSERT INTO `glpi_crontasks` VALUES ('9','MailCollector','mailgate','600','10','1','1','3','0','24','30','2023-03-07 14:11:00',NULL,NULL);
INSERT INTO `glpi_crontasks` VALUES ('10','DBconnection','checkdbreplicate','300',NULL,'0','1','3','0','24','30',NULL,NULL,NULL);
INSERT INTO `glpi_crontasks` VALUES ('11','CronTask','checkupdate','604800',NULL,'0','1','3','0','24','30',NULL,NULL,NULL);
INSERT INTO `glpi_crontasks` VALUES ('12','CronTask','session','86400',NULL,'1','1','3','0','24','30','2023-03-07 17:16:00',NULL,NULL);
INSERT INTO `glpi_crontasks` VALUES ('13','CronTask','graph','3600',NULL,'1','1','3','0','24','30','2023-03-07 15:17:00',NULL,NULL);
INSERT INTO `glpi_crontasks` VALUES ('14','ReservationItem','reservation','3600',NULL,'1','1','3','0','24','30','2023-03-07 15:00:00',NULL,NULL);
INSERT INTO `glpi_crontasks` VALUES ('15','Ticket','closeticket','43200',NULL,'1','1','3','0','24','30','2023-03-07 16:34:00',NULL,NULL);
INSERT INTO `glpi_crontasks` VALUES ('16','Ticket','alertnotclosed','43200',NULL,'1','1','3','0','24','30','2023-03-07 16:26:00',NULL,NULL);
INSERT INTO `glpi_crontasks` VALUES ('17','SlaLevel_Ticket','slaticket','300',NULL,'1','1','3','0','24','30','2023-03-07 15:04:00',NULL,NULL);
INSERT INTO `glpi_crontasks` VALUES ('18','Ticket','createinquest','86400',NULL,'1','1','3','0','24','30','2023-03-06 11:36:00',NULL,NULL);
INSERT INTO `glpi_crontasks` VALUES ('19','Crontask','watcher','86400',NULL,'1','1','3','0','24','30','2023-03-06 11:52:00',NULL,NULL);
INSERT INTO `glpi_crontasks` VALUES ('20','TicketRecurrent','ticketrecurrent','3600',NULL,'1','1','3','0','24','30','2023-03-07 15:54:00',NULL,NULL);
INSERT INTO `glpi_crontasks` VALUES ('21','PlanningRecall','planningrecall','300',NULL,'1','1','3','0','24','30','2023-03-07 15:46:00',NULL,NULL);
INSERT INTO `glpi_crontasks` VALUES ('22','QueuedMail','queuedmail','60','50','1','1','3','0','24','30','2023-03-07 11:58:00',NULL,NULL);
INSERT INTO `glpi_crontasks` VALUES ('23','QueuedMail','queuedmailclean','86400','30','1','1','3','0','24','30','2023-03-07 17:17:00',NULL,NULL);
INSERT INTO `glpi_crontasks` VALUES ('24','Crontask','temp','3600',NULL,'1','1','3','0','24','30','2023-03-07 14:59:00',NULL,NULL);
INSERT INTO `glpi_crontasks` VALUES ('25','MailCollector','mailgateerror','86400',NULL,'1','1','3','0','24','30','2023-03-06 12:21:00',NULL,NULL);
INSERT INTO `glpi_crontasks` VALUES ('26','Crontask','circularlogs','86400','4','0','1','3','0','24','30',NULL,NULL,NULL);

### Dump table glpi_devicecases

CREATE TABLE `glpi_devicecases` (
  `id` int(11) NOT NULL AUTO_INCREMENT,
  `designation` varchar(255) COLLATE utf8_unicode_ci DEFAULT NULL,
  `devicecasetypes_id` int(11) NOT NULL DEFAULT '0',
  `comment` text COLLATE utf8_unicode_ci,
  `manufacturers_id` int(11) NOT NULL DEFAULT '0',
  `entities_id` int(11) NOT NULL DEFAULT '0',
  `is_recursive` tinyint(1) NOT NULL DEFAULT '0',
  PRIMARY KEY (`id`),
  KEY `designation` (`designation`),
  KEY `manufacturers_id` (`manufacturers_id`),
  KEY `devicecasetypes_id` (`devicecasetypes_id`),
  KEY `entities_id` (`entities_id`),
  KEY `is_recursive` (`is_recursive`)
) ENGINE=MyISAM  DEFAULT CHARSET=utf8 COLLATE=utf8_unicode_ci;

INSERT INTO `glpi_devicecases` VALUES ('1','Boitier MIS 2007','2','','5','0','1');
INSERT INTO `glpi_devicecases` VALUES ('2','Boitier Avance ZION rdc 2008','2','','0','0','1');
INSERT INTO `glpi_devicecases` VALUES ('3','Shuttle K45','3','intel 945 gc ich7','7','0','1');
INSERT INTO `glpi_devicecases` VALUES ('4','Shuttle SD30G2','0','intel 945 gc ich7','7','0','1');
INSERT INTO `glpi_devicecases` VALUES ('5','shutlle K48 SFF Shutlle K-series','3','','7','0','1');
INSERT INTO `glpi_devicecases` VALUES ('6','mini tour EN2401 Enlight','3','','10','0','1');
INSERT INTO `glpi_devicecases` VALUES ('7','Boitier Advance B9320CA','2','','14','0','1');
INSERT INTO `glpi_devicecases` VALUES ('8','Shuttle SG41 plus','0','','7','0','1');
INSERT INTO `glpi_devicecases` VALUES ('9','Shuttle XPC SG41J1','3','','7','0','1');
INSERT INTO `glpi_devicecases` VALUES ('10','HP DC5800 CZC9221BBT','3','','8','0','1');
INSERT INTO `glpi_devicecases` VALUES ('11','Boitier Advance Case-3906B','3','','0','0','1');
INSERT INTO `glpi_devicecases` VALUES ('12','T510','3','','8','0','1');
INSERT INTO `glpi_devicecases` VALUES ('14','NUC5i3RYK','4','Petit Nuc','1','0','0');
INSERT INTO `glpi_devicecases` VALUES ('15','NUC5i3RYH','4','','1','0','0');
INSERT INTO `glpi_devicecases` VALUES ('16','HP Prodesk 600 G1 SFF','0','','8','0','0');
INSERT INTO `glpi_devicecases` VALUES ('17','HP compac elite 8300','0','','8','0','0');
INSERT INTO `glpi_devicecases` VALUES ('18','Lenovo ThinkCentre','0','','26','0','0');

### Dump table glpi_devicecasetypes

CREATE TABLE `glpi_devicecasetypes` (
  `id` int(11) NOT NULL AUTO_INCREMENT,
  `name` varchar(255) COLLATE utf8_unicode_ci DEFAULT NULL,
  `comment` text COLLATE utf8_unicode_ci,
  PRIMARY KEY (`id`),
  KEY `name` (`name`)
) ENGINE=MyISAM  DEFAULT CHARSET=utf8 COLLATE=utf8_unicode_ci;

INSERT INTO `glpi_devicecasetypes` VALUES ('1','Grand',NULL);
INSERT INTO `glpi_devicecasetypes` VALUES ('2','Moyen',NULL);
INSERT INTO `glpi_devicecasetypes` VALUES ('3','Micro',NULL);
INSERT INTO `glpi_devicecasetypes` VALUES ('4','Petit','');

### Dump table glpi_devicecontrols

CREATE TABLE `glpi_devicecontrols` (
  `id` int(11) NOT NULL AUTO_INCREMENT,
  `designation` varchar(255) COLLATE utf8_unicode_ci DEFAULT NULL,
  `is_raid` tinyint(1) NOT NULL DEFAULT '0',
  `comment` text COLLATE utf8_unicode_ci,
  `manufacturers_id` int(11) NOT NULL DEFAULT '0',
  `interfacetypes_id` int(11) NOT NULL DEFAULT '0',
  `entities_id` int(11) NOT NULL DEFAULT '0',
  `is_recursive` tinyint(1) NOT NULL DEFAULT '0',
  PRIMARY KEY (`id`),
  KEY `designation` (`designation`),
  KEY `manufacturers_id` (`manufacturers_id`),
  KEY `interfacetypes_id` (`interfacetypes_id`),
  KEY `entities_id` (`entities_id`),
  KEY `is_recursive` (`is_recursive`)
) ENGINE=MyISAM DEFAULT CHARSET=utf8 COLLATE=utf8_unicode_ci;


### Dump table glpi_devicedrives

CREATE TABLE `glpi_devicedrives` (
  `id` int(11) NOT NULL AUTO_INCREMENT,
  `designation` varchar(255) COLLATE utf8_unicode_ci DEFAULT NULL,
  `is_writer` tinyint(1) NOT NULL DEFAULT '1',
  `speed` varchar(255) COLLATE utf8_unicode_ci DEFAULT NULL,
  `comment` text COLLATE utf8_unicode_ci,
  `manufacturers_id` int(11) NOT NULL DEFAULT '0',
  `interfacetypes_id` int(11) NOT NULL DEFAULT '0',
  `entities_id` int(11) NOT NULL DEFAULT '0',
  `is_recursive` tinyint(1) NOT NULL DEFAULT '0',
  PRIMARY KEY (`id`),
  KEY `designation` (`designation`),
  KEY `manufacturers_id` (`manufacturers_id`),
  KEY `interfacetypes_id` (`interfacetypes_id`),
  KEY `entities_id` (`entities_id`),
  KEY `is_recursive` (`is_recursive`)
) ENGINE=MyISAM  DEFAULT CHARSET=utf8 COLLATE=utf8_unicode_ci;

INSERT INTO `glpi_devicedrives` VALUES ('1','ATAPI DVD D DH16D2P','0','','','0','1','0','0');
INSERT INTO `glpi_devicedrives` VALUES ('2','Dvd RW','1','','','0','2','0','0');
INSERT INTO `glpi_devicedrives` VALUES ('3','CD rom','1','','','0','1','0','1');
INSERT INTO `glpi_devicedrives` VALUES ('4','Dvd Sony 16x','1','16','','0','0','0','1');
INSERT INTO `glpi_devicedrives` VALUES ('5','DVD  16x 48x optiarc','0','16-48','','0','1','0','1');
INSERT INTO `glpi_devicedrives` VALUES ('6','Lecteur DVD','1','12X/8X','','23','2','0','0');
INSERT INTO `glpi_devicedrives` VALUES ('7','HP DVD-ROM DT80N','1','','','8','2','0','0');
INSERT INTO `glpi_devicedrives` VALUES ('8','HP DVD-ROM DT31N','1','','','8','2','0','0');

### Dump table glpi_devicegraphiccards

CREATE TABLE `glpi_devicegraphiccards` (
  `id` int(11) NOT NULL AUTO_INCREMENT,
  `designation` varchar(255) COLLATE utf8_unicode_ci DEFAULT NULL,
  `interfacetypes_id` int(11) NOT NULL DEFAULT '0',
  `comment` text COLLATE utf8_unicode_ci,
  `manufacturers_id` int(11) NOT NULL DEFAULT '0',
  `memory_default` int(11) NOT NULL DEFAULT '0',
  `entities_id` int(11) NOT NULL DEFAULT '0',
  `is_recursive` tinyint(1) NOT NULL DEFAULT '0',
  `chipset` varchar(255) COLLATE utf8_unicode_ci DEFAULT NULL,
  PRIMARY KEY (`id`),
  KEY `designation` (`designation`),
  KEY `manufacturers_id` (`manufacturers_id`),
  KEY `interfacetypes_id` (`interfacetypes_id`),
  KEY `entities_id` (`entities_id`),
  KEY `is_recursive` (`is_recursive`),
  KEY `chipset` (`chipset`)
) ENGINE=MyISAM  DEFAULT CHARSET=utf8 COLLATE=utf8_unicode_ci;

INSERT INTO `glpi_devicegraphiccards` VALUES ('1','integrated','5','','0','0','0','1',NULL);
INSERT INTO `glpi_devicegraphiccards` VALUES ('2','ATI Tech. Enhanced /Rage Mobility AGP','5','','0','0','0','1',NULL);
INSERT INTO `glpi_devicegraphiccards` VALUES ('3','Cirrus Logic /9530N','5','','0','0','0','1',NULL);
INSERT INTO `glpi_devicegraphiccards` VALUES ('4','Cirrus Logic','5','','0','0','0','1',NULL);
INSERT INTO `glpi_devicegraphiccards` VALUES ('5','Intel HD Graphics 4400','5','','1','0','0','0',NULL);
INSERT INTO `glpi_devicegraphiccards` VALUES ('6','SIS /SIS 6326 3D Pro','5','','0','0','0','1',NULL);
INSERT INTO `glpi_devicegraphiccards` VALUES ('7','S3 /Trio 3D/2X on board','5','','0','0','0','1',NULL);
INSERT INTO `glpi_devicegraphiccards` VALUES ('8','ATI rage pro','5','','0','0','0','1',NULL);
INSERT INTO `glpi_devicegraphiccards` VALUES ('9','ATI rage 128 pro ultra','5','','0','0','0','1',NULL);
INSERT INTO `glpi_devicegraphiccards` VALUES ('10','ATI rage XL 2x','5','','0','0','0','1',NULL);
INSERT INTO `glpi_devicegraphiccards` VALUES ('11','Savage pro 8 intégré','5','','0','0','0','1',NULL);
INSERT INTO `glpi_devicegraphiccards` VALUES ('12','Matrox mga mystique','5','','0','0','0','1',NULL);
INSERT INTO `glpi_devicegraphiccards` VALUES ('13','Intel 82865G integré','5','','0','0','0','1',NULL);
INSERT INTO `glpi_devicegraphiccards` VALUES ('14','Intel (R) G41 Express Chipset','0','','1','0','0','1',NULL);
INSERT INTO `glpi_devicegraphiccards` VALUES ('15','Red Hat QXL GPU - ndv','0','','1','0','0','0','');
INSERT INTO `glpi_devicegraphiccards` VALUES ('16','Intel(R) HD Graphics 4600','0','','1','0','0','0','');
INSERT INTO `glpi_devicegraphiccards` VALUES ('17','Intel(R) HD Graphics 630','0','','1','0','0','0','');
INSERT INTO `glpi_devicegraphiccards` VALUES ('18','Intel (R) Iris (R) Xe Graphics','0','','1','0','0','0','');

### Dump table glpi_deviceharddrives

CREATE TABLE `glpi_deviceharddrives` (
  `id` int(11) NOT NULL AUTO_INCREMENT,
  `designation` varchar(255) COLLATE utf8_unicode_ci DEFAULT NULL,
  `rpm` varchar(255) COLLATE utf8_unicode_ci DEFAULT NULL,
  `interfacetypes_id` int(11) NOT NULL DEFAULT '0',
  `cache` varchar(255) COLLATE utf8_unicode_ci DEFAULT NULL,
  `comment` text COLLATE utf8_unicode_ci,
  `manufacturers_id` int(11) NOT NULL DEFAULT '0',
  `capacity_default` int(11) NOT NULL DEFAULT '0',
  `entities_id` int(11) NOT NULL DEFAULT '0',
  `is_recursive` tinyint(1) NOT NULL DEFAULT '0',
  PRIMARY KEY (`id`),
  KEY `designation` (`designation`),
  KEY `manufacturers_id` (`manufacturers_id`),
  KEY `interfacetypes_id` (`interfacetypes_id`),
  KEY `entities_id` (`entities_id`),
  KEY `is_recursive` (`is_recursive`)
) ENGINE=MyISAM  DEFAULT CHARSET=utf8 COLLATE=utf8_unicode_ci;

INSERT INTO `glpi_deviceharddrives` VALUES ('1','Maxtor','','1','','','0','0','0','1');
INSERT INTO `glpi_deviceharddrives` VALUES ('3','Quantum 15 Go','','1','','','0','0','0','1');
INSERT INTO `glpi_deviceharddrives` VALUES ('4','Seagate 4 Go','','1','','','0','0','0','1');
INSERT INTO `glpi_deviceharddrives` VALUES ('5','WDC 18 Go','','1','','','0','0','0','1');
INSERT INTO `glpi_deviceharddrives` VALUES ('6','Hitachi 60 Go','','1','','','0','0','0','1');
INSERT INTO `glpi_deviceharddrives` VALUES ('7','IBM 40 Go','','1','','','0','0','0','1');
INSERT INTO `glpi_deviceharddrives` VALUES ('8','Maxtor 20 Go','','1','','','0','0','0','1');
INSERT INTO `glpi_deviceharddrives` VALUES ('9','Quantum 6 Go','','1','','','0','0','0','1');
INSERT INTO `glpi_deviceharddrives` VALUES ('21','toshiba 40 go','4200','1','','','0','0','0','1');
INSERT INTO `glpi_deviceharddrives` VALUES ('13','WDC 60 Go','','1','','','0','0','0','1');
INSERT INTO `glpi_deviceharddrives` VALUES ('14','WDC 80 Go','','1','','','0','0','0','1');
INSERT INTO `glpi_deviceharddrives` VALUES ('15','Maxtor  80 Go','','1','','','0','0','0','1');
INSERT INTO `glpi_deviceharddrives` VALUES ('16','SSD KINGSTON 120GO','7200','2','','HDS728080PLA380','2','120','0','0');
INSERT INTO `glpi_deviceharddrives` VALUES ('17','Hitachi 80 Go','','1','','','0','0','0','1');
INSERT INTO `glpi_deviceharddrives` VALUES ('18','Hitachi 40 Go','','1','','','0','0','0','1');
INSERT INTO `glpi_deviceharddrives` VALUES ('20','maxtor 40 go','','0','','maxtor','0','0','0','1');
INSERT INTO `glpi_deviceharddrives` VALUES ('22','Hp ST94013A 40go','','0','','','0','0','0','1');
INSERT INTO `glpi_deviceharddrives` VALUES ('23','SSD 60Gb','7200','2','8 mo','','2','0','0','0');
INSERT INTO `glpi_deviceharddrives` VALUES ('24','DD Maxtor','','3','','STM3160813AS','11','160000','0','0');
INSERT INTO `glpi_deviceharddrives` VALUES ('25','Fujitsu MHZ2160BK G2','7200','2','8 mb','','27','160','0','0');
INSERT INTO `glpi_deviceharddrives` VALUES ('26','Seagate 250go 8mo','7200','2','8 mo','','9','0','0','1');
INSERT INTO `glpi_deviceharddrives` VALUES ('27','Maxtor 250GO','','2','','','11','250000','0','0');
INSERT INTO `glpi_deviceharddrives` VALUES ('28','SSD KINGSTONSV300S37A60G','','2','','','2','60000','0','0');
INSERT INTO `glpi_deviceharddrives` VALUES ('29','WDC WD1600AAJS-00B4A0','','0','','','6','0','0','1');
INSERT INTO `glpi_deviceharddrives` VALUES ('31','ssdv300 now 240GB','','2','','','2','240000','0','1');
INSERT INTO `glpi_deviceharddrives` VALUES ('32','ST250DM001','','2','','','20','2300','0','1');
INSERT INTO `glpi_deviceharddrives` VALUES ('33','SSD Tablette Samsung 16 Go','','0','','','20','16000','0','1');
INSERT INTO `glpi_deviceharddrives` VALUES ('34','KINGSTON SSD 120Gb','','2','','','2','120000','0','0');
INSERT INTO `glpi_deviceharddrives` VALUES ('35','DD 250Go','','0','','','0','0','0','0');
INSERT INTO `glpi_deviceharddrives` VALUES ('36','WDC 320 Go','','0','','','0','0','0','0');
INSERT INTO `glpi_deviceharddrives` VALUES ('37','Samsung 128 Go','','3','','','20','128000','0','0');
INSERT INTO `glpi_deviceharddrives` VALUES ('38','Toshiba MK2561','7200','2','','','28','250000','0','0');
INSERT INTO `glpi_deviceharddrives` VALUES ('39','WD5000BPKT 500Go','7200','2','16','','6','500000','0','0');
INSERT INTO `glpi_deviceharddrives` VALUES ('40','Hitachi 150 Go','','2','','','18','150000','0','0');
INSERT INTO `glpi_deviceharddrives` VALUES ('41','Kingston sa400s37/120g','','2','','Disque ssd kingston black','2','0','0','0');
INSERT INTO `glpi_deviceharddrives` VALUES ('42','PNY CS900 120GB SSD','','0','120000','','0','0','0','0');
INSERT INTO `glpi_deviceharddrives` VALUES ('43','DD 500 GO','','0','','','0','500000','0','0');
INSERT INTO `glpi_deviceharddrives` VALUES ('50','SSD 250 Go','','0','','','0','0','0','0');
INSERT INTO `glpi_deviceharddrives` VALUES ('45','SSD Kingston 240Go','','0','','MODELE:SUV500/2406','2','240000','0','0');
INSERT INTO `glpi_deviceharddrives` VALUES ('46','SSD SanDisk 240Go','','0','','MODEL:SDSSA 2.5\" SSD Drive
SDSSDA-240G','32','240000','0','0');
INSERT INTO `glpi_deviceharddrives` VALUES ('49','SSD Intel 240Go','','0','','MODEL:SSDSC2KW240H6','1','0','0','0');
INSERT INTO `glpi_deviceharddrives` VALUES ('48','SSD PNY 240Go','','0','','MODEL:6783343','33','240000','0','0');
INSERT INTO `glpi_deviceharddrives` VALUES ('51','Disque dur 465.76 Go','','0','','','0','0','0','0');
INSERT INTO `glpi_deviceharddrives` VALUES ('52',' SSD240GB','','0','','','0','0','0','0');

### Dump table glpi_devicememories

CREATE TABLE `glpi_devicememories` (
  `id` int(11) NOT NULL AUTO_INCREMENT,
  `designation` varchar(255) COLLATE utf8_unicode_ci DEFAULT NULL,
  `frequence` varchar(255) COLLATE utf8_unicode_ci DEFAULT NULL,
  `comment` text COLLATE utf8_unicode_ci,
  `manufacturers_id` int(11) NOT NULL DEFAULT '0',
  `size_default` int(11) NOT NULL DEFAULT '0',
  `devicememorytypes_id` int(11) NOT NULL DEFAULT '0',
  `entities_id` int(11) NOT NULL DEFAULT '0',
  `is_recursive` tinyint(1) NOT NULL DEFAULT '0',
  PRIMARY KEY (`id`),
  KEY `designation` (`designation`),
  KEY `manufacturers_id` (`manufacturers_id`),
  KEY `devicememorytypes_id` (`devicememorytypes_id`),
  KEY `entities_id` (`entities_id`),
  KEY `is_recursive` (`is_recursive`)
) ENGINE=MyISAM  DEFAULT CHARSET=utf8 COLLATE=utf8_unicode_ci;

INSERT INTO `glpi_devicememories` VALUES ('1','ME008A PC66 EDO 8Mo','','','0','0','1','0','1');
INSERT INTO `glpi_devicememories` VALUES ('2','MD256C PC133 DDR 256Mo','','','0','0','1','0','1');
INSERT INTO `glpi_devicememories` VALUES ('3','ME032A PC66 EDO 32Mo','','','0','0','1','0','1');
INSERT INTO `glpi_devicememories` VALUES ('4','ME016A PC66 EDO 16Mo','','','0','0','1','0','1');
INSERT INTO `glpi_devicememories` VALUES ('5','MD128C PC133 DDR 128Mo','','','0','0','1','0','1');
INSERT INTO `glpi_devicememories` VALUES ('6','MS016A PC66 SDRAM 16Mo','','','0','0','1','0','1');
INSERT INTO `glpi_devicememories` VALUES ('7','MS032A PC66 SDRAM 32Mo','','','0','0','1','0','1');
INSERT INTO `glpi_devicememories` VALUES ('8','MS064A PC66 SDRAM 64Mo','','','0','0','1','0','1');
INSERT INTO `glpi_devicememories` VALUES ('9','MS064B PC100 SDRAM 64Mo','','','0','0','1','0','1');
INSERT INTO `glpi_devicememories` VALUES ('10','MS128B PC100 SDRAM 128Mo','','','0','0','1','0','1');
INSERT INTO `glpi_devicememories` VALUES ('11','MS128C PC133 SDRAM  2 x 128 Mo','','','0','0','1','0','1');
INSERT INTO `glpi_devicememories` VALUES ('12','MS256C PC133 SDRAM 256Mo','','','0','0','1','0','1');
INSERT INTO `glpi_devicememories` VALUES ('17','DDR 512 3200','','','0','0','2','0','1');
INSERT INTO `glpi_devicememories` VALUES ('14','DDR 256 3200','3200','','0','256','2','0','1');
INSERT INTO `glpi_devicememories` VALUES ('15','DDR 256 2700','','','0','0','1','0','1');
INSERT INTO `glpi_devicememories` VALUES ('16','DDR 256 2100','','','0','0','1','0','1');
INSERT INTO `glpi_devicememories` VALUES ('18','DDR2 kingston','400','PC 3200','2','4','5','0','0');
INSERT INTO `glpi_devicememories` VALUES ('19','DDR3 4Go ','1600','','2','4000','6','0','0');
INSERT INTO `glpi_devicememories` VALUES ('21','256mo','','','0','0','0','0','1');
INSERT INTO `glpi_devicememories` VALUES ('22','512 Mo','','','0','0','0','0','1');
INSERT INTO `glpi_devicememories` VALUES ('24','Kingston (2 Go) et Samsung (2 Go)','332.48 MHz','','2','4000','5','0','0');
INSERT INTO `glpi_devicememories` VALUES ('26','2 barrettes KINGSTON (4 Go)','800Mhz','kvr800D2N5','2','4000','5','0','0');
INSERT INTO `glpi_devicememories` VALUES ('27','DDR3  4go','1600','Dual channel','2','0','6','0','0');
INSERT INTO `glpi_devicememories` VALUES ('29','DDR-2   1Go  Kv667d2n5/1g','667','','2','0','5','0','1');
INSERT INTO `glpi_devicememories` VALUES ('30','DDR-2 1G KVR533D2N4-1G','533','','2','0','5','0','1');
INSERT INTO `glpi_devicememories` VALUES ('31','Kingston (2 Go) et Samsung (1 Go)','332.48 MHz','3 Go de mémoire totale de type DDR2 à 332.48 MHz
- Barrette Samsung de 1 Go
- Barrette Kingston de 2 Go
','2','3000','5','0','0');
INSERT INTO `glpi_devicememories` VALUES ('32','KVR 1333D359','','','2','4000','7','0','1');
INSERT INTO `glpi_devicememories` VALUES ('33','newmemory','','','0','0','0','0','1');
INSERT INTO `glpi_devicememories` VALUES ('34','KVR 13N958','','','2','4000','6','0','1');
INSERT INTO `glpi_devicememories` VALUES ('35','KVR 16N11S8/4','','','2','4000','6','0','0');
INSERT INTO `glpi_devicememories` VALUES ('36','Kingston 4go KVR13N9S8/4','1333','','2','4096','6','0','0');
INSERT INTO `glpi_devicememories` VALUES ('38','RAM Tablette Samsung 1,5 Go','','','20','1500','0','0','1');
INSERT INTO `glpi_devicememories` VALUES ('40','KVR 16LS11/4 4GB','1600','1.35V','2','0','9','0','0');
INSERT INTO `glpi_devicememories` VALUES ('41','KVR 1333D3S9/4G 4GB','1333','1.5V','2','0','6','0','0');
INSERT INTO `glpi_devicememories` VALUES ('42','DDR3L 4000','1600','','2','4000','9','0','0');
INSERT INTO `glpi_devicememories` VALUES ('43','DDR2 3036 RAM','','','0','0','0','0','0');
INSERT INTO `glpi_devicememories` VALUES ('44','DDR3L (1500)','1600','','2','1500','9','0','0');
INSERT INTO `glpi_devicememories` VALUES ('45','8 Go','','','0','8000','0','0','0');
INSERT INTO `glpi_devicememories` VALUES ('47','Barrette 4Go','','','0','4000','0','0','0');
INSERT INTO `glpi_devicememories` VALUES ('48','4Go Kingston','','','0','0','0','0','0');
INSERT INTO `glpi_devicememories` VALUES ('49','4Go Micron','','','34','4000','0','0','0');
INSERT INTO `glpi_devicememories` VALUES ('50','SK Hynix 4Go','','','35','0','0','0','0');
INSERT INTO `glpi_devicememories` VALUES ('51','Barrette Samsung de 4 Go','800','','20','0','6','0','0');
INSERT INTO `glpi_devicememories` VALUES ('52','DDR4-2400','1200','8000=8GO','20','8000','10','0','0');
INSERT INTO `glpi_devicememories` VALUES ('53','DDR4-3200','1600','Mio = GBytes','20','8','10','0','0');
INSERT INTO `glpi_devicememories` VALUES ('54','DDR3 4GO ','1600','DUAL CHANNEL','0','8000','6','0','0');

### Dump table glpi_devicememorytypes

