INSERT INTO `glpi_logs` VALUES ('32787','Computer','18947','0','20','Barillet (1628)','2023-01-18 13:42:23','0','','');
INSERT INTO `glpi_logs` VALUES ('32788','Computer','18945','DeviceProcessor','1','Beaumont (1627)','2023-01-18 13:42:41','0','','Intel Core i5 7400 (64)');
INSERT INTO `glpi_logs` VALUES ('32789','Computer','609','0','13','glpinom (2) (2)','2023-01-18 13:42:50','0','','');
INSERT INTO `glpi_logs` VALUES ('32790','Computer','616','0','13','glpinom (2) (2)','2023-01-18 13:42:56','0','','');
INSERT INTO `glpi_logs` VALUES ('32791','Computer','617','0','13','glpinom (2) (2)','2023-01-18 13:43:01','0','','');
INSERT INTO `glpi_logs` VALUES ('32792','Computer','18948','0','20','Barillet (1628)','2023-01-18 13:44:47','0','','');
INSERT INTO `glpi_logs` VALUES ('32793','Computer','18949','0','20','Barillet (1628)','2023-01-18 13:46:02','0','','');
INSERT INTO `glpi_logs` VALUES ('32794','Computer','18950','0','20','Barillet (1628)','2023-01-18 13:46:57','0','','');
INSERT INTO `glpi_logs` VALUES ('32795','Computer','18951','0','20','Barillet (1628)','2023-01-18 13:47:45','0','','');
INSERT INTO `glpi_logs` VALUES ('32796','Computer','18952','0','20','Barillet (1628)','2023-01-18 13:48:35','0','','');
INSERT INTO `glpi_logs` VALUES ('32797','Computer','18953','0','20','Barillet (1628)','2023-01-18 13:49:20','0','','');
INSERT INTO `glpi_logs` VALUES ('32798','Computer','18945','DeviceMotherboard','1','Beaumont (1627)','2023-01-18 13:57:04','0','','Lenovo 3112 (65)');
INSERT INTO `glpi_logs` VALUES ('32799','Computer','18945','DeviceMemory','1','Beaumont (1627)','2023-01-18 14:03:40','0','','DDR4-2400 (52)');
INSERT INTO `glpi_logs` VALUES ('32800','Computer','18951','','0','Barillet (1628)','2023-01-18 14:07:57','5','','80-CE-62-4A-91-36');
INSERT INTO `glpi_logs` VALUES ('32801','Computer','18945','DeviceGraphicCard','1','Beaumont (1627)','2023-01-18 14:09:57','0','','Intel(R) HD Graphics 630 (17)');
INSERT INTO `glpi_logs` VALUES ('32802','Computer','18954','0','20','Beaumont (1627)','2023-01-18 14:15:51','0','','');
INSERT INTO `glpi_logs` VALUES ('32803','Computer','18955','0','20','Beaumont (1627)','2023-01-18 14:16:50','0','','');
INSERT INTO `glpi_logs` VALUES ('32814','Ticket','3270','User','15','HEBERT (1340)','2023-01-19 13:35:36','0','','HEBERT (1340)');
INSERT INTO `glpi_logs` VALUES ('32815','Ticket','3270','0','20','HEBERT (1340)','2023-01-19 13:35:36','0','','');
INSERT INTO `glpi_logs` VALUES ('32816','Ticket','3271','Computer','15','HEBERT (1340)','2023-01-19 13:36:57','0','','s324p14 (1314)');
INSERT INTO `glpi_logs` VALUES ('32817','Computer','1314','Ticket','15','HEBERT (1340)','2023-01-19 13:36:57','0','','problèùe session pc (3271)');
INSERT INTO `glpi_logs` VALUES ('32818','Ticket','3271','User','15','HEBERT (1340)','2023-01-19 13:36:57','0','','HEBERT (1340)');
INSERT INTO `glpi_logs` VALUES ('32819','Ticket','3271','0','20','HEBERT (1340)','2023-01-19 13:36:57','0','','');
INSERT INTO `glpi_logs` VALUES ('32820','Ticket','3272','Computer','15','HEBERT (1340)','2023-01-19 13:38:29','0','','S324p30 (1918)');
INSERT INTO `glpi_logs` VALUES ('32821','Computer','1918','Ticket','15','HEBERT (1340)','2023-01-19 13:38:29','0','','ecran qui ne s\'allume pas (3272)');
INSERT INTO `glpi_logs` VALUES ('32822','Ticket','3272','User','15','HEBERT (1340)','2023-01-19 13:38:29','0','','HEBERT (1340)');
INSERT INTO `glpi_logs` VALUES ('32823','Ticket','3272','0','20','HEBERT (1340)','2023-01-19 13:38:29','0','','');
INSERT INTO `glpi_logs` VALUES ('32824','Ticket','3273','User','15','lebouvier (1368)','2023-01-20 08:50:48','0','','lebouvier (1368)');
INSERT INTO `glpi_logs` VALUES ('32825','Ticket','3273','0','20','lebouvier (1368)','2023-01-20 08:50:48','0','','');
INSERT INTO `glpi_logs` VALUES ('32826','Ticket','3274','User','15','lebouvier (1368)','2023-01-20 08:53:26','0','','lebouvier (1368)');
INSERT INTO `glpi_logs` VALUES ('32827','Ticket','3274','0','20','lebouvier (1368)','2023-01-20 08:53:26','0','','');
INSERT INTO `glpi_logs` VALUES ('32828','Ticket','3275','Computer','15','CARNET (1547)','2023-01-20 09:34:28','0','','ExS125P10 (1154)');
INSERT INTO `glpi_logs` VALUES ('32829','Computer','1154','Ticket','15','CARNET (1547)','2023-01-20 09:34:28','0','','Câble Ethernet (3275)');
INSERT INTO `glpi_logs` VALUES ('32830','Ticket','3275','User','15','CARNET (1547)','2023-01-20 09:34:28','0','','CARNET (1547)');
INSERT INTO `glpi_logs` VALUES ('32831','Ticket','3275','0','20','CARNET (1547)','2023-01-20 09:34:28','0','','');
INSERT INTO `glpi_logs` VALUES ('32832','Ticket','3276','User','15','Séverine (1068)','2023-01-20 16:06:32','0','','Séverine (1068)');
INSERT INTO `glpi_logs` VALUES ('32833','Ticket','3276','0','20','Séverine (1068)','2023-01-20 16:06:32','0','','');
INSERT INTO `glpi_logs` VALUES ('32834','Ticket','3277','Computer','15','Herel (1149)','2023-01-24 13:42:20','0','','S324p26 (1914)');
INSERT INTO `glpi_logs` VALUES ('32835','Computer','1914','Ticket','15','Herel (1149)','2023-01-24 13:42:20','0','','poste 26 (3277)');
INSERT INTO `glpi_logs` VALUES ('32836','Ticket','3277','User','15','Herel (1149)','2023-01-24 13:42:20','0','','Herel (1149)');
INSERT INTO `glpi_logs` VALUES ('32837','Ticket','3277','0','20','Herel (1149)','2023-01-24 13:42:20','0','','');
INSERT INTO `glpi_logs` VALUES ('32838','Ticket','3278','User','15','mace (421)','2023-01-24 15:56:44','0','','mace (421)');
INSERT INTO `glpi_logs` VALUES ('32839','Ticket','3278','0','20','mace (421)','2023-01-24 15:56:44','0','','');
INSERT INTO `glpi_logs` VALUES ('32840','User','1631','Profile','17','','2023-01-25 08:11:42','0','','post-only (1)');
INSERT INTO `glpi_logs` VALUES ('32841','User','1631','0','20','','2023-01-25 08:11:42','0','','');
INSERT INTO `glpi_logs` VALUES ('32842','User','1549','Profile','17','glpinom (2) (2)','2023-01-25 08:14:45','0','','admin (3)');
INSERT INTO `glpi_logs` VALUES ('32843','Ticket','3276','','0','ALEXIS (1549)','2023-01-25 08:33:23','12','1','5');
INSERT INTO `glpi_logs` VALUES ('32844','Ticket','3276','','0','ALEXIS (1549)','2023-01-25 08:33:23','11','3','2');
INSERT INTO `glpi_logs` VALUES ('32845','Ticket','3276','','0','ALEXIS (1549)','2023-01-25 08:33:23','64','ozousev (1068)','alexmat (1549)');
INSERT INTO `glpi_logs` VALUES ('32846','Ticket','3276','','0','ALEXIS (1549)','2023-01-25 08:33:23','17','','2023-01-25 08:33:23');
INSERT INTO `glpi_logs` VALUES ('32847','Ticket','3276','User','15','ALEXIS (1549)','2023-01-25 08:33:36','0','','ALEXIS (1549)');
INSERT INTO `glpi_logs` VALUES ('32848','Ticket','3273','','0','ALEXIS (1549)','2023-01-25 08:52:52','12','1','5');
INSERT INTO `glpi_logs` VALUES ('32849','Ticket','3273','','0','ALEXIS (1549)','2023-01-25 08:52:52','10','5','4');
INSERT INTO `glpi_logs` VALUES ('32850','Ticket','3273','','0','ALEXIS (1549)','2023-01-25 08:52:52','11','3','4');
INSERT INTO `glpi_logs` VALUES ('32851','Ticket','3273','','0','ALEXIS (1549)','2023-01-25 08:52:52','64','lebouf (1368)','alexmat (1549)');
INSERT INTO `glpi_logs` VALUES ('32852','Ticket','3273','','0','ALEXIS (1549)','2023-01-25 08:52:52','17','','2023-01-25 08:52:52');
INSERT INTO `glpi_logs` VALUES ('32853','Ticket','3268','','0','ALEXIS (1549)','2023-01-25 09:03:37','10','4','3');
INSERT INTO `glpi_logs` VALUES ('32854','Ticket','3268','','0','ALEXIS (1549)','2023-01-25 09:03:37','11','3','2');
INSERT INTO `glpi_logs` VALUES ('32855','Ticket','3268','','0','ALEXIS (1549)','2023-01-25 09:03:37','3','4','1');
INSERT INTO `glpi_logs` VALUES ('32856','Ticket','3268','','0','ALEXIS (1549)','2023-01-25 09:03:37','21','Le lecteur cdrom ne se referme plus

merci','Le lecteur cdrom ne se referme plusrnrnmerci');
INSERT INTO `glpi_logs` VALUES ('32857','Ticket','3268','','0','ALEXIS (1549)','2023-01-25 09:03:37','64','eleve (46)','alexmat (1549)');
INSERT INTO `glpi_logs` VALUES ('32858','Ticket','3275','0','13','ALEXIS (1549)','2023-01-25 09:56:36','0','','');
INSERT INTO `glpi_logs` VALUES ('32859','Ticket','3268','0','13','ALEXIS (1549)','2023-01-25 09:57:32','0','','');
INSERT INTO `glpi_logs` VALUES ('32860','Ticket','3278','','0','ALEXIS (1549)','2023-01-25 10:21:08','12','1','5');
INSERT INTO `glpi_logs` VALUES ('32861','Ticket','3278','','0','ALEXIS (1549)','2023-01-25 10:21:08','21','Le toner de l\'imprimante en salle 36 serait à changer
Merci à vous.','Le toner de l\'imprimante en salle 36 serait à changerrnMerci à vous.');
INSERT INTO `glpi_logs` VALUES ('32862','Ticket','3278','','0','ALEXIS (1549)','2023-01-25 10:21:08','64','macea (421)','alexmat (1549)');
INSERT INTO `glpi_logs` VALUES ('32863','Ticket','3278','','0','ALEXIS (1549)','2023-01-25 10:21:08','17','','2023-01-25 10:21:08');
INSERT INTO `glpi_logs` VALUES ('32864','Ticket','3168','0','13','ALEXIS (1549)','2023-01-25 10:22:53','0','','');
INSERT INTO `glpi_logs` VALUES ('32865','Ticket','3241','0','13','ALEXIS (1549)','2023-01-25 10:24:24','0','','');
INSERT INTO `glpi_logs` VALUES ('32866','Ticket','3258','','0','ALEXIS (1549)','2023-01-25 10:37:58','12','1','5');
INSERT INTO `glpi_logs` VALUES ('32867','Ticket','3258','','0','ALEXIS (1549)','2023-01-25 10:37:58','64','danivic (1624)','alexmat (1549)');
INSERT INTO `glpi_logs` VALUES ('32868','Ticket','3258','','0','ALEXIS (1549)','2023-01-25 10:37:58','17','','2023-01-25 10:37:58');
INSERT INTO `glpi_logs` VALUES ('32869','Ticket','3260','','0','ALEXIS (1549)','2023-01-25 10:38:28','64','nogucle (1582)','alexmat (1549)');
INSERT INTO `glpi_logs` VALUES ('32870','Ticket','3260','User','16','ALEXIS (1549)','2023-01-25 10:38:28','0','NOGUEIRE (1582)','');
INSERT INTO `glpi_logs` VALUES ('32871','Ticket','3260','','0','ALEXIS (1549)','2023-01-25 10:38:40','12','1','5');
INSERT INTO `glpi_logs` VALUES ('32872','Ticket','3260','','0','ALEXIS (1549)','2023-01-25 10:38:40','17','','2023-01-25 10:38:40');
INSERT INTO `glpi_logs` VALUES ('32873','Ticket','3279','User','15','caillet (390)','2023-01-25 12:32:15','0','','caillet (390)');
INSERT INTO `glpi_logs` VALUES ('32874','Ticket','3279','0','20','caillet (390)','2023-01-25 12:32:15','0','','');
INSERT INTO `glpi_logs` VALUES ('32875','User','1632','Profile','17','','2023-01-25 13:55:25','0','','post-only (1)');
INSERT INTO `glpi_logs` VALUES ('32876','User','1632','0','20','','2023-01-25 13:55:25','0','','');
INSERT INTO `glpi_logs` VALUES ('32877','User','1632','Profile','17','glpinom (2) (2)','2023-01-25 13:57:45','0','','admin (3)');
INSERT INTO `glpi_logs` VALUES ('32878','Computer','18960','0','20','Barillet (1628)','2023-01-25 13:57:45','0','','');
INSERT INTO `glpi_logs` VALUES ('32879','Computer','2201','','0','Barillet (1628)','2023-01-25 14:00:02','5','','B4-B6-86-E42E-57');
INSERT INTO `glpi_logs` VALUES ('32880','Computer','18960','DeviceProcessor','1','Barillet (1628)','2023-01-25 14:03:09','0','','I5-8250 (63)');
INSERT INTO `glpi_logs` VALUES ('32881','Computer','18960','DeviceGraphicCard','1','Barillet (1628)','2023-01-25 14:03:42','0','','Intel(R) HD Graphics 4600 (16)');
INSERT INTO `glpi_logs` VALUES ('32882','Computer','18960','DeviceHardDrive','1','Barillet (1628)','2023-01-25 14:04:21','0','','DD 500 GO (43)');
INSERT INTO `glpi_logs` VALUES ('32883','Computer','18960','DeviceMemory','1','Barillet (1628)','2023-01-25 14:04:32','0','','8 Go (45)');
INSERT INTO `glpi_logs` VALUES ('32884','Computer','18961','0','20','Beaumont (1627)','2023-01-25 14:15:16','0','','');
INSERT INTO `glpi_logs` VALUES ('32885','Computer','1901','','0','glpinom (2) (2)','2023-01-25 14:26:10','1','s9p1','exs9p1');
INSERT INTO `glpi_logs` VALUES ('32886','Computer','1901','','0','glpinom (2) (2)','2023-01-25 14:26:10','31','En Service (4)','Atelier Btsig (6)');
INSERT INTO `glpi_logs` VALUES ('32887','Computer','18961','DeviceGraphicCard','1','Beaumont (1627)','2023-01-25 14:26:28','0','','Intel (R) Iris (R) Xe Graphics (18)');
INSERT INTO `glpi_logs` VALUES ('32888','Computer','1902','','0','glpinom (2) (2)','2023-01-25 14:26:52','1','s9p2','exs9p2');
INSERT INTO `glpi_logs` VALUES ('32889','Computer','1902','','0','glpinom (2) (2)','2023-01-25 14:26:52','31','En Service (4)','Atelier Btsig (6)');
INSERT INTO `glpi_logs` VALUES ('32890','Computer','1903','','0','glpinom (2) (2)','2023-01-25 14:27:06','1','s9p3','exs9p3');
INSERT INTO `glpi_logs` VALUES ('32891','Computer','1903','','0','glpinom (2) (2)','2023-01-25 14:27:06','31','En Service (4)','Atelier Btsig (6)');
INSERT INTO `glpi_logs` VALUES ('32892','Computer','18961','DeviceMotherboard','1','Beaumont (1627)','2023-01-25 14:27:23','0','','MS-AEO11 (66)');
INSERT INTO `glpi_logs` VALUES ('32893','Computer','18961','DeviceMemory','1','Beaumont (1627)','2023-01-25 14:27:47','0','','DDR4-3200 (53)');
INSERT INTO `glpi_logs` VALUES ('32894','Computer','18961','DeviceProcessor','1','Beaumont (1627)','2023-01-25 14:29:22','0','','Intel Core i7 1165G7 (65)');
INSERT INTO `glpi_logs` VALUES ('32895','Computer','18961','','0','Beaumont (1627)','2023-01-25 14:38:32','1','ms-af81','S112P8');
INSERT INTO `glpi_logs` VALUES ('32896','Computer','18961','','0','Beaumont (1627)','2023-01-25 14:38:32','5','','D8-BB-C1-9C-8F-7A');
INSERT INTO `glpi_logs` VALUES ('32897','Computer','18961','','0','Beaumont (1627)','2023-01-25 14:38:32','6','','2216');
INSERT INTO `glpi_logs` VALUES ('32898','Computer','1924','','0','Crouillebois (1632)','2023-01-25 14:42:10','5','CZC4493K82','C4-34-6B-4E-E2-A5');
INSERT INTO `glpi_logs` VALUES ('32899','Computer','901','','0','Beaumont (1627)','2023-01-25 14:42:11','3','&nbsp; (0)','(Atelier) > (Atelier) (102)');
INSERT INTO `glpi_logs` VALUES ('32900','Computer','18961','','0','Beaumont (1627)','2023-01-25 14:43:43','1','S112P8','gab ms-af81');
INSERT INTO `glpi_logs` VALUES ('32901','Computer','18961','','0','Beaumont (1627)','2023-01-25 14:43:43','5','D8-BB-C1-9C-8F-7A','');
INSERT INTO `glpi_logs` VALUES ('32902','Computer','18961','','0','Beaumont (1627)','2023-01-25 14:43:43','6','2216','');
INSERT INTO `glpi_logs` VALUES ('32903','Computer','18962','0','20','Beaumont (1627)','2023-01-25 14:44:19','0','','');
INSERT INTO `glpi_logs` VALUES ('32904','Computer','2026','','0','Beaumont (1627)','2023-01-25 14:45:11','3','salle 112 (23)','(Atelier) > (Atelier) (102)');
INSERT INTO `glpi_logs` VALUES ('32905','Computer','2003','','0','Beaumont (1627)','2023-01-25 14:45:25','3','salle 112 (23)','(Atelier) (100)');
INSERT INTO `glpi_logs` VALUES ('32906','Computer','2004','','0','Beaumont (1627)','2023-01-25 14:45:36','3','salle 112 (23)','(Atelier) (100)');
INSERT INTO `glpi_logs` VALUES ('32907','Computer','1406','','0','glpinom (2) (2)','2023-01-25 14:46:55','1','ex-s138p06','S9P1');
INSERT INTO `glpi_logs` VALUES ('32908','Computer','1406','','0','glpinom (2) (2)','2023-01-25 14:46:55','3','salle 30 (atelier) (13)','salle 9 (21)');
INSERT INTO `glpi_logs` VALUES ('32909','Computer','1406','','0','glpinom (2) (2)','2023-01-25 14:46:55','33','&nbsp; (0)','ndlp (1)');
INSERT INTO `glpi_logs` VALUES ('32910','Computer','1401','','0','glpinom (2) (2)','2023-01-25 14:48:10','1','ex-s138p01','S9P2');
INSERT INTO `glpi_logs` VALUES ('32911','Computer','1401','','0','glpinom (2) (2)','2023-01-25 14:48:10','3','salle 30 (atelier) (13)','salle 9 (21)');
INSERT INTO `glpi_logs` VALUES ('32912','Computer','1401','','0','glpinom (2) (2)','2023-01-25 14:48:10','33','&nbsp; (0)','ndlp (1)');
INSERT INTO `glpi_logs` VALUES ('32913','Computer','2005','','0','Beaumont (1627)','2023-01-25 14:48:21','3','salle 112 (23)','(Atelier) (100)');
INSERT INTO `glpi_logs` VALUES ('32914','Computer','2006','','0','Beaumont (1627)','2023-01-25 14:48:36','3','salle 112 (23)','(Atelier) (100)');
INSERT INTO `glpi_logs` VALUES ('32915','Computer','2007','','0','Beaumont (1627)','2023-01-25 14:48:51','3','salle 112 (23)','(Atelier) (100)');
INSERT INTO `glpi_logs` VALUES ('32916','Computer','1407','','0','glpinom (2) (2)','2023-01-25 14:48:55','1','ex-s138p07','S9P3');
INSERT INTO `glpi_logs` VALUES ('32917','Computer','1407','','0','glpinom (2) (2)','2023-01-25 14:48:55','3','salle 30 (atelier) (13)','salle 9 (21)');
INSERT INTO `glpi_logs` VALUES ('32918','Computer','1407','','0','glpinom (2) (2)','2023-01-25 14:48:55','33','&nbsp; (0)','ndlp (1)');
INSERT INTO `glpi_logs` VALUES ('32919','Computer','1403','','0','glpinom (2) (2)','2023-01-25 14:49:34','1','ex-s138p03','S9P4');
INSERT INTO `glpi_logs` VALUES ('32920','Computer','1403','','0','glpinom (2) (2)','2023-01-25 14:49:34','3','salle 30 (atelier) (13)','salle 9 (21)');
INSERT INTO `glpi_logs` VALUES ('32921','Computer','1403','','0','glpinom (2) (2)','2023-01-25 14:49:34','33','&nbsp; (0)','ndlp (1)');
INSERT INTO `glpi_logs` VALUES ('32922','Computer','1402','','0','glpinom (2) (2)','2023-01-25 14:50:05','1','ex-s138p02','S9P5');
INSERT INTO `glpi_logs` VALUES ('32923','Computer','1402','','0','glpinom (2) (2)','2023-01-25 14:50:05','3','salle 30 (atelier) (13)','salle 9 (21)');
INSERT INTO `glpi_logs` VALUES ('32924','Computer','1402','','0','glpinom (2) (2)','2023-01-25 14:50:05','33','&nbsp; (0)','ndlp (1)');
INSERT INTO `glpi_logs` VALUES ('32925','Computer','2008','','0','Beaumont (1627)','2023-01-25 14:50:19','3','salle 112 (23)','(Atelier) (100)');
INSERT INTO `glpi_logs` VALUES ('32926','Computer','1413','','0','glpinom (2) (2)','2023-01-25 14:50:31','1','ex-s138p13','S9P6');
INSERT INTO `glpi_logs` VALUES ('32927','Computer','1413','','0','glpinom (2) (2)','2023-01-25 14:50:31','3','salle 30 (atelier) (13)','salle 9 (21)');
INSERT INTO `glpi_logs` VALUES ('32928','Computer','1413','','0','glpinom (2) (2)','2023-01-25 14:50:31','33','&nbsp; (0)','ndlp (1)');
INSERT INTO `glpi_logs` VALUES ('32929','Computer','1410','','0','glpinom (2) (2)','2023-01-25 14:50:53','1','ex-s138p10','S9P7');
INSERT INTO `glpi_logs` VALUES ('32930','Computer','1410','','0','glpinom (2) (2)','2023-01-25 14:50:53','3','salle 30 (atelier) (13)','salle 9 (21)');
INSERT INTO `glpi_logs` VALUES ('32931','Computer','1410','','0','glpinom (2) (2)','2023-01-25 14:50:53','33','&nbsp; (0)','ndlp (1)');
INSERT INTO `glpi_logs` VALUES ('32932','Computer','1924','DeviceGraphicCard','1','Crouillebois (1632)','2023-01-25 14:51:14','0','','Intel(R) HD Graphics 4600 (16)');
INSERT INTO `glpi_logs` VALUES ('32933','Computer','1404','','0','glpinom (2) (2)','2023-01-25 14:51:23','1','ex-s138p04','S9P8');
INSERT INTO `glpi_logs` VALUES ('32934','Computer','1404','','0','glpinom (2) (2)','2023-01-25 14:51:23','3','salle 30 (atelier) (13)','salle 9 (21)');
INSERT INTO `glpi_logs` VALUES ('32935','Computer','1404','','0','glpinom (2) (2)','2023-01-25 14:51:23','33','&nbsp; (0)','ndlp (1)');
INSERT INTO `glpi_logs` VALUES ('32936','Computer','1647','','0','Barillet (1628)','2023-01-25 14:51:48','45','Windows 7 (17)','Windows 10 Pro (21)');
INSERT INTO `glpi_logs` VALUES ('32937','Computer','1904','','0','glpinom (2) (2)','2023-01-25 14:52:00','1','s9p4','EXs9p4');
INSERT INTO `glpi_logs` VALUES ('32938','Computer','1904','','0','glpinom (2) (2)','2023-01-25 14:52:00','3','salle 9 (21)','salle 30 (atelier) (13)');
INSERT INTO `glpi_logs` VALUES ('32939','Computer','1924','DeviceProcessor','1','Crouillebois (1632)','2023-01-25 14:52:19','0','','i5-4570 (59)');
INSERT INTO `glpi_logs` VALUES ('32940','Computer','1905','','0','glpinom (2) (2)','2023-01-25 14:52:19','1','s9p5','EXs9p5');
INSERT INTO `glpi_logs` VALUES ('32941','Computer','1905','','0','glpinom (2) (2)','2023-01-25 14:52:19','3','salle 9 (21)','salle 30 (atelier) (13)');
INSERT INTO `glpi_logs` VALUES ('32942','Computer','1703','','0','Barillet (1628)','2023-01-25 14:52:24','45','Windows 7 (17)','Windows 10 Pro (21)');
INSERT INTO `glpi_logs` VALUES ('32943','Computer','1537','','0','glpinom (2) (2)','2023-01-25 14:52:40','1','S9P6','EXS9P6');
INSERT INTO `glpi_logs` VALUES ('32944','Computer','1537','','0','glpinom (2) (2)','2023-01-25 14:52:40','3','salle 9 (21)','salle 30 (atelier) (13)');
INSERT INTO `glpi_logs` VALUES ('32945','Computer','1540','','0','glpinom (2) (2)','2023-01-25 14:52:58','1','S9P7','EXS9P7');
INSERT INTO `glpi_logs` VALUES ('32946','Computer','1540','','0','glpinom (2) (2)','2023-01-25 14:52:58','3','salle 9 (21)','salle 30 (atelier) (13)');
INSERT INTO `glpi_logs` VALUES ('32947','Computer','1559','','0','glpinom (2) (2)','2023-01-25 14:53:17','1','s9P8','EXs9P8');
INSERT INTO `glpi_logs` VALUES ('32948','Computer','1559','','0','glpinom (2) (2)','2023-01-25 14:53:17','3','salle 9 (21)','salle 30 (atelier) (13)');
INSERT INTO `glpi_logs` VALUES ('32949','Computer','18963','0','20','Beaumont (1627)','2023-01-25 14:56:56','0','','');
INSERT INTO `glpi_logs` VALUES ('32950','Computer','1560','','0','Barillet (1628)','2023-01-25 14:56:58','1','S105P1','S125P14');
INSERT INTO `glpi_logs` VALUES ('32951','Computer','1560','','0','Barillet (1628)','2023-01-25 14:56:58','3','salle 105 (29)','Salle 125 CDI (10)');
INSERT INTO `glpi_logs` VALUES ('32952','Computer','1559','','0','Barillet (1628)','2023-01-25 15:05:37','1','EXs9P8','S125P10');
INSERT INTO `glpi_logs` VALUES ('32953','Computer','1559','','0','Barillet (1628)','2023-01-25 15:05:37','3','salle 30 (atelier) (13)','Salle 125 CDI (10)');
INSERT INTO `glpi_logs` VALUES ('32954','Computer','1559','','0','Barillet (1628)','2023-01-25 15:05:37','45','Windows 7 (17)','Windows 10 Pro (21)');
INSERT INTO `glpi_logs` VALUES ('32955','Computer','1901','','0','glpinom (2) (2)','2023-01-25 15:09:17','3','salle 9 (21)','salle 30 (atelier) (13)');
INSERT INTO `glpi_logs` VALUES ('32956','Computer','1902','','0','glpinom (2) (2)','2023-01-25 15:12:01','31','Atelier Btsig (6)','Réparation (1)');
INSERT INTO `glpi_logs` VALUES ('32957','Computer','1902','','0','glpinom (2) (2)','2023-01-25 15:12:01','3','salle 9 (21)','salle 30 (atelier) (13)');
INSERT INTO `glpi_logs` VALUES ('32958','Computer','1903','','0','glpinom (2) (2)','2023-01-25 15:12:17','3','salle 9 (21)','salle 30 (atelier) (13)');
INSERT INTO `glpi_logs` VALUES ('32959','Computer','1903','','0','glpinom (2) (2)','2023-01-25 15:12:37','31','Atelier Btsig (6)','Réparation (1)');
INSERT INTO `glpi_logs` VALUES ('32960','Computer','1724','','0','ALEXIS (1549)','2023-01-25 16:01:34','1','S118N13','S242P4');
INSERT INTO `glpi_logs` VALUES ('32961','Computer','1724','','0','ALEXIS (1549)','2023-01-25 16:01:34','3','salle 118 (4)','salle 240 (sp1) (8)');
INSERT INTO `glpi_logs` VALUES ('32962','Computer','1724','','0','ALEXIS (1549)','2023-01-25 16:01:34','24','btssio1 (1256)','alexmat (1549)');
INSERT INTO `glpi_logs` VALUES ('32963','Computer','1724','','0','ALEXIS (1549)','2023-01-25 16:01:34','33','&nbsp; (0)','ndlp (1)');
INSERT INTO `glpi_logs` VALUES ('32964','Computer','1724','','0','ALEXIS (1549)','2023-01-25 16:01:34','45','Seven N (16)','Windows 10 Education (25)');
INSERT INTO `glpi_logs` VALUES ('32965','Computer','1715','','0','glpinom (2) (2)','2023-01-25 16:06:05','1','S118N4','S242P13');
INSERT INTO `glpi_logs` VALUES ('32966','Computer','1715','','0','glpinom (2) (2)','2023-01-25 16:06:05','3','salle 118 (4)','salle 242 (sp2) (9)');
INSERT INTO `glpi_logs` VALUES ('32967','Computer','1715','','0','glpinom (2) (2)','2023-01-25 16:06:05','5','C0:3F:D5:62:21:C5','B8:AE:ED:7A:19:2D');
INSERT INTO `glpi_logs` VALUES ('32968','Computer','18876','','0','glpinom (2) (2)','2023-01-25 16:07:51','1','S242P13','S118P4');
INSERT INTO `glpi_logs` VALUES ('32969','Computer','18876','','0','glpinom (2) (2)','2023-01-25 16:07:51','3','salle 242 (sp2) (9)','salle 118 (4)');
INSERT INTO `glpi_logs` VALUES ('32970','Computer','18876','','0','glpinom (2) (2)','2023-01-25 16:07:51','5','B8-AE-ED-71-19-2D','C0:3F:D5:62:21:C5');
INSERT INTO `glpi_logs` VALUES ('32971','Computer','1734','','0','glpinom (2) (2)','2023-01-25 16:15:22','6','','1734');
INSERT INTO `glpi_logs` VALUES ('32972','Computer','1878','','0','ALEXIS (1549)','2023-01-26 09:57:16','1','S242P2','S242P3');
INSERT INTO `glpi_logs` VALUES ('32973','Computer','1878','','0','ALEXIS (1549)','2023-01-26 09:57:19','1','S242P3','S242P2');
INSERT INTO `glpi_logs` VALUES ('32974','Computer','1153','','0','ALEXIS (1549)','2023-01-26 10:02:53','3','salle 130 (24)','(Atelier) > salle 36 (Atelier) (103)');
INSERT INTO `glpi_logs` VALUES ('32975','Computer','1153','','0','ALEXIS (1549)','2023-01-26 10:02:53','33','&nbsp; (0)','ndlp (1)');
INSERT INTO `glpi_logs` VALUES ('32976','Computer','929','','0','ALEXIS (1549)','2023-01-26 10:04:07','3','&nbsp; (0)','(Atelier) > salle 36 (Atelier) (103)');
INSERT INTO `glpi_logs` VALUES ('32977','Computer','929','','0','ALEXIS (1549)','2023-01-26 10:04:07','33','&nbsp; (0)','ndlp (1)');
INSERT INTO `glpi_logs` VALUES ('32978','Computer','1724','','0','ALEXIS (1549)','2023-01-26 10:08:06','1','S242P4','S240P4');
INSERT INTO `glpi_logs` VALUES ('32979','Ticket','3280','Computer','15','SUIN (1617)','2023-01-26 16:39:12','0','','exs124p17 (1141)');
INSERT INTO `glpi_logs` VALUES ('32980','Computer','1141','Ticket','15','SUIN (1617)','2023-01-26 16:39:12','0','','Touche clavier manquante (3280)');
INSERT INTO `glpi_logs` VALUES ('32981','Ticket','3280','User','15','SUIN (1617)','2023-01-26 16:39:12','0','','SUIN (1617)');
INSERT INTO `glpi_logs` VALUES ('32982','Ticket','3280','0','20','SUIN (1617)','2023-01-26 16:39:12','0','','');
INSERT INTO `glpi_logs` VALUES ('32983','Ticket','3281','User','15','HEBERT (1340)','2023-01-30 11:07:21','0','','HEBERT (1340)');
INSERT INTO `glpi_logs` VALUES ('32984','Ticket','3281','0','20','HEBERT (1340)','2023-01-30 11:07:21','0','','');
INSERT INTO `glpi_logs` VALUES ('32985','Ticket','3282','User','15','mace (421)','2023-01-30 16:50:21','0','','mace (421)');
INSERT INTO `glpi_logs` VALUES ('32986','Ticket','3282','0','20','mace (421)','2023-01-30 16:50:21','0','','');
INSERT INTO `glpi_logs` VALUES ('32987','Ticket','3267','','0','ALEXIS (1549)','2023-01-31 08:14:55','12','1','5');
INSERT INTO `glpi_logs` VALUES ('32988','Ticket','3267','','0','ALEXIS (1549)','2023-01-31 08:14:55','21','Bonjour Jean Michel,

Je te prie de m\'excuser de te déranger à nouveau mais il est impossible d\'utiliser l\'ordinateur du TBi car la souris \"se promène\" sur l\'écran. Je pense que tu','Bonjour Jean Michel,rnrnJe te prie de m\'excuser de te déranger à nouveau mais il est impossible d\'utiliser l\'ordinateur du TBi car la souris \"se promène\" sur l\'écran. Je pense que ');
INSERT INTO `glpi_logs` VALUES ('32989','Ticket','3267','','0','ALEXIS (1549)','2023-01-31 08:14:55','64','guillc (451)','alexmat (1549)');
INSERT INTO `glpi_logs` VALUES ('32990','Ticket','3267','','0','ALEXIS (1549)','2023-01-31 08:14:55','17','','2023-01-31 08:14:55');
INSERT INTO `glpi_logs` VALUES ('32991','Ticket','3237','','0','ALEXIS (1549)','2023-01-31 10:17:01','12','1','5');
INSERT INTO `glpi_logs` VALUES ('32992','Ticket','3237','','0','ALEXIS (1549)','2023-01-31 10:17:01','64','preaeme (1619)','alexmat (1549)');
INSERT INTO `glpi_logs` VALUES ('32993','Ticket','3237','','0','ALEXIS (1549)','2023-01-31 10:17:01','17','','2023-01-31 10:17:01');
INSERT INTO `glpi_logs` VALUES ('32994','Ticket','3237','0','13','ALEXIS (1549)','2023-01-31 10:17:04','0','','');
INSERT INTO `glpi_logs` VALUES ('32995','Ticket','3257','','0','ALEXIS (1549)','2023-01-31 10:17:16','12','1','5');
INSERT INTO `glpi_logs` VALUES ('32996','Ticket','3257','','0','ALEXIS (1549)','2023-01-31 10:17:16','64','hebera (1340)','alexmat (1549)');
INSERT INTO `glpi_logs` VALUES ('32997','Ticket','3257','','0','ALEXIS (1549)','2023-01-31 10:17:16','17','','2023-01-31 10:17:16');
INSERT INTO `glpi_logs` VALUES ('32998','Ticket','3257','0','13','ALEXIS (1549)','2023-01-31 10:17:18','0','','');
INSERT INTO `glpi_logs` VALUES ('32999','Ticket','3264','','0','ALEXIS (1549)','2023-01-31 10:17:29','12','1','5');
INSERT INTO `glpi_logs` VALUES ('33000','Ticket','3264','','0','ALEXIS (1549)','2023-01-31 10:17:29','64','bourbru (1629)','alexmat (1549)');
INSERT INTO `glpi_logs` VALUES ('33001','Ticket','3264','','0','ALEXIS (1549)','2023-01-31 10:17:29','17','','2023-01-31 10:17:29');
INSERT INTO `glpi_logs` VALUES ('33002','Ticket','3264','0','13','ALEXIS (1549)','2023-01-31 10:17:32','0','','');
INSERT INTO `glpi_logs` VALUES ('33003','Ticket','3272','','0','ALEXIS (1549)','2023-01-31 10:17:40','12','1','5');
INSERT INTO `glpi_logs` VALUES ('33004','Ticket','3272','','0','ALEXIS (1549)','2023-01-31 10:17:40','64','hebera (1340)','alexmat (1549)');
INSERT INTO `glpi_logs` VALUES ('33005','Ticket','3272','','0','ALEXIS (1549)','2023-01-31 10:17:40','17','','2023-01-31 10:17:40');
INSERT INTO `glpi_logs` VALUES ('33006','Ticket','3272','0','13','ALEXIS (1549)','2023-01-31 10:17:42','0','','');
INSERT INTO `glpi_logs` VALUES ('33007','Ticket','3277','','0','ALEXIS (1549)','2023-01-31 10:17:58','12','1','5');
INSERT INTO `glpi_logs` VALUES ('33008','Ticket','3277','','0','ALEXIS (1549)','2023-01-31 10:17:58','21','apparition d\'un message au milieu de l\'écran \"monitor controls locked\" de façon récurrente.
 ce qui est gênant pour travailler.

Cordialement
Yoann','apparition d\'un message au milieu de l\'écran \"monitor controls locked\" de façon récurrente.rn ce qui est gênant pour travailler.rnrnCordialementrnYoann');
INSERT INTO `glpi_logs` VALUES ('33009','Ticket','3277','','0','ALEXIS (1549)','2023-01-31 10:17:58','64','herely (1149)','alexmat (1549)');
INSERT INTO `glpi_logs` VALUES ('33010','Ticket','3277','','0','ALEXIS (1549)','2023-01-31 10:17:58','17','','2023-01-31 10:17:58');
INSERT INTO `glpi_logs` VALUES ('33011','Ticket','3277','0','13','ALEXIS (1549)','2023-01-31 10:18:00','0','','');
INSERT INTO `glpi_logs` VALUES ('33012','Ticket','3270','','0','ALEXIS (1549)','2023-01-31 10:18:40','12','1','5');
INSERT INTO `glpi_logs` VALUES ('33013','Ticket','3270','','0','ALEXIS (1549)','2023-01-31 10:18:40','64','hebera (1340)','alexmat (1549)');
INSERT INTO `glpi_logs` VALUES ('33014','Ticket','3270','','0','ALEXIS (1549)','2023-01-31 10:18:40','17','','2023-01-31 10:18:40');
INSERT INTO `glpi_logs` VALUES ('33015','Ticket','3270','0','13','ALEXIS (1549)','2023-01-31 10:18:43','0','','');
INSERT INTO `glpi_logs` VALUES ('33016','Computer','18880','','0','glpinom (2) (2)','2023-01-31 16:56:37','6','','1353');
INSERT INTO `glpi_logs` VALUES ('33017','Computer','1546','','0','Barillet (1628)','2023-02-01 14:42:22','5','38-2C-4A-5E-FF-E2','38-2C-4A-5E-FF-ED');
INSERT INTO `glpi_logs` VALUES ('33018','Computer','2101','DeviceMemory','1','Galles (1626)','2023-02-01 14:54:03','0','','DDR3 8GO  (54)');
INSERT INTO `glpi_logs` VALUES ('33019','Computer','2101','DeviceProcessor','1','Galles (1626)','2023-02-01 14:54:44','0','','i5-3470 (61)');
INSERT INTO `glpi_logs` VALUES ('33020','Computer','2101','DeviceHardDrive','1','Galles (1626)','2023-02-01 14:55:19','0','','SSD KINGSTON 120GO SATA III (16)');
INSERT INTO `glpi_logs` VALUES ('33021','Computer','2102','DeviceHardDrive','1','Galles (1626)','2023-02-01 14:57:21','0','','SSD KINGSTON 120GO SATA III (16)');
INSERT INTO `glpi_logs` VALUES ('33022','Computer','2102','DeviceMemory','1','Galles (1626)','2023-02-01 14:58:06','0','','DDR3 8GO  (54)');
INSERT INTO `glpi_logs` VALUES ('33023','Computer','2102','DeviceProcessor','1','Galles (1626)','2023-02-01 14:58:26','0','','i5-3470 (61)');
INSERT INTO `glpi_logs` VALUES ('33024','Computer','2104','DeviceProcessor','1','Galles (1626)','2023-02-01 14:59:32','0','','i5-3470 (61)');
INSERT INTO `glpi_logs` VALUES ('33025','Computer','2104','DeviceMemory','1','Galles (1626)','2023-02-01 14:59:54','0','','DDR3 8GO  (54)');
INSERT INTO `glpi_logs` VALUES ('33026','Computer','2104','DeviceHardDrive','1','Galles (1626)','2023-02-01 15:00:20','0','','SSD KINGSTON 120GO SATA III (16)');
INSERT INTO `glpi_logs` VALUES ('33027','Computer','2105','DeviceProcessor','1','Galles (1626)','2023-02-01 15:01:13','0','','i5-3470 (61)');
INSERT INTO `glpi_logs` VALUES ('33028','Computer','2112','DeviceProcessor','1','ALEXIS (1549)','2023-02-01 15:30:29','0','','i5-3470 (61)');
INSERT INTO `glpi_logs` VALUES ('33029','Computer','2112','DeviceHardDrive','1','ALEXIS (1549)','2023-02-01 15:31:35','0','','SSD KINGSTON 120GO SATA III (16)');
INSERT INTO `glpi_logs` VALUES ('33030','Computer','2112','DeviceMemory','1','ALEXIS (1549)','2023-02-01 15:33:00','0','','DDR3 8GO  (54)');
INSERT INTO `glpi_logs` VALUES ('33031','Computer','2112','DeviceMemory','1','ALEXIS (1549)','2023-02-01 15:33:00','0','','DDR3 8GO  (54)');
INSERT INTO `glpi_logs` VALUES ('33032','Computer','2111','DeviceHardDrive','1','ALEXIS (1549)','2023-02-01 15:37:47','0','','SSD KINGSTON 120GO SATA III (16)');
INSERT INTO `glpi_logs` VALUES ('33033','Computer','2111','DeviceMemory','1','ALEXIS (1549)','2023-02-01 15:38:04','0','','DDR3 8GO  (54)');
INSERT INTO `glpi_logs` VALUES ('33034','Computer','2111','DeviceProcessor','1','ALEXIS (1549)','2023-02-01 15:38:24','0','','i5-3470 (61)');
INSERT INTO `glpi_logs` VALUES ('33035','Computer','2113','DeviceProcessor','1','ALEXIS (1549)','2023-02-01 15:39:20','0','','i5-3470 (61)');
INSERT INTO `glpi_logs` VALUES ('33036','Computer','2113','DeviceHardDrive','1','ALEXIS (1549)','2023-02-01 15:40:19','0','','KINGSTON SSD 120Gb (34)');
INSERT INTO `glpi_logs` VALUES ('33037','Computer','2113','DeviceMemory','1','ALEXIS (1549)','2023-02-01 15:40:45','0','','DDR3 8GO  (54)');
INSERT INTO `glpi_logs` VALUES ('33038','Computer','2113','','0','ALEXIS (1549)','2023-02-01 15:40:54','49','&nbsp; (0)','poste prof (1)');
INSERT INTO `glpi_logs` VALUES ('33039','Computer','2110','DeviceMemory','1','ALEXIS (1549)','2023-02-01 15:41:41','0','','DDR3 8GO  (54)');
INSERT INTO `glpi_logs` VALUES ('33040','Computer','2110','DeviceHardDrive','1','ALEXIS (1549)','2023-02-01 15:42:21','0','','KINGSTON SSD 120Gb (34)');
INSERT INTO `glpi_logs` VALUES ('33041','Computer','2110','DeviceProcessor','1','ALEXIS (1549)','2023-02-01 15:43:06','0','','i5-3470 (61)');
INSERT INTO `glpi_logs` VALUES ('33042','Computer','2103','DeviceProcessor','1','ALEXIS (1549)','2023-02-01 15:44:29','0','','i5-3470 (61)');
INSERT INTO `glpi_logs` VALUES ('33043','Computer','2103','DeviceHardDrive','1','ALEXIS (1549)','2023-02-01 15:44:56','0','','KINGSTON SSD 120Gb (34)');
INSERT INTO `glpi_logs` VALUES ('33044','Computer','2103','DeviceMemory','1','ALEXIS (1549)','2023-02-01 15:45:33','0','','Kingston (4 Go)  (19)');
INSERT INTO `glpi_logs` VALUES ('33045','Computer','2103','DeviceMemory','1','ALEXIS (1549)','2023-02-01 15:45:33','0','','Kingston (4 Go)  (19)');
INSERT INTO `glpi_logs` VALUES ('33046','Computer','2105','DeviceMemory','1','ALEXIS (1549)','2023-02-01 15:47:59','0','','DDR3  2go 1066 kingston (27)');
INSERT INTO `glpi_logs` VALUES ('33047','Computer','2105','DeviceMemory','1','ALEXIS (1549)','2023-02-01 15:47:59','0','','DDR3  2go 1066 kingston (27)');
INSERT INTO `glpi_logs` VALUES ('33048','Computer','2105','DeviceHardDrive','1','ALEXIS (1549)','2023-02-01 15:48:53','0','','KINGSTON SSD 120Gb (34)');
INSERT INTO `glpi_logs` VALUES ('33049','Computer','2104','DeviceMemory','1','ALEXIS (1549)','2023-02-01 15:50:58','0','','DDR3 4GO  (54)');
INSERT INTO `glpi_logs` VALUES ('33050','Ticket','3283','Computer','15','eleve (46)','2023-02-01 15:53:07','0','','s132p9 (1334)');
INSERT INTO `glpi_logs` VALUES ('33051','Computer','1334','Ticket','15','eleve (46)','2023-02-01 15:53:07','0','','Câbleréseau hs (3283)');
INSERT INTO `glpi_logs` VALUES ('33052','Ticket','3283','User','15','eleve (46)','2023-02-01 15:53:07','0','','eleve (46)');
INSERT INTO `glpi_logs` VALUES ('33053','Ticket','3283','0','20','eleve (46)','2023-02-01 15:53:07','0','','');
INSERT INTO `glpi_logs` VALUES ('33054','Computer','2106','DeviceProcessor','1','ALEXIS (1549)','2023-02-01 15:53:51','0','','i5-3470 (61)');
INSERT INTO `glpi_logs` VALUES ('33055','Computer','2106','DeviceHardDrive','1','ALEXIS (1549)','2023-02-01 15:54:00','0','','KINGSTON SSD 120Gb (34)');
INSERT INTO `glpi_logs` VALUES ('33056','Computer','2106','DeviceMemory','1','ALEXIS (1549)','2023-02-01 15:54:15','0','','DDR3 4GO  (54)');
INSERT INTO `glpi_logs` VALUES ('33057','Computer','2106','DeviceMemory','1','ALEXIS (1549)','2023-02-01 15:54:15','0','','DDR3 4GO  (54)');
INSERT INTO `glpi_logs` VALUES ('33058','Ticket','3284','Computer','15','eleve (46)','2023-02-01 15:54:16','0','','s132p8 (1333)');
INSERT INTO `glpi_logs` VALUES ('33059','Computer','1333','Ticket','15','eleve (46)','2023-02-01 15:54:16','0','','clavier hs (3284)');
INSERT INTO `glpi_logs` VALUES ('33060','Ticket','3284','User','15','eleve (46)','2023-02-01 15:54:16','0','','eleve (46)');
INSERT INTO `glpi_logs` VALUES ('33061','Ticket','3284','0','20','eleve (46)','2023-02-01 15:54:16','0','','');
INSERT INTO `glpi_logs` VALUES ('33062','Computer','2106','Item_DeviceMemory#busID','2','ALEXIS (1549)','2023-02-01 15:54:23','0','','1600');
INSERT INTO `glpi_logs` VALUES ('33063','Computer','2107','DeviceMemory','1','ALEXIS (1549)','2023-02-01 15:54:45','0','','DDR3 4GO  (54)');
INSERT INTO `glpi_logs` VALUES ('33064','Computer','2107','DeviceProcessor','1','ALEXIS (1549)','2023-02-01 15:54:55','0','','i5-3470 (61)');
INSERT INTO `glpi_logs` VALUES ('33065','Computer','2107','DeviceHardDrive','1','ALEXIS (1549)','2023-02-01 15:55:16','0','','KINGSTON SSD 120Gb (34)');
INSERT INTO `glpi_logs` VALUES ('33066','Computer','2108','DeviceMemory','1','ALEXIS (1549)','2023-02-01 15:55:40','0','','DDR3 4GO  (54)');
INSERT INTO `glpi_logs` VALUES ('33067','Computer','2108','DeviceMemory','1','ALEXIS (1549)','2023-02-01 15:55:40','0','','DDR3 4GO  (54)');
INSERT INTO `glpi_logs` VALUES ('33068','Computer','2108','DeviceHardDrive','1','ALEXIS (1549)','2023-02-01 15:56:16','0','','KINGSTON SSD 120Gb (34)');
INSERT INTO `glpi_logs` VALUES ('33069','Computer','2108','DeviceProcessor','1','ALEXIS (1549)','2023-02-01 15:56:41','0','','i5-3470 (61)');
INSERT INTO `glpi_logs` VALUES ('33070','Computer','2108','DeviceMemory','1','ALEXIS (1549)','2023-02-01 15:56:50','0','','DDR3 4GO  (54)');
INSERT INTO `glpi_logs` VALUES ('33071','Computer','2108','DeviceMemory','1','ALEXIS (1549)','2023-02-01 15:56:50','0','','DDR3 4GO  (54)');
INSERT INTO `glpi_logs` VALUES ('33072','Computer','2109','DeviceProcessor','1','ALEXIS (1549)','2023-02-01 15:57:06','0','','i5-3470 (61)');
INSERT INTO `glpi_logs` VALUES ('33073','Computer','2109','DeviceHardDrive','1','ALEXIS (1549)','2023-02-01 15:57:20','0','','KINGSTON SSD 120Gb (34)');
INSERT INTO `glpi_logs` VALUES ('33074','Computer','2109','DeviceMemory','1','ALEXIS (1549)','2023-02-01 15:57:37','0','','DDR3 4GO  (54)');
INSERT INTO `glpi_logs` VALUES ('33075','Computer','2109','DeviceMemory','1','ALEXIS (1549)','2023-02-01 15:57:37','0','','DDR3 4GO  (54)');
INSERT INTO `glpi_logs` VALUES ('33076','Computer','1923','DeviceMemory','1','ALEXIS (1549)','2023-02-01 15:58:23','0','','DDR3 4Go  (19)');
INSERT INTO `glpi_logs` VALUES ('33077','Computer','1923','DeviceMemory','1','ALEXIS (1549)','2023-02-01 15:58:23','0','','DDR3 4Go  (19)');
INSERT INTO `glpi_logs` VALUES ('33078','Ticket','3285','User','15','tiphagne (990)','2023-02-02 08:59:32','0','','tiphagne (990)');
INSERT INTO `glpi_logs` VALUES ('33079','Ticket','3285','0','20','tiphagne (990)','2023-02-02 08:59:32','0','','');
INSERT INTO `glpi_logs` VALUES ('33080','Ticket','3286','Computer','15','HEBERT (1340)','2023-02-02 13:29:08','0','','s324p7 (1307)');
INSERT INTO `glpi_logs` VALUES ('33081','Computer','1307','Ticket','15','HEBERT (1340)','2023-02-02 13:29:08','0','','pb clavier (3286)');
INSERT INTO `glpi_logs` VALUES ('33082','Ticket','3286','User','15','HEBERT (1340)','2023-02-02 13:29:08','0','','HEBERT (1340)');
INSERT INTO `glpi_logs` VALUES ('33083','Ticket','3286','0','20','HEBERT (1340)','2023-02-02 13:29:08','0','','');
INSERT INTO `glpi_logs` VALUES ('33084','Ticket','3287','User','15','mace (421)','2023-02-03 12:01:44','0','','mace (421)');
INSERT INTO `glpi_logs` VALUES ('33085','Ticket','3287','0','20','mace (421)','2023-02-03 12:01:44','0','','');
INSERT INTO `glpi_logs` VALUES ('33086','Ticket','3288','User','15','caillet (390)','2023-02-06 08:25:00','0','','caillet (390)');
INSERT INTO `glpi_logs` VALUES ('33087','Ticket','3288','0','20','caillet (390)','2023-02-06 08:25:00','0','','');
INSERT INTO `glpi_logs` VALUES ('33088','Ticket','3289','Computer','15','HEBERT (1340)','2023-02-06 10:21:17','0','','s132p11 (1336)');
INSERT INTO `glpi_logs` VALUES ('33089','Computer','1336','Ticket','15','HEBERT (1340)','2023-02-06 10:21:17','0','','clavier ne fonctionne plus (3289)');
INSERT INTO `glpi_logs` VALUES ('33090','Ticket','3289','User','15','HEBERT (1340)','2023-02-06 10:21:17','0','','HEBERT (1340)');
INSERT INTO `glpi_logs` VALUES ('33091','Ticket','3289','0','20','HEBERT (1340)','2023-02-06 10:21:17','0','','');
INSERT INTO `glpi_logs` VALUES ('33092','Ticket','3289','','0','ALEXIS (1549)','2023-02-06 13:29:38','12','1','5');
INSERT INTO `glpi_logs` VALUES ('33093','Ticket','3289','','0','ALEXIS (1549)','2023-02-06 13:29:38','64','hebera (1340)','alexmat (1549)');
INSERT INTO `glpi_logs` VALUES ('33094','Ticket','3289','','0','ALEXIS (1549)','2023-02-06 13:29:38','17','','2023-02-06 13:29:38');
INSERT INTO `glpi_logs` VALUES ('33095','Ticket','3289','','0','ALEXIS (1549)','2023-02-06 13:30:12','17','2023-02-06 13:29:38','NULL');
INSERT INTO `glpi_logs` VALUES ('33096','Ticket','3289','','0','ALEXIS (1549)','2023-02-06 13:30:12','12','5','3');
INSERT INTO `glpi_logs` VALUES ('33097','Ticket','3285','','0','ALEXIS (1549)','2023-02-06 13:30:43','12','1','5');
INSERT INTO `glpi_logs` VALUES ('33098','Ticket','3285','','0','ALEXIS (1549)','2023-02-06 13:30:43','64','tiphag (990)','alexmat (1549)');
INSERT INTO `glpi_logs` VALUES ('33099','Ticket','3285','','0','ALEXIS (1549)','2023-02-06 13:30:43','17','','2023-02-06 13:30:43');
INSERT INTO `glpi_logs` VALUES ('33100','Ticket','3285','0','13','ALEXIS (1549)','2023-02-06 13:30:45','0','','');
INSERT INTO `glpi_logs` VALUES ('33101','Ticket','3283','','0','ALEXIS (1549)','2023-02-06 13:30:57','12','1','5');
INSERT INTO `glpi_logs` VALUES ('33102','Ticket','3283','','0','ALEXIS (1549)','2023-02-06 13:30:57','21','Poste S312 p09
câble hs coté prise SR2I32

jm Debroise','Poste S312 p09rncâble hs coté prise SR2I32rnrnjm Debroise');
INSERT INTO `glpi_logs` VALUES ('33103','Ticket','3283','','0','ALEXIS (1549)','2023-02-06 13:30:57','64','eleve (46)','alexmat (1549)');
INSERT INTO `glpi_logs` VALUES ('33104','Ticket','3283','','0','ALEXIS (1549)','2023-02-06 13:30:57','17','','2023-02-06 13:30:57');
INSERT INTO `glpi_logs` VALUES ('33105','Ticket','3283','0','13','ALEXIS (1549)','2023-02-06 13:31:02','0','','');
INSERT INTO `glpi_logs` VALUES ('33106','Ticket','3284','','0','ALEXIS (1549)','2023-02-06 13:31:40','12','1','5');
INSERT INTO `glpi_logs` VALUES ('33107','Ticket','3284','','0','ALEXIS (1549)','2023-02-06 13:31:40','21','Calvier a remplacer
 barre hs

merci 
jmD','Calvier a remplacerrn barre hsrnrnmerci rnjmD');
INSERT INTO `glpi_logs` VALUES ('33108','Ticket','3284','','0','ALEXIS (1549)','2023-02-06 13:31:40','64','eleve (46)','alexmat (1549)');
INSERT INTO `glpi_logs` VALUES ('33109','Ticket','3284','','0','ALEXIS (1549)','2023-02-06 13:31:40','17','','2023-02-06 13:31:40');
INSERT INTO `glpi_logs` VALUES ('33110','Ticket','3284','0','13','ALEXIS (1549)','2023-02-06 13:31:42','0','','');
INSERT INTO `glpi_logs` VALUES ('33111','Ticket','3289','','0','ALEXIS (1549)','2023-02-06 13:57:50','12','3','5');
INSERT INTO `glpi_logs` VALUES ('33112','Ticket','3289','','0','ALEXIS (1549)','2023-02-06 13:57:50','17','','2023-02-06 13:57:50');
INSERT INTO `glpi_logs` VALUES ('33113','Ticket','3289','0','13','ALEXIS (1549)','2023-02-06 13:57:52','0','','');
INSERT INTO `glpi_logs` VALUES ('33114','Ticket','3286','','0','ALEXIS (1549)','2023-02-06 13:58:00','12','1','5');
INSERT INTO `glpi_logs` VALUES ('33115','Ticket','3286','','0','ALEXIS (1549)','2023-02-06 13:58:00','64','hebera (1340)','alexmat (1549)');
INSERT INTO `glpi_logs` VALUES ('33116','Ticket','3286','','0','ALEXIS (1549)','2023-02-06 13:58:00','17','','2023-02-06 13:58:00');
INSERT INTO `glpi_logs` VALUES ('33117','Ticket','3286','0','13','ALEXIS (1549)','2023-02-06 13:58:02','0','','');
INSERT INTO `glpi_logs` VALUES ('33118','Ticket','3290','User','15','Moreau (1579)','2023-02-07 10:43:45','0','','Moreau (1579)');
INSERT INTO `glpi_logs` VALUES ('33119','Ticket','3290','0','20','Moreau (1579)','2023-02-07 10:43:45','0','','');
INSERT INTO `glpi_logs` VALUES ('33120','Ticket','3291','Computer','15','CARNET (1547)','2023-02-27 08:15:51','0','','S34P24 (1544)');
INSERT INTO `glpi_logs` VALUES ('33121','Computer','1544','Ticket','15','CARNET (1547)','2023-02-27 08:15:51','0','','Clavier ne marche pas (3291)');
INSERT INTO `glpi_logs` VALUES ('33122','Ticket','3291','User','15','CARNET (1547)','2023-02-27 08:15:51','0','','CARNET (1547)');
INSERT INTO `glpi_logs` VALUES ('33123','Ticket','3291','0','20','CARNET (1547)','2023-02-27 08:15:51','0','','');
INSERT INTO `glpi_logs` VALUES ('33124','User','1633','Profile','17','','2023-02-27 11:16:53','0','','post-only (1)');
INSERT INTO `glpi_logs` VALUES ('33125','User','1633','0','20','','2023-02-27 11:16:53','0','','');
INSERT INTO `glpi_logs` VALUES ('33126','User','1634','Profile','17','NAJARRO (1334)','2023-02-27 11:27:32','0','','post-only (1)');
INSERT INTO `glpi_logs` VALUES ('33127','User','1634','0','20','NAJARRO (1334)','2023-02-27 11:27:32','0','','');
INSERT INTO `glpi_logs` VALUES ('33128','User','1634','Profile','17','NAJARRO (1334)','2023-02-27 11:28:41','0','','post-only (1)');
INSERT INTO `glpi_logs` VALUES ('33129','User','1634','Profile','17','NAJARRO (1334)','2023-02-27 11:29:07','0','','super-admin (4)');
INSERT INTO `glpi_logs` VALUES ('33130','Ticket','3292','User','15','LEMIERE (1426)','2023-02-27 13:00:37','0','','LEMIERE (1426)');
INSERT INTO `glpi_logs` VALUES ('33131','Ticket','3292','0','20','LEMIERE (1426)','2023-02-27 13:00:37','0','','');
INSERT INTO `glpi_logs` VALUES ('33132','Ticket','3293','Computer','15','HEBERT (1340)','2023-02-27 16:20:01','0','','S124N1 (1620)');
INSERT INTO `glpi_logs` VALUES ('33133','Computer','1620','Ticket','15','HEBERT (1340)','2023-02-27 16:20:01','0','','pb souris (3293)');
INSERT INTO `glpi_logs` VALUES ('33134','Ticket','3293','User','15','HEBERT (1340)','2023-02-27 16:20:01','0','','HEBERT (1340)');
INSERT INTO `glpi_logs` VALUES ('33135','Ticket','3293','0','20','HEBERT (1340)','2023-02-27 16:20:01','0','','');
INSERT INTO `glpi_logs` VALUES ('33136','Ticket','3294','Computer','15','HEBERT (1340)','2023-02-27 16:59:25','0','','S124N12 (1631)');
INSERT INTO `glpi_logs` VALUES ('33137','Computer','1631','Ticket','15','HEBERT (1340)','2023-02-27 16:59:25','0','','pb allumage (3294)');
INSERT INTO `glpi_logs` VALUES ('33138','Ticket','3294','User','15','HEBERT (1340)','2023-02-27 16:59:25','0','','HEBERT (1340)');
INSERT INTO `glpi_logs` VALUES ('33139','Ticket','3294','0','20','HEBERT (1340)','2023-02-27 16:59:25','0','','');
INSERT INTO `glpi_logs` VALUES ('33140','Ticket','3295','User','15','polfliet (1305)','2023-02-28 09:29:43','0','','polfliet (1305)');
INSERT INTO `glpi_logs` VALUES ('33141','Ticket','3295','0','20','polfliet (1305)','2023-02-28 09:29:43','0','','');
INSERT INTO `glpi_logs` VALUES ('33142','Ticket','3295','','0','Simon (1634)','2023-02-28 10:48:56','12','1','5');
INSERT INTO `glpi_logs` VALUES ('33143','Ticket','3295','','0','Simon (1634)','2023-02-28 10:48:56','64','polflm (1305)','simojul (1634)');
INSERT INTO `glpi_logs` VALUES ('33144','Ticket','3295','','0','Simon (1634)','2023-02-28 10:48:56','17','','2023-02-28 10:48:56');
INSERT INTO `glpi_logs` VALUES ('33145','Ticket','3280','','0','Simon (1634)','2023-02-28 11:43:16','12','1','5');
INSERT INTO `glpi_logs` VALUES ('33146','Ticket','3280','','0','Simon (1634)','2023-02-28 11:43:16','64','suinben (1617)','simojul (1634)');
INSERT INTO `glpi_logs` VALUES ('33147','Ticket','3280','','0','Simon (1634)','2023-02-28 11:43:16','17','','2023-02-28 11:43:16');
INSERT INTO `glpi_logs` VALUES ('33148','Ticket','3293','','0','Simon (1634)','2023-02-28 11:43:29','12','1','5');
INSERT INTO `glpi_logs` VALUES ('33149','Ticket','3293','','0','Simon (1634)','2023-02-28 11:43:29','64','hebera (1340)','simojul (1634)');
INSERT INTO `glpi_logs` VALUES ('33150','Ticket','3293','','0','Simon (1634)','2023-02-28 11:43:29','17','','2023-02-28 11:43:29');
INSERT INTO `glpi_logs` VALUES ('33151','Ticket','3294','','0','Simon (1634)','2023-02-28 13:11:28','12','1','5');
INSERT INTO `glpi_logs` VALUES ('33152','Ticket','3294','','0','Simon (1634)','2023-02-28 13:11:28','64','hebera (1340)','simojul (1634)');
INSERT INTO `glpi_logs` VALUES ('33153','Ticket','3294','','0','Simon (1634)','2023-02-28 13:11:28','17','','2023-02-28 13:11:28');
INSERT INTO `glpi_logs` VALUES ('33154','Ticket','3287','','0','Simon (1634)','2023-02-28 14:33:07','12','1','5');
INSERT INTO `glpi_logs` VALUES ('33155','Ticket','3287','','0','Simon (1634)','2023-02-28 14:33:07','21','Aucun ordinateur de la salle 242 ne peut être allumé y compris le poste professeur.
Pas d\'alimentation électrique malgré les disjoncteurs en position haute.
Par contre la Salle 240','Aucun ordinateur de la salle 242 ne peut être allumé y compris le poste professeur.rnPas d\'alimentation électrique malgré les disjoncteurs en position haute.rnPar contre la Salle 2');
INSERT INTO `glpi_logs` VALUES ('33156','Ticket','3287','','0','Simon (1634)','2023-02-28 14:33:07','64','macea (421)','simojul (1634)');
INSERT INTO `glpi_logs` VALUES ('33157','Ticket','3287','','0','Simon (1634)','2023-02-28 14:33:07','17','','2023-02-28 14:33:07');
INSERT INTO `glpi_logs` VALUES ('33158','Ticket','3282','','0','Simon (1634)','2023-02-28 14:33:20','12','1','5');
INSERT INTO `glpi_logs` VALUES ('33159','Ticket','3282','','0','Simon (1634)','2023-02-28 14:33:20','21','A près avoir rebranché le vidéo projecteur, celui projette l\'écran professeur mais sur fond jaune.
Merci à vous','A près avoir rebranché le vidéo projecteur, celui projette l\'écran professeur mais sur fond jaune.rnMerci à vous');
INSERT INTO `glpi_logs` VALUES ('33160','Ticket','3282','','0','Simon (1634)','2023-02-28 14:33:20','64','macea (421)','simojul (1634)');
INSERT INTO `glpi_logs` VALUES ('33161','Ticket','3282','','0','Simon (1634)','2023-02-28 14:33:20','17','','2023-02-28 14:33:20');
INSERT INTO `glpi_logs` VALUES ('33162','Ticket','3263','','0','Simon (1634)','2023-02-28 14:49:13','12','1','5');
INSERT INTO `glpi_logs` VALUES ('33163','Ticket','3263','','0','Simon (1634)','2023-02-28 14:49:13','64','mazurl (441)','simojul (1634)');
INSERT INTO `glpi_logs` VALUES ('33164','Ticket','3263','','0','Simon (1634)','2023-02-28 14:49:13','17','','2023-02-28 14:49:13');
INSERT INTO `glpi_logs` VALUES ('33165','Ticket','3274','','0','Simon (1634)','2023-02-28 14:58:12','12','1','5');
INSERT INTO `glpi_logs` VALUES ('33166','Ticket','3274','','0','Simon (1634)','2023-02-28 14:58:12','64','lebouf (1368)','simojul (1634)');
INSERT INTO `glpi_logs` VALUES ('33167','Ticket','3274','','0','Simon (1634)','2023-02-28 14:58:12','17','','2023-02-28 14:58:12');
INSERT INTO `glpi_logs` VALUES ('33168','Ticket','3290','','0','Simon (1634)','2023-02-28 15:14:09','12','1','5');
INSERT INTO `glpi_logs` VALUES ('33169','Ticket','3290','','0','Simon (1634)','2023-02-28 15:14:09','64','moreeva (1579)','simojul (1634)');
INSERT INTO `glpi_logs` VALUES ('33170','Ticket','3290','','0','Simon (1634)','2023-02-28 15:14:09','17','','2023-02-28 15:14:09');
INSERT INTO `glpi_logs` VALUES ('33171','Ticket','3292','','0','Simon (1634)','2023-02-28 16:16:57','12','1','5');
INSERT INTO `glpi_logs` VALUES ('33172','Ticket','3292','','0','Simon (1634)','2023-02-28 16:16:57','21','Bonjour Jean-Michel,

Des petits malins ont échangé des touches du clavier de l\'ordinateur.

Merci d\'avance,

Fanny L.','Bonjour Jean-Michel,rnrnDes petits malins ont échangé des touches du clavier de l\'ordinateur.rnrnMerci d\'avance,rnrnFanny L.');
INSERT INTO `glpi_logs` VALUES ('33173','Ticket','3292','','0','Simon (1634)','2023-02-28 16:16:57','64','lemief (1426)','simojul (1634)');
INSERT INTO `glpi_logs` VALUES ('33174','Ticket','3292','','0','Simon (1634)','2023-02-28 16:16:57','17','','2023-02-28 16:16:57');
INSERT INTO `glpi_logs` VALUES ('33175','Ticket','3288','','0','Simon (1634)','2023-02-28 16:18:50','12','1','4');
INSERT INTO `glpi_logs` VALUES ('33176','Ticket','3288','','0','Simon (1634)','2023-02-28 16:18:50','21','Bonjour,
La télécommande du petit amphi a disparu et ne se trouve pas non plus en salle 34.
Merci.','Bonjour,rnLa télécommande du petit amphi a disparu et ne se trouve pas non plus en salle 34.rnMerci.');
INSERT INTO `glpi_logs` VALUES ('33177','Ticket','3288','','0','Simon (1634)','2023-02-28 16:18:50','64','cailla (390)','simojul (1634)');
INSERT INTO `glpi_logs` VALUES ('33178','Ticket','3279','','0','Simon (1634)','2023-02-28 16:19:38','12','1','4');
INSERT INTO `glpi_logs` VALUES ('33179','Ticket','3279','','0','Simon (1634)','2023-02-28 16:19:38','21','Bonjour,

Il n’y a plus de télécommande pour le vidéo projecteur de 2C, salle 234. 
Merci.','Bonjour,rnrnIl n’y a plus de télécommande pour le vidéo projecteur de 2C, salle 234. rnMerci.');
INSERT INTO `glpi_logs` VALUES ('33180','Ticket','3279','','0','Simon (1634)','2023-02-28 16:19:38','64','cailla (390)','simojul (1634)');
INSERT INTO `glpi_logs` VALUES ('33181','Ticket','3271','','0','Simon (1634)','2023-02-28 16:37:24','12','1','5');
INSERT INTO `glpi_logs` VALUES ('33182','Ticket','3271','','0','Simon (1634)','2023-02-28 16:37:24','64','hebera (1340)','simojul (1634)');
INSERT INTO `glpi_logs` VALUES ('33183','Ticket','3271','','0','Simon (1634)','2023-02-28 16:37:24','17','','2023-02-28 16:37:24');
INSERT INTO `glpi_logs` VALUES ('33184','Ticket','3271','User','15','Simon (1634)','2023-02-28 16:55:36','0','','Simon (1634)');
INSERT INTO `glpi_logs` VALUES ('33185','Ticket','3291','','0','Simon (1634)','2023-03-01 08:38:37','12','1','5');
INSERT INTO `glpi_logs` VALUES ('33186','Ticket','3291','','0','Simon (1634)','2023-03-01 08:38:37','64','carnpau (1547)','simojul (1634)');
INSERT INTO `glpi_logs` VALUES ('33187','Ticket','3291','','0','Simon (1634)','2023-03-01 08:38:37','17','','2023-03-01 08:38:37');
INSERT INTO `glpi_logs` VALUES ('33188','Ticket','3288','','0','Simon (1634)','2023-03-01 08:44:57','12','4','5');
INSERT INTO `glpi_logs` VALUES ('33189','Ticket','3288','','0','Simon (1634)','2023-03-01 08:44:57','17','','2023-03-01 08:44:57');
INSERT INTO `glpi_logs` VALUES ('33190','Ticket','3296','User','15','bouteloup (175)','2023-03-01 08:47:31','0','','bouteloup (175)');
INSERT INTO `glpi_logs` VALUES ('33191','Ticket','3296','0','20','bouteloup (175)','2023-03-01 08:47:31','0','','');
INSERT INTO `glpi_logs` VALUES ('33192','Ticket','3297','User','15','mazure (441)','2023-03-01 11:04:54','0','','mazure (441)');
INSERT INTO `glpi_logs` VALUES ('33193','Ticket','3297','0','20','mazure (441)','2023-03-01 11:04:54','0','','');
INSERT INTO `glpi_logs` VALUES ('33194','User','1635','Profile','17','','2023-03-01 13:37:08','0','','post-only (1)');
INSERT INTO `glpi_logs` VALUES ('33195','User','1635','0','20','','2023-03-01 13:37:08','0','','');
INSERT INTO `glpi_logs` VALUES ('33196','Ticket','3298','User','15','THOMAS (1635)','2023-03-01 13:41:09','0','','THOMAS (1635)');
INSERT INTO `glpi_logs` VALUES ('33197','Ticket','3298','0','20','THOMAS (1635)','2023-03-01 13:41:09','0','','');
INSERT INTO `glpi_logs` VALUES ('33198','Ticket','3299','User','15','lebouvier (1368)','2023-03-01 16:51:19','0','','lebouvier (1368)');
INSERT INTO `glpi_logs` VALUES ('33199','Ticket','3299','0','20','lebouvier (1368)','2023-03-01 16:51:19','0','','');
INSERT INTO `glpi_logs` VALUES ('33200','Ticket','3300','User','15','Guyot (721)','2023-03-02 07:55:29','0','','Guyot (721)');
INSERT INTO `glpi_logs` VALUES ('33201','Ticket','3300','0','20','Guyot (721)','2023-03-02 07:55:29','0','','');
INSERT INTO `glpi_logs` VALUES ('33202','Ticket','3298','','0','Simon (1634)','2023-03-02 08:45:48','12','1','5');
INSERT INTO `glpi_logs` VALUES ('33203','Ticket','3298','','0','Simon (1634)','2023-03-02 08:45:48','64','thomad (1635)','simojul (1634)');
INSERT INTO `glpi_logs` VALUES ('33204','Ticket','3298','','0','Simon (1634)','2023-03-02 08:45:48','17','','2023-03-02 08:45:48');
INSERT INTO `glpi_logs` VALUES ('33205','Ticket','3296','','0','Simon (1634)','2023-03-02 11:57:14','12','1','4');
INSERT INTO `glpi_logs` VALUES ('33206','Ticket','3296','','0','Simon (1634)','2023-03-02 11:57:14','21','Jean-Michel, 
Le vidéo projecteur s\'éteint de nouveau dans la salle 111. Tu as déjà fait une intervention mais le problème persiste.
Fred','Jean-Michel, rnLe vidéo projecteur s\'éteint de nouveau dans la salle 111. Tu as déjà fait une intervention mais le problème persiste.rnFred');
INSERT INTO `glpi_logs` VALUES ('33207','Ticket','3296','','0','Simon (1634)','2023-03-02 11:57:14','64','boutef (175)','simojul (1634)');
INSERT INTO `glpi_logs` VALUES ('33208','Ticket','3301','User','15','bouteloup (175)','2023-03-03 09:59:12','0','','bouteloup (175)');
INSERT INTO `glpi_logs` VALUES ('33209','Ticket','3301','0','20','bouteloup (175)','2023-03-03 09:59:12','0','','');
INSERT INTO `glpi_logs` VALUES ('33210','Ticket','3215','','0','Simon (1634)','2023-03-03 15:22:55','12','1','5');
INSERT INTO `glpi_logs` VALUES ('33211','Ticket','3215','','0','Simon (1634)','2023-03-03 15:22:55','21','Absence du pack office en local.
Merci à vous de le prévoir si possible','Absence du pack office en local.rnMerci à vous de le prévoir si possible');
INSERT INTO `glpi_logs` VALUES ('33212','Ticket','3215','','0','Simon (1634)','2023-03-03 15:22:55','64','macea (421)','simojul (1634)');
INSERT INTO `glpi_logs` VALUES ('33213','Ticket','3215','','0','Simon (1634)','2023-03-03 15:22:55','17','','2023-03-03 15:22:55');
INSERT INTO `glpi_logs` VALUES ('33214','Ticket','3256','','0','Simon (1634)','2023-03-03 15:23:08','12','1','5');
INSERT INTO `glpi_logs` VALUES ('33215','Ticket','3256','','0','Simon (1634)','2023-03-03 15:23:08','21','Bonjour Jean-Michel,
Le vidéo de la salle 111 ne cesse de s\'éteindre. Alfredo a déjà été prévenu puisque ce problème dure depuis quelques semaines. Il a fait une intervention mais ','Bonjour Jean-Michel,rnLe vidéo de la salle 111 ne cesse de s\'éteindre. Alfredo a déjà été prévenu puisque ce problème dure depuis quelques semaines. Il a fait une intervention mais');
INSERT INTO `glpi_logs` VALUES ('33216','Ticket','3256','','0','Simon (1634)','2023-03-03 15:23:08','64','boutef (175)','simojul (1634)');
INSERT INTO `glpi_logs` VALUES ('33217','Ticket','3256','','0','Simon (1634)','2023-03-03 15:23:08','17','','2023-03-03 15:23:08');
INSERT INTO `glpi_logs` VALUES ('33218','Ticket','3254','','0','Simon (1634)','2023-03-03 15:23:20','12','1','5');
INSERT INTO `glpi_logs` VALUES ('33219','Ticket','3254','','0','Simon (1634)','2023-03-03 15:23:20','21','Bonjour,
Pendant ma séance, de 10 à 12 h, le vidéo s\'est coupé à de multiples reprises. Les élèves m\'ont dit \"il fait toujours cela !\".
J\'ai coupé l\'interrupteur sur notre droite, ','Bonjour,rnPendant ma séance, de 10 à 12 h, le vidéo s\'est coupé à de multiples reprises. Les élèves m\'ont dit \"il fait toujours cela !\".rnJ\'ai coupé l\'interrupteur sur notre droite');
INSERT INTO `glpi_logs` VALUES ('33220','Ticket','3254','','0','Simon (1634)','2023-03-03 15:23:20','64','najara (1334)','simojul (1634)');
INSERT INTO `glpi_logs` VALUES ('33221','Ticket','3254','','0','Simon (1634)','2023-03-03 15:23:20','17','','2023-03-03 15:23:20');
INSERT INTO `glpi_logs` VALUES ('33222','Ticket','3255','','0','Simon (1634)','2023-03-03 16:02:59','12','1','5');
INSERT INTO `glpi_logs` VALUES ('33223','Ticket','3255','','0','Simon (1634)','2023-03-03 16:02:59','21','Bonjour,
le vidéoprojecteur est HS (la lampe se met en surchauffe, le vidéo ne cesse de s\'éteindre)
Bonne fin de journée
Marie','Bonjour,rnle vidéoprojecteur est HS (la lampe se met en surchauffe, le vidéo ne cesse de s\'éteindre)rnBonne fin de journéernMarie');
INSERT INTO `glpi_logs` VALUES ('33224','Ticket','3255','','0','Simon (1634)','2023-03-03 16:02:59','64','legram (367)','simojul (1634)');
INSERT INTO `glpi_logs` VALUES ('33225','Ticket','3255','','0','Simon (1634)','2023-03-03 16:02:59','17','','2023-03-03 16:02:59');
INSERT INTO `glpi_logs` VALUES ('33226','Ticket','3301','','0','Simon (1634)','2023-03-03 16:03:10','12','1','5');
INSERT INTO `glpi_logs` VALUES ('33227','Ticket','3301','','0','Simon (1634)','2023-03-03 16:03:10','21','Jean-Michel, 
Le problème du vidéo projecteur persiste en salle 111. Il s\'arrête régulièrement (3/4 fois durant 1 heure de cours). C\'est vraiment pénible.
Peux-tu intervenir pour r','Jean-Michel, rnLe problème du vidéo projecteur persiste en salle 111. Il s\'arrête régulièrement (3/4 fois durant 1 heure de cours). C\'est vraiment pénible.rnPeux-tu intervenir pour');
INSERT INTO `glpi_logs` VALUES ('33228','Ticket','3301','','0','Simon (1634)','2023-03-03 16:03:10','64','boutef (175)','simojul (1634)');
INSERT INTO `glpi_logs` VALUES ('33229','Ticket','3301','','0','Simon (1634)','2023-03-03 16:03:10','17','','2023-03-03 16:03:10');
INSERT INTO `glpi_logs` VALUES ('33230','Ticket','3296','','0','Simon (1634)','2023-03-03 16:03:20','12','4','5');
INSERT INTO `glpi_logs` VALUES ('33231','Ticket','3296','','0','Simon (1634)','2023-03-03 16:03:20','17','','2023-03-03 16:03:20');
INSERT INTO `glpi_logs` VALUES ('33232','Ticket','3259','','0','Simon (1634)','2023-03-03 16:09:06','12','1','5');
INSERT INTO `glpi_logs` VALUES ('33233','Ticket','3259','','0','Simon (1634)','2023-03-03 16:09:06','64','nogucle (1582)','simojul (1634)');
INSERT INTO `glpi_logs` VALUES ('33234','Ticket','3259','','0','Simon (1634)','2023-03-03 16:09:06','17','','2023-03-03 16:09:06');
INSERT INTO `glpi_logs` VALUES ('33235','Ticket','3299','','0','Simon (1634)','2023-03-03 16:17:30','12','1','5');
INSERT INTO `glpi_logs` VALUES ('33236','Ticket','3299','','0','Simon (1634)','2023-03-03 16:17:30','64','lebouf (1368)','simojul (1634)');
INSERT INTO `glpi_logs` VALUES ('33237','Ticket','3299','','0','Simon (1634)','2023-03-03 16:17:30','17','','2023-03-03 16:17:30');
INSERT INTO `glpi_logs` VALUES ('33238','Ticket','3269','','0','Simon (1634)','2023-03-03 16:18:07','12','1','5');
INSERT INTO `glpi_logs` VALUES ('33239','Ticket','3269','','0','Simon (1634)','2023-03-03 16:18:07','64','ozousev (1068)','simojul (1634)');
INSERT INTO `glpi_logs` VALUES ('33240','Ticket','3269','','0','Simon (1634)','2023-03-03 16:18:07','17','','2023-03-03 16:18:07');
INSERT INTO `glpi_logs` VALUES ('33241','Ticket','3281','','0','Simon (1634)','2023-03-03 16:18:50','12','1','4');
INSERT INTO `glpi_logs` VALUES ('33242','Ticket','3281','','0','Simon (1634)','2023-03-03 16:18:50','64','hebera (1340)','simojul (1634)');
INSERT INTO `glpi_logs` VALUES ('33243','Ticket','3265','','0','Simon (1634)','2023-03-06 09:34:51','12','1','5');
INSERT INTO `glpi_logs` VALUES ('33244','Ticket','3265','','0','Simon (1634)','2023-03-06 09:34:51','64','chesnin (1630)','simojul (1634)');
INSERT INTO `glpi_logs` VALUES ('33245','Ticket','3265','','0','Simon (1634)','2023-03-06 09:34:51','17','','2023-03-06 09:34:51');
INSERT INTO `glpi_logs` VALUES ('33246','Ticket','3262','','0','Simon (1634)','2023-03-06 09:35:09','12','1','5');
INSERT INTO `glpi_logs` VALUES ('33247','Ticket','3262','','0','Simon (1634)','2023-03-06 09:35:09','64','glpi (2)','simojul (1634)');
INSERT INTO `glpi_logs` VALUES ('33248','Ticket','3262','','0','Simon (1634)','2023-03-06 09:35:09','17','','2023-03-06 09:35:09');
INSERT INTO `glpi_logs` VALUES ('33249','Ticket','3261','','0','Simon (1634)','2023-03-06 09:53:31','12','1','5');
INSERT INTO `glpi_logs` VALUES ('33250','Ticket','3261','','0','Simon (1634)','2023-03-06 09:53:31','21','Bonjour Jean Michel,
J\'ai essayé désespérément de rétablir la connexion WIFI de l\'ordinateur portable du TBI du pôle pro. En vain..
Quand tu auras du temps pourras-tu venir voir ST','Bonjour Jean Michel,rnJ\'ai essayé désespérément de rétablir la connexion WIFI de l\'ordinateur portable du TBI du pôle pro. En vain..rnQuand tu auras du temps pourras-tu venir voir ');
INSERT INTO `glpi_logs` VALUES ('33251','Ticket','3261','','0','Simon (1634)','2023-03-06 09:53:31','64','guillc (451)','simojul (1634)');
INSERT INTO `glpi_logs` VALUES ('33252','Ticket','3261','','0','Simon (1634)','2023-03-06 09:53:31','17','','2023-03-06 09:53:31');
INSERT INTO `glpi_logs` VALUES ('33253','Ticket','3297','','0','Simon (1634)','2023-03-06 11:05:29','12','1','5');
INSERT INTO `glpi_logs` VALUES ('33254','Ticket','3297','','0','Simon (1634)','2023-03-06 11:05:29','64','mazurl (441)','simojul (1634)');
INSERT INTO `glpi_logs` VALUES ('33255','Ticket','3297','','0','Simon (1634)','2023-03-06 11:05:29','17','','2023-03-06 11:05:29');
INSERT INTO `glpi_logs` VALUES ('33256','User','1636','Profile','17','','2023-03-06 11:05:38','0','','post-only (1)');
INSERT INTO `glpi_logs` VALUES ('33257','User','1636','0','20','','2023-03-06 11:05:38','0','','');
INSERT INTO `glpi_logs` VALUES ('33258','Ticket','3302','Computer','15','BACQUART (1546)','2023-03-07 15:54:54','0','','S126P12 (2020)');
INSERT INTO `glpi_logs` VALUES ('33259','Computer','2020','Ticket','15','BACQUART (1546)','2023-03-07 15:54:54','0','','Accès dossier (3302)');
INSERT INTO `glpi_logs` VALUES ('33260','Document','37','0','20','BACQUART (1546)','2023-03-07 15:54:54','0','','');
INSERT INTO `glpi_logs` VALUES ('33261','Document','37','Ticket','15','BACQUART (1546)','2023-03-07 15:54:54','0','','Accès dossier (3302)');
INSERT INTO `glpi_logs` VALUES ('33262','Ticket','3302','Document','15','BACQUART (1546)','2023-03-07 15:54:54','0','','Document ticket 3302 (37)');
INSERT INTO `glpi_logs` VALUES ('33263','Ticket','3302','User','15','BACQUART (1546)','2023-03-07 15:54:54','0','','BACQUART (1546)');
INSERT INTO `glpi_logs` VALUES ('33264','Ticket','3302','0','20','BACQUART (1546)','2023-03-07 15:54:54','0','','');

### Dump table glpi_mailcollectors

CREATE TABLE `glpi_mailcollectors` (
  `id` int(11) NOT NULL AUTO_INCREMENT,
  `name` varchar(255) COLLATE utf8_unicode_ci DEFAULT NULL,
  `host` varchar(255) COLLATE utf8_unicode_ci DEFAULT NULL,
  `login` varchar(255) COLLATE utf8_unicode_ci DEFAULT NULL,
  `filesize_max` int(11) NOT NULL DEFAULT '2097152',
  `is_active` tinyint(1) NOT NULL DEFAULT '1',
  `date_mod` datetime DEFAULT NULL,
  `comment` text COLLATE utf8_unicode_ci,
  `passwd` varchar(255) COLLATE utf8_unicode_ci DEFAULT NULL,
  `accepted` varchar(255) COLLATE utf8_unicode_ci DEFAULT NULL,
  `refused` varchar(255) COLLATE utf8_unicode_ci DEFAULT NULL,
  `use_kerberos` tinyint(1) NOT NULL DEFAULT '0',
  `errors` int(11) NOT NULL DEFAULT '0',
  `use_mail_date` tinyint(1) NOT NULL DEFAULT '0',
  PRIMARY KEY (`id`),
  KEY `is_active` (`is_active`),
  KEY `date_mod` (`date_mod`)
) ENGINE=MyISAM DEFAULT CHARSET=utf8 COLLATE=utf8_unicode_ci;


### Dump table glpi_manufacturers

CREATE TABLE `glpi_manufacturers` (
  `id` int(11) NOT NULL AUTO_INCREMENT,
  `name` varchar(255) COLLATE utf8_unicode_ci DEFAULT NULL,
  `comment` text COLLATE utf8_unicode_ci,
  PRIMARY KEY (`id`),
  KEY `name` (`name`)
) ENGINE=MyISAM  DEFAULT CHARSET=utf8 COLLATE=utf8_unicode_ci;

INSERT INTO `glpi_manufacturers` VALUES ('1','intel','');
INSERT INTO `glpi_manufacturers` VALUES ('2','Kingston','');
INSERT INTO `glpi_manufacturers` VALUES ('3','SMI',' Granville
Téléphone: 0233912080');
INSERT INTO `glpi_manufacturers` VALUES ('4','NDLP','');
INSERT INTO `glpi_manufacturers` VALUES ('5','MIS','50300 Avranches');
INSERT INTO `glpi_manufacturers` VALUES ('6','Western Digital','');
INSERT INTO `glpi_manufacturers` VALUES ('7','Shuttle','');
INSERT INTO `glpi_manufacturers` VALUES ('8','HP','');
INSERT INTO `glpi_manufacturers` VALUES ('9','seagate','');
INSERT INTO `glpi_manufacturers` VALUES ('10','Enlight','');
INSERT INTO `glpi_manufacturers` VALUES ('11','maxtor','');
INSERT INTO `glpi_manufacturers` VALUES ('12','Brother','');
INSERT INTO `glpi_manufacturers` VALUES ('13','Epson','');
INSERT INTO `glpi_manufacturers` VALUES ('14','Heden','Boitier');
INSERT INTO `glpi_manufacturers` VALUES ('15','Marvell','');
INSERT INTO `glpi_manufacturers` VALUES ('16','Realtek','');
INSERT INTO `glpi_manufacturers` VALUES ('17','Bewan','');
INSERT INTO `glpi_manufacturers` VALUES ('18','Hitachi','');
INSERT INTO `glpi_manufacturers` VALUES ('19','Dlink','');
INSERT INTO `glpi_manufacturers` VALUES ('20','SAMSUNG','');
INSERT INTO `glpi_manufacturers` VALUES ('21','NeoComputing','');
INSERT INTO `glpi_manufacturers` VALUES ('22','Wyse','');
INSERT INTO `glpi_manufacturers` VALUES ('23','asus','');
INSERT INTO `glpi_manufacturers` VALUES ('24','Gigabyte','');
INSERT INTO `glpi_manufacturers` VALUES ('25','Xerox','');
INSERT INTO `glpi_manufacturers` VALUES ('26','lenovo','');
INSERT INTO `glpi_manufacturers` VALUES ('27','Fujitsu','');
INSERT INTO `glpi_manufacturers` VALUES ('28','Toshiba','');
INSERT INTO `glpi_manufacturers` VALUES ('29','Panasonic','');
INSERT INTO `glpi_manufacturers` VALUES ('30','Sony','');
INSERT INTO `glpi_manufacturers` VALUES ('31','Dell','');
INSERT INTO `glpi_manufacturers` VALUES ('32','SanDisk','');
INSERT INTO `glpi_manufacturers` VALUES ('33','PNY','');
INSERT INTO `glpi_manufacturers` VALUES ('34','Micron','');
INSERT INTO `glpi_manufacturers` VALUES ('35','SK Hynix','');
INSERT INTO `glpi_manufacturers` VALUES ('36','MSI','');

### Dump table glpi_monitormodels

CREATE TABLE `glpi_monitormodels` (
  `id` int(11) NOT NULL AUTO_INCREMENT,
  `name` varchar(255) COLLATE utf8_unicode_ci DEFAULT NULL,
  `comment` text COLLATE utf8_unicode_ci,
  PRIMARY KEY (`id`),
  KEY `name` (`name`)
) ENGINE=MyISAM  DEFAULT CHARSET=utf8 COLLATE=utf8_unicode_ci;

INSERT INTO `glpi_monitormodels` VALUES ('2','AOC tube 17 1024*768',NULL);
INSERT INTO `glpi_monitormodels` VALUES ('1','AOC lcd 17 1024*768',NULL);
INSERT INTO `glpi_monitormodels` VALUES ('3','integrated',NULL);
INSERT INTO `glpi_monitormodels` VALUES ('4','AOC lcd 15 1024*768',NULL);
INSERT INTO `glpi_monitormodels` VALUES ('5','LG lcd 15 1024*768',NULL);
INSERT INTO `glpi_monitormodels` VALUES ('6','Liteon lcd 15 1024*768',NULL);
INSERT INTO `glpi_monitormodels` VALUES ('7','Philips lcd 15 1024*768',NULL);
INSERT INTO `glpi_monitormodels` VALUES ('8','ADI tube 15 800*600',NULL);
INSERT INTO `glpi_monitormodels` VALUES ('9','aucun',NULL);
INSERT INTO `glpi_monitormodels` VALUES ('10','tube 14 480*640',NULL);
INSERT INTO `glpi_monitormodels` VALUES ('11','tube 14 800*600',NULL);
INSERT INTO `glpi_monitormodels` VALUES ('12','tube 15 800*600',NULL);
INSERT INTO `glpi_monitormodels` VALUES ('13','tube17 800*600',NULL);
INSERT INTO `glpi_monitormodels` VALUES ('14','tube15 1024*768',NULL);

### Dump table glpi_monitors

CREATE TABLE `glpi_monitors` (
  `id` int(11) NOT NULL AUTO_INCREMENT,
  `entities_id` int(11) NOT NULL DEFAULT '0',
  `name` varchar(255) COLLATE utf8_unicode_ci DEFAULT NULL,
  `date_mod` datetime DEFAULT NULL,
  `contact` varchar(255) COLLATE utf8_unicode_ci DEFAULT NULL,
  `contact_num` varchar(255) COLLATE utf8_unicode_ci DEFAULT NULL,
  `users_id_tech` int(11) NOT NULL DEFAULT '0',
  `groups_id_tech` int(11) NOT NULL DEFAULT '0',
  `comment` text COLLATE utf8_unicode_ci,
  `serial` varchar(255) COLLATE utf8_unicode_ci DEFAULT NULL,
  `otherserial` varchar(255) COLLATE utf8_unicode_ci DEFAULT NULL,
  `size` int(11) NOT NULL DEFAULT '0',
  `have_micro` tinyint(1) NOT NULL DEFAULT '0',
  `have_speaker` tinyint(1) NOT NULL DEFAULT '0',
  `have_subd` tinyint(1) NOT NULL DEFAULT '0',
  `have_bnc` tinyint(1) NOT NULL DEFAULT '0',
  `have_dvi` tinyint(1) NOT NULL DEFAULT '0',
  `have_pivot` tinyint(1) NOT NULL DEFAULT '0',
  `have_hdmi` tinyint(1) NOT NULL DEFAULT '0',
  `have_displayport` tinyint(1) NOT NULL DEFAULT '0',
  `locations_id` int(11) NOT NULL DEFAULT '0',
  `monitortypes_id` int(11) NOT NULL DEFAULT '0',
  `monitormodels_id` int(11) NOT NULL DEFAULT '0',
  `manufacturers_id` int(11) NOT NULL DEFAULT '0',
  `is_global` tinyint(1) NOT NULL DEFAULT '0',
  `is_deleted` tinyint(1) NOT NULL DEFAULT '0',
  `is_template` tinyint(1) NOT NULL DEFAULT '0',
  `template_name` varchar(255) COLLATE utf8_unicode_ci DEFAULT NULL,
  `users_id` int(11) NOT NULL DEFAULT '0',
  `groups_id` int(11) NOT NULL DEFAULT '0',
  `states_id` int(11) NOT NULL DEFAULT '0',
  `ticket_tco` decimal(20,4) DEFAULT '0.0000',
  `is_dynamic` tinyint(1) NOT NULL DEFAULT '0',
  PRIMARY KEY (`id`),
  KEY `name` (`name`),
  KEY `is_template` (`is_template`),
  KEY `is_global` (`is_global`),
  KEY `entities_id` (`entities_id`),
  KEY `manufacturers_id` (`manufacturers_id`),
  KEY `groups_id` (`groups_id`),
  KEY `users_id` (`users_id`),
  KEY `locations_id` (`locations_id`),
  KEY `monitormodels_id` (`monitormodels_id`),
  KEY `states_id` (`states_id`),
  KEY `users_id_tech` (`users_id_tech`),
  KEY `monitortypes_id` (`monitortypes_id`),
  KEY `is_deleted` (`is_deleted`),
  KEY `groups_id_tech` (`groups_id_tech`),
  KEY `is_dynamic` (`is_dynamic`),
  KEY `serial` (`serial`),
  KEY `otherserial` (`otherserial`)
) ENGINE=MyISAM  DEFAULT CHARSET=utf8 COLLATE=utf8_unicode_ci;

INSERT INTO `glpi_monitors` VALUES ('4','0','',NULL,'','','0','0','','','','0','0','0','0','0','0','0','0','0','0','0','0','0','0','0','1','Blank Template','0','0','0','0.0000','0');

### Dump table glpi_monitortypes

CREATE TABLE `glpi_monitortypes` (
  `id` int(11) NOT NULL AUTO_INCREMENT,
  `name` varchar(255) COLLATE utf8_unicode_ci DEFAULT NULL,
  `comment` text COLLATE utf8_unicode_ci,
  PRIMARY KEY (`id`),
  KEY `name` (`name`)
) ENGINE=MyISAM  DEFAULT CHARSET=utf8 COLLATE=utf8_unicode_ci;

INSERT INTO `glpi_monitortypes` VALUES ('2','AOC tube 17 1024*768',NULL);
INSERT INTO `glpi_monitortypes` VALUES ('1','AOC lcd 17 1024*768',NULL);
INSERT INTO `glpi_monitortypes` VALUES ('3','integrated',NULL);
INSERT INTO `glpi_monitortypes` VALUES ('4','AOC lcd 15 1024*768',NULL);
INSERT INTO `glpi_monitortypes` VALUES ('5','LG lcd 15 1024*768',NULL);
INSERT INTO `glpi_monitortypes` VALUES ('6','Liteon lcd 15 1024*768',NULL);
INSERT INTO `glpi_monitortypes` VALUES ('7','Philips lcd 15 1024*768',NULL);
INSERT INTO `glpi_monitortypes` VALUES ('8','ADI tube 15 800*600',NULL);
INSERT INTO `glpi_monitortypes` VALUES ('9','aucun',NULL);
INSERT INTO `glpi_monitortypes` VALUES ('10','tube 14 480*640',NULL);
INSERT INTO `glpi_monitortypes` VALUES ('11','tube 14 800*600',NULL);
INSERT INTO `glpi_monitortypes` VALUES ('12','tube 15 800*600',NULL);
INSERT INTO `glpi_monitortypes` VALUES ('13','tube17 800*600',NULL);
INSERT INTO `glpi_monitortypes` VALUES ('14','tube15 1024*768',NULL);

### Dump table glpi_netpoints

CREATE TABLE `glpi_netpoints` (
  `id` int(11) NOT NULL AUTO_INCREMENT,
  `entities_id` int(11) NOT NULL DEFAULT '0',
  `locations_id` int(11) NOT NULL DEFAULT '0',
  `name` varchar(255) COLLATE utf8_unicode_ci DEFAULT NULL,
  `comment` text COLLATE utf8_unicode_ci,
  PRIMARY KEY (`id`),
  KEY `name` (`name`),
  KEY `complete` (`entities_id`,`locations_id`,`name`),
  KEY `location_name` (`locations_id`,`name`)
) ENGINE=MyISAM DEFAULT CHARSET=utf8 COLLATE=utf8_unicode_ci;


### Dump table glpi_networkaliases

CREATE TABLE `glpi_networkaliases` (
  `id` int(11) NOT NULL AUTO_INCREMENT,
  `entities_id` int(11) NOT NULL DEFAULT '0',
  `networknames_id` int(11) NOT NULL DEFAULT '0',
  `name` varchar(255) COLLATE utf8_unicode_ci DEFAULT NULL,
  `fqdns_id` int(11) NOT NULL DEFAULT '0',
  `comment` text COLLATE utf8_unicode_ci,
  PRIMARY KEY (`id`),
  KEY `entities_id` (`entities_id`),
  KEY `name` (`name`),
  KEY `networknames_id` (`networknames_id`)
) ENGINE=MyISAM DEFAULT CHARSET=utf8 COLLATE=utf8_unicode_ci;


### Dump table glpi_networkequipmentfirmwares

CREATE TABLE `glpi_networkequipmentfirmwares` (
  `id` int(11) NOT NULL AUTO_INCREMENT,
  `name` varchar(255) COLLATE utf8_unicode_ci DEFAULT NULL,
  `comment` text COLLATE utf8_unicode_ci,
  PRIMARY KEY (`id`),
  KEY `name` (`name`)
) ENGINE=MyISAM DEFAULT CHARSET=utf8 COLLATE=utf8_unicode_ci;


### Dump table glpi_networkequipmentmodels

CREATE TABLE `glpi_networkequipmentmodels` (
  `id` int(11) NOT NULL AUTO_INCREMENT,
  `name` varchar(255) COLLATE utf8_unicode_ci DEFAULT NULL,
  `comment` text COLLATE utf8_unicode_ci,
  PRIMARY KEY (`id`),
  KEY `name` (`name`)
) ENGINE=MyISAM DEFAULT CHARSET=utf8 COLLATE=utf8_unicode_ci;


### Dump table glpi_networkequipments

CREATE TABLE `glpi_networkequipments` (
  `id` int(11) NOT NULL AUTO_INCREMENT,
  `entities_id` int(11) NOT NULL DEFAULT '0',
  `is_recursive` tinyint(1) NOT NULL DEFAULT '0',
  `name` varchar(255) COLLATE utf8_unicode_ci DEFAULT NULL,
  `ram` varchar(255) COLLATE utf8_unicode_ci DEFAULT NULL,
  `serial` varchar(255) COLLATE utf8_unicode_ci DEFAULT NULL,
  `otherserial` varchar(255) COLLATE utf8_unicode_ci DEFAULT NULL,
  `contact` varchar(255) COLLATE utf8_unicode_ci DEFAULT NULL,
  `contact_num` varchar(255) COLLATE utf8_unicode_ci DEFAULT NULL,
  `users_id_tech` int(11) NOT NULL DEFAULT '0',
  `groups_id_tech` int(11) NOT NULL DEFAULT '0',
  `date_mod` datetime DEFAULT NULL,
  `comment` text COLLATE utf8_unicode_ci,
  `locations_id` int(11) NOT NULL DEFAULT '0',
  `domains_id` int(11) NOT NULL DEFAULT '0',
  `networks_id` int(11) NOT NULL DEFAULT '0',
  `networkequipmenttypes_id` int(11) NOT NULL DEFAULT '0',
  `networkequipmentmodels_id` int(11) NOT NULL DEFAULT '0',
  `networkequipmentfirmwares_id` int(11) NOT NULL DEFAULT '0',
  `manufacturers_id` int(11) NOT NULL DEFAULT '0',
  `is_deleted` tinyint(1) NOT NULL DEFAULT '0',
  `is_template` tinyint(1) NOT NULL DEFAULT '0',
  `template_name` varchar(255) COLLATE utf8_unicode_ci DEFAULT NULL,
  `users_id` int(11) NOT NULL DEFAULT '0',
  `groups_id` int(11) NOT NULL DEFAULT '0',
  `states_id` int(11) NOT NULL DEFAULT '0',
  `ticket_tco` decimal(20,4) DEFAULT '0.0000',
  `is_dynamic` tinyint(1) NOT NULL DEFAULT '0',
  PRIMARY KEY (`id`),
  KEY `name` (`name`),
  KEY `is_template` (`is_template`),
  KEY `domains_id` (`domains_id`),
  KEY `networkequipmentfirmwares_id` (`networkequipmentfirmwares_id`),
  KEY `entities_id` (`entities_id`),
  KEY `manufacturers_id` (`manufacturers_id`),
  KEY `groups_id` (`groups_id`),
  KEY `users_id` (`users_id`),
  KEY `locations_id` (`locations_id`),
  KEY `networkequipmentmodels_id` (`networkequipmentmodels_id`),
  KEY `networks_id` (`networks_id`),
  KEY `states_id` (`states_id`),
  KEY `users_id_tech` (`users_id_tech`),
  KEY `networkequipmenttypes_id` (`networkequipmenttypes_id`),
  KEY `is_deleted` (`is_deleted`),
  KEY `date_mod` (`date_mod`),
  KEY `groups_id_tech` (`groups_id_tech`),
  KEY `is_dynamic` (`is_dynamic`),
  KEY `serial` (`serial`),
  KEY `otherserial` (`otherserial`)
) ENGINE=MyISAM  DEFAULT CHARSET=utf8 COLLATE=utf8_unicode_ci;

INSERT INTO `glpi_networkequipments` VALUES ('28','0','0','s242sw1','','','28','','','0','0','2004-10-11 13:56:10','','9','0','0','2','2','0','0','0','0',NULL,'0','0','0','0.0000','0');
INSERT INTO `glpi_networkequipments` VALUES ('29','0','0','','','','','','','0','0',NULL,'','0','0','0','0','0','0','0','0','1','Blank Template','0','0','0','0.0000','0');
INSERT INTO `glpi_networkequipments` VALUES ('30','0','0','Bewan peda','','','','','','0','0','2011-06-08 15:27:51','','12','0','1','0','0','0','17','0','0',NULL,'0','0','4','0.0000','0');

### Dump table glpi_networkequipmenttypes

CREATE TABLE `glpi_networkequipmenttypes` (
  `id` int(11) NOT NULL AUTO_INCREMENT,
  `name` varchar(255) COLLATE utf8_unicode_ci DEFAULT NULL,
  `comment` text COLLATE utf8_unicode_ci,
  PRIMARY KEY (`id`),
  KEY `name` (`name`)
) ENGINE=MyISAM DEFAULT CHARSET=utf8 COLLATE=utf8_unicode_ci;


### Dump table glpi_networkinterfaces

CREATE TABLE `glpi_networkinterfaces` (
  `id` int(11) NOT NULL AUTO_INCREMENT,
  `name` varchar(255) COLLATE utf8_unicode_ci DEFAULT NULL,
  `comment` text COLLATE utf8_unicode_ci,
  PRIMARY KEY (`id`),
  KEY `name` (`name`)
) ENGINE=MyISAM  DEFAULT CHARSET=utf8 COLLATE=utf8_unicode_ci;

INSERT INTO `glpi_networkinterfaces` VALUES ('4','100Mbps FDDI',NULL);
INSERT INTO `glpi_networkinterfaces` VALUES ('1','10Mbps Ethernet (UTP)',NULL);
INSERT INTO `glpi_networkinterfaces` VALUES ('2','100Mbps Ethernet (UTP)',NULL);
INSERT INTO `glpi_networkinterfaces` VALUES ('3','100Base FL',NULL);
INSERT INTO `glpi_networkinterfaces` VALUES ('5','Frame Relay',NULL);
INSERT INTO `glpi_networkinterfaces` VALUES ('6','ISDN',NULL);
INSERT INTO `glpi_networkinterfaces` VALUES ('7','T1/E1 +',NULL);
INSERT INTO `glpi_networkinterfaces` VALUES ('8','Serial Link',NULL);
INSERT INTO `glpi_networkinterfaces` VALUES ('9','100 base tx',NULL);

### Dump table glpi_networknames

CREATE TABLE `glpi_networknames` (
  `id` int(11) NOT NULL AUTO_INCREMENT,
  `entities_id` int(11) NOT NULL DEFAULT '0',
  `items_id` int(11) NOT NULL DEFAULT '0',
  `itemtype` varchar(100) COLLATE utf8_unicode_ci NOT NULL,
  `name` varchar(255) COLLATE utf8_unicode_ci DEFAULT NULL,
  `comment` text COLLATE utf8_unicode_ci,
  `fqdns_id` int(11) NOT NULL DEFAULT '0',
  `is_deleted` tinyint(1) NOT NULL DEFAULT '0',
  `is_dynamic` tinyint(1) NOT NULL DEFAULT '0',
  PRIMARY KEY (`id`),
  KEY `entities_id` (`entities_id`),
  KEY `FQDN` (`name`,`fqdns_id`),
  KEY `name` (`name`),
  KEY `fqdns_id` (`fqdns_id`),
  KEY `is_deleted` (`is_deleted`),
  KEY `is_dynamic` (`is_dynamic`),
  KEY `item` (`itemtype`,`items_id`,`is_deleted`)
) ENGINE=MyISAM  DEFAULT CHARSET=utf8 COLLATE=utf8_unicode_ci;

INSERT INTO `glpi_networknames` VALUES ('1','0','1','NetworkPort','migration-10-10-0-26',NULL,'0','0','0');
INSERT INTO `glpi_networknames` VALUES ('2','0','2','NetworkPort','migration-10-10-0-27',NULL,'0','0','0');
INSERT INTO `glpi_networknames` VALUES ('3','0','3','NetworkPort','migration-10-10-0-28',NULL,'0','0','0');
INSERT INTO `glpi_networknames` VALUES ('4','0','4','NetworkPort','migration-10-10-0-29',NULL,'0','0','0');
INSERT INTO `glpi_networknames` VALUES ('5','0','5','NetworkPort','migration-10-10-0-1',NULL,'0','0','0');
INSERT INTO `glpi_networknames` VALUES ('6','0','6','NetworkPort','migration-10-10-0-1',NULL,'0','0','0');
INSERT INTO `glpi_networknames` VALUES ('7','0','7','NetworkPort','migration-10-10-0-1',NULL,'0','0','0');
INSERT INTO `glpi_networknames` VALUES ('8','0','9','NetworkPort','migration-172-16-122-252',NULL,'0','0','0');

### Dump table glpi_networkportaggregates

CREATE TABLE `glpi_networkportaggregates` (
  `id` int(11) NOT NULL AUTO_INCREMENT,
  `networkports_id` int(11) NOT NULL DEFAULT '0',
  `networkports_id_list` text COLLATE utf8_unicode_ci COMMENT 'array of associated networkports_id',
  PRIMARY KEY (`id`),
  UNIQUE KEY `networkports_id` (`networkports_id`)
) ENGINE=MyISAM  DEFAULT CHARSET=utf8 COLLATE=utf8_unicode_ci;

INSERT INTO `glpi_networkportaggregates` VALUES ('1','9','[]');

### Dump table glpi_networkportaliases

CREATE TABLE `glpi_networkportaliases` (
  `id` int(11) NOT NULL AUTO_INCREMENT,
  `networkports_id` int(11) NOT NULL DEFAULT '0',
  `networkports_id_alias` int(11) NOT NULL DEFAULT '0',
  PRIMARY KEY (`id`),
  UNIQUE KEY `networkports_id` (`networkports_id`),
  KEY `networkports_id_alias` (`networkports_id_alias`)
) ENGINE=MyISAM DEFAULT CHARSET=utf8 COLLATE=utf8_unicode_ci;


### Dump table glpi_networkportdialups

CREATE TABLE `glpi_networkportdialups` (
  `id` int(11) NOT NULL AUTO_INCREMENT,
  `networkports_id` int(11) NOT NULL DEFAULT '0',
  PRIMARY KEY (`id`),
  UNIQUE KEY `networkports_id` (`networkports_id`)
) ENGINE=MyISAM DEFAULT CHARSET=utf8 COLLATE=utf8_unicode_ci;


### Dump table glpi_networkportethernets

CREATE TABLE `glpi_networkportethernets` (
  `id` int(11) NOT NULL AUTO_INCREMENT,
  `networkports_id` int(11) NOT NULL DEFAULT '0',
  `items_devicenetworkcards_id` int(11) NOT NULL DEFAULT '0',
  `netpoints_id` int(11) NOT NULL DEFAULT '0',
  `type` varchar(10) COLLATE utf8_unicode_ci DEFAULT '' COMMENT 'T, LX, SX',
  `speed` int(11) NOT NULL DEFAULT '10' COMMENT 'Mbit/s: 10, 100, 1000, 10000',
  PRIMARY KEY (`id`),
  UNIQUE KEY `networkports_id` (`networkports_id`),
  KEY `card` (`items_devicenetworkcards_id`),
  KEY `netpoint` (`netpoints_id`),
  KEY `type` (`type`),
  KEY `speed` (`speed`)
) ENGINE=MyISAM  DEFAULT CHARSET=utf8 COLLATE=utf8_unicode_ci;

INSERT INTO `glpi_networkportethernets` VALUES ('1','1','0','0','','10');
INSERT INTO `glpi_networkportethernets` VALUES ('2','2','0','0','','10');
INSERT INTO `glpi_networkportethernets` VALUES ('3','3','0','0','','10');
INSERT INTO `glpi_networkportethernets` VALUES ('4','4','0','0','','10');
INSERT INTO `glpi_networkportethernets` VALUES ('5','5','0','0','','10');
INSERT INTO `glpi_networkportethernets` VALUES ('6','6','0','0','','10');
INSERT INTO `glpi_networkportethernets` VALUES ('7','7','0','0','','10');
INSERT INTO `glpi_networkportethernets` VALUES ('8','8','0','0','','10');

### Dump table glpi_networkportlocals

CREATE TABLE `glpi_networkportlocals` (
  `id` int(11) NOT NULL AUTO_INCREMENT,
  `networkports_id` int(11) NOT NULL DEFAULT '0',
  PRIMARY KEY (`id`),
  UNIQUE KEY `networkports_id` (`networkports_id`)
) ENGINE=MyISAM DEFAULT CHARSET=utf8 COLLATE=utf8_unicode_ci;


### Dump table glpi_networkports

CREATE TABLE `glpi_networkports` (
  `id` int(11) NOT NULL AUTO_INCREMENT,
  `items_id` int(11) NOT NULL DEFAULT '0',
  `itemtype` varchar(100) COLLATE utf8_unicode_ci NOT NULL,
  `entities_id` int(11) NOT NULL DEFAULT '0',
  `is_recursive` tinyint(1) NOT NULL DEFAULT '0',
  `logical_number` int(11) NOT NULL DEFAULT '0',
  `name` varchar(255) COLLATE utf8_unicode_ci DEFAULT NULL,
  `instantiation_type` varchar(255) COLLATE utf8_unicode_ci DEFAULT NULL,
  `mac` varchar(255) COLLATE utf8_unicode_ci DEFAULT NULL,
  `comment` text COLLATE utf8_unicode_ci,
  `is_deleted` tinyint(1) NOT NULL DEFAULT '0',
  `is_dynamic` tinyint(1) NOT NULL DEFAULT '0',
  PRIMARY KEY (`id`),
  KEY `on_device` (`items_id`,`itemtype`),
  KEY `item` (`itemtype`,`items_id`),
  KEY `entities_id` (`entities_id`),
  KEY `is_recursive` (`is_recursive`),
  KEY `mac` (`mac`),
  KEY `is_deleted` (`is_deleted`),
  KEY `is_dynamic` (`is_dynamic`)
) ENGINE=MyISAM  DEFAULT CHARSET=utf8 COLLATE=utf8_unicode_ci;

INSERT INTO `glpi_networkports` VALUES ('1','8','Computer','0','0','1','3Com','NetworkPortEthernet','',NULL,'0','0');
INSERT INTO `glpi_networkports` VALUES ('2','10','Computer','0','0','1','3com','NetworkPortEthernet','',NULL,'0','0');
INSERT INTO `glpi_networkports` VALUES ('3','15','Computer','0','0','1','Generic','NetworkPortEthernet','',NULL,'0','0');
INSERT INTO `glpi_networkports` VALUES ('4','18','Computer','0','0','1','3Com','NetworkPortEthernet','',NULL,'0','0');
INSERT INTO `glpi_networkports` VALUES ('5','9','NetworkEquipment','0','0','1','Dlink port','NetworkPortEthernet','',NULL,'0','0');
INSERT INTO `glpi_networkports` VALUES ('6','9','NetworkEquipment','0','0','2','Dlink port','NetworkPortEthernet','',NULL,'0','0');
INSERT INTO `glpi_networkports` VALUES ('7','9','NetworkEquipment','0','0','3','Dlink port','NetworkPortEthernet','',NULL,'0','0');
INSERT INTO `glpi_networkports` VALUES ('8','10','NetworkEquipment','0','0','0','','NetworkPortEthernet','',NULL,'0','0');
INSERT INTO `glpi_networkports` VALUES ('9','30','NetworkEquipment','0','0','0','management','NetworkPortAggregate','',NULL,'0','0');

### Dump table glpi_networkports_networkports

CREATE TABLE `glpi_networkports_networkports` (
  `id` int(11) NOT NULL AUTO_INCREMENT,
  `networkports_id_1` int(11) NOT NULL DEFAULT '0',
  `networkports_id_2` int(11) NOT NULL DEFAULT '0',
  PRIMARY KEY (`id`),
  UNIQUE KEY `unicity` (`networkports_id_1`,`networkports_id_2`),
  KEY `networkports_id_2` (`networkports_id_2`)
) ENGINE=MyISAM  DEFAULT CHARSET=utf8 COLLATE=utf8_unicode_ci;

INSERT INTO `glpi_networkports_networkports` VALUES ('1','5','1');
INSERT INTO `glpi_networkports_networkports` VALUES ('2','6','2');
INSERT INTO `glpi_networkports_networkports` VALUES ('3','7','3');

### Dump table glpi_networkports_vlans

CREATE TABLE `glpi_networkports_vlans` (
  `id` int(11) NOT NULL AUTO_INCREMENT,
  `networkports_id` int(11) NOT NULL DEFAULT '0',
  `vlans_id` int(11) NOT NULL DEFAULT '0',
  `tagged` tinyint(1) NOT NULL DEFAULT '0',
  PRIMARY KEY (`id`),
  UNIQUE KEY `unicity` (`networkports_id`,`vlans_id`),
  KEY `vlans_id` (`vlans_id`)
) ENGINE=MyISAM DEFAULT CHARSET=utf8 COLLATE=utf8_unicode_ci;


### Dump table glpi_networkportwifis

CREATE TABLE `glpi_networkportwifis` (
  `id` int(11) NOT NULL AUTO_INCREMENT,
  `networkports_id` int(11) NOT NULL DEFAULT '0',
  `items_devicenetworkcards_id` int(11) NOT NULL DEFAULT '0',
  `wifinetworks_id` int(11) NOT NULL DEFAULT '0',
  `networkportwifis_id` int(11) NOT NULL DEFAULT '0' COMMENT 'only usefull in case of Managed node',
  `version` varchar(20) COLLATE utf8_unicode_ci DEFAULT NULL COMMENT 'a, a/b, a/b/g, a/b/g/n, a/b/g/n/y',
  `mode` varchar(20) COLLATE utf8_unicode_ci DEFAULT NULL COMMENT 'ad-hoc, managed, master, repeater, secondary, monitor, auto',
  PRIMARY KEY (`id`),
  UNIQUE KEY `networkports_id` (`networkports_id`),
  KEY `card` (`items_devicenetworkcards_id`),
  KEY `essid` (`wifinetworks_id`),
  KEY `version` (`version`),
  KEY `mode` (`mode`)
) ENGINE=MyISAM DEFAULT CHARSET=utf8 COLLATE=utf8_unicode_ci;


### Dump table glpi_networks

CREATE TABLE `glpi_networks` (
  `id` int(11) NOT NULL AUTO_INCREMENT,
  `name` varchar(255) COLLATE utf8_unicode_ci DEFAULT NULL,
  `comment` text COLLATE utf8_unicode_ci,
  PRIMARY KEY (`id`),
  KEY `name` (`name`)
) ENGINE=MyISAM  DEFAULT CHARSET=utf8 COLLATE=utf8_unicode_ci;

INSERT INTO `glpi_networks` VALUES ('1','Peda','');
INSERT INTO `glpi_networks` VALUES ('2','','');
INSERT INTO `glpi_networks` VALUES ('3','IP Serveur','');

### Dump table glpi_notepads

CREATE TABLE `glpi_notepads` (
  `id` int(11) NOT NULL AUTO_INCREMENT,
  `itemtype` varchar(100) COLLATE utf8_unicode_ci DEFAULT NULL,
  `items_id` int(11) NOT NULL DEFAULT '0',
  `date` datetime DEFAULT NULL,
  `date_mod` datetime DEFAULT NULL,
  `users_id` int(11) NOT NULL DEFAULT '0',
  `users_id_lastupdater` int(11) NOT NULL DEFAULT '0',
  `content` longtext COLLATE utf8_unicode_ci,
  PRIMARY KEY (`id`),
  KEY `item` (`itemtype`,`items_id`),
  KEY `date_mod` (`date_mod`),
  KEY `date` (`date`),
  KEY `users_id_lastupdater` (`users_id_lastupdater`),
  KEY `users_id` (`users_id`)
) ENGINE=MyISAM DEFAULT CHARSET=utf8 COLLATE=utf8_unicode_ci;


### Dump table glpi_notifications

CREATE TABLE `glpi_notifications` (
  `id` int(11) NOT NULL AUTO_INCREMENT,
  `name` varchar(255) COLLATE utf8_unicode_ci DEFAULT NULL,
  `entities_id` int(11) NOT NULL DEFAULT '0',
  `itemtype` varchar(100) COLLATE utf8_unicode_ci NOT NULL,
  `event` varchar(255) COLLATE utf8_unicode_ci NOT NULL,
  `mode` varchar(255) COLLATE utf8_unicode_ci NOT NULL,
  `notificationtemplates_id` int(11) NOT NULL DEFAULT '0',
  `comment` text COLLATE utf8_unicode_ci,
  `is_recursive` tinyint(1) NOT NULL DEFAULT '0',
  `is_active` tinyint(1) NOT NULL DEFAULT '0',
  `date_mod` datetime DEFAULT NULL,
  PRIMARY KEY (`id`),
  KEY `name` (`name`),
  KEY `itemtype` (`itemtype`),
  KEY `entities_id` (`entities_id`),
  KEY `is_active` (`is_active`),
  KEY `date_mod` (`date_mod`),
  KEY `is_recursive` (`is_recursive`),
  KEY `notificationtemplates_id` (`notificationtemplates_id`)
) ENGINE=MyISAM  DEFAULT CHARSET=utf8 COLLATE=utf8_unicode_ci;

INSERT INTO `glpi_notifications` VALUES ('1','Alert Tickets not closed','0','Ticket','alertnotclosed','mail','6','','1','1','2011-06-08 09:27:41');
INSERT INTO `glpi_notifications` VALUES ('2','New Ticket','0','Ticket','new','mail','4','','1','1','2011-06-08 09:27:41');
INSERT INTO `glpi_notifications` VALUES ('3','Update Ticket','0','Ticket','update','mail','4','','1','1','2011-06-08 09:27:41');
INSERT INTO `glpi_notifications` VALUES ('4','Close Ticket','0','Ticket','closed','mail','4','','1','1','2011-06-08 09:27:41');
INSERT INTO `glpi_notifications` VALUES ('5','Add Followup','0','Ticket','add_followup','mail','4','','1','1','2011-06-08 09:27:41');
INSERT INTO `glpi_notifications` VALUES ('6','Add Task','0','Ticket','add_task','mail','4','','1','1','2011-06-08 09:27:41');
INSERT INTO `glpi_notifications` VALUES ('7','Update Followup','0','Ticket','update_followup','mail','4','','1','1','2011-06-08 09:27:41');
INSERT INTO `glpi_notifications` VALUES ('8','Update Task','0','Ticket','update_task','mail','4','','1','1','2011-06-08 09:27:41');
INSERT INTO `glpi_notifications` VALUES ('9','Delete Followup','0','Ticket','delete_followup','mail','4','','1','1','2011-06-08 09:27:41');
INSERT INTO `glpi_notifications` VALUES ('10','Delete Task','0','Ticket','delete_task','mail','4','','1','1','2011-06-08 09:27:41');
INSERT INTO `glpi_notifications` VALUES ('11','Resolve ticket','0','Ticket','solved','mail','4','','1','1','2011-06-08 09:27:41');
INSERT INTO `glpi_notifications` VALUES ('12','Ticket Validation','0','Ticket','validation','mail','7','','1','1','2011-06-08 09:27:41');
INSERT INTO `glpi_notifications` VALUES ('13','New Reservation','0','Reservation','new','mail','2','','1','1','2011-06-08 09:27:41');
INSERT INTO `glpi_notifications` VALUES ('14','Update Reservation','0','Reservation','update','mail','2','','1','1','2011-06-08 09:27:41');
INSERT INTO `glpi_notifications` VALUES ('15','Delete Reservation','0','Reservation','delete','mail','2','','1','1','2011-06-08 09:27:41');
INSERT INTO `glpi_notifications` VALUES ('16','Alert Reservation','0','Reservation','alert','mail','3','','1','1','2011-06-08 09:27:41');
INSERT INTO `glpi_notifications` VALUES ('17','Contract Notice','0','Contract','notice','mail','12','','1','1','2011-06-08 09:27:41');
INSERT INTO `glpi_notifications` VALUES ('18','Contract End','0','Contract','end','mail','12','','1','1','2011-06-08 09:27:41');
INSERT INTO `glpi_notifications` VALUES ('19','MySQL Synchronization','0','DBConnection','desynchronization','mail','1','','1','1','2011-06-08 09:27:41');
INSERT INTO `glpi_notifications` VALUES ('20','Cartridges','0','CartridgeItem','alert','mail','8','','1','1','2011-06-08 09:27:41');
INSERT INTO `glpi_notifications` VALUES ('21','Consumables','0','ConsumableItem','alert','mail','9','','1','1','2011-06-08 09:27:41');
INSERT INTO `glpi_notifications` VALUES ('22','Infocoms','0','Infocom','alert','mail','10','','1','1','2011-06-08 09:27:41');
INSERT INTO `glpi_notifications` VALUES ('23','Software Licenses','0','SoftwareLicense','alert','mail','11','','1','1','2011-06-08 09:27:41');
INSERT INTO `glpi_notifications` VALUES ('24','Ticket Recall','0','Ticket','recall','mail','4','','1','1','2011-06-08 09:27:45');
INSERT INTO `glpi_notifications` VALUES ('25','Password Forget','0','User','passwordforget','mail','13','','1','1','2011-06-08 09:27:45');
INSERT INTO `glpi_notifications` VALUES ('26','Ticket Satisfaction','0','Ticket','satisfaction','mail','14','','1','1','2011-06-08 09:27:47');
INSERT INTO `glpi_notifications` VALUES ('27','Item not unique','0','FieldUnicity','refuse','mail','15','','1','1','2011-06-08 09:27:49');
INSERT INTO `glpi_notifications` VALUES ('28','Crontask Watcher','0','Crontask','alert','mail','16','','1','1','2011-06-08 09:27:49');
INSERT INTO `glpi_notifications` VALUES ('29','New Problem','0','Problem','new','mail','17','','1','1','2013-09-11 21:40:00');
INSERT INTO `glpi_notifications` VALUES ('30','Update Problem','0','Problem','update','mail','17','','1','1','2013-09-11 21:40:00');
INSERT INTO `glpi_notifications` VALUES ('31','Resolve Problem','0','Problem','solved','mail','17','','1','1','2013-09-11 21:40:00');
INSERT INTO `glpi_notifications` VALUES ('32','Add Task','0','Problem','add_task','mail','17','','1','1','2013-09-11 21:40:00');
INSERT INTO `glpi_notifications` VALUES ('33','Update Task','0','Problem','update_task','mail','17','','1','1','2013-09-11 21:40:00');
INSERT INTO `glpi_notifications` VALUES ('34','Delete Task','0','Problem','delete_task','mail','17','','1','1','2013-09-11 21:40:00');
INSERT INTO `glpi_notifications` VALUES ('35','Close Problem','0','Problem','closed','mail','17','','1','1','2013-09-11 21:40:00');
INSERT INTO `glpi_notifications` VALUES ('36','Delete Problem','0','Problem','delete','mail','17','','1','1','2013-09-11 21:40:00');
INSERT INTO `glpi_notifications` VALUES ('37','Ticket Validation Answer','0','Ticket','validation_answer','mail','7','','1','1','2013-09-11 21:40:08');
INSERT INTO `glpi_notifications` VALUES ('38','Contract End Periodicity','0','Contract','periodicity','mail','12','','1','1','2013-09-11 21:40:08');
INSERT INTO `glpi_notifications` VALUES ('39','Contract Notice Periodicity','0','Contract','periodicitynotice','mail','12','','1','1','2013-09-11 21:40:08');
INSERT INTO `glpi_notifications` VALUES ('40','Planning recall','0','PlanningRecall','planningrecall','mail','18','','1','1','2013-09-11 21:40:09');
INSERT INTO `glpi_notifications` VALUES ('41','Delete Ticket','0','Ticket','delete','mail','4','','1','1','2013-09-11 21:40:10');
INSERT INTO `glpi_notifications` VALUES ('42','New Change','0','Change','new','mail','19','','1','1','2016-03-25 17:55:05');
INSERT INTO `glpi_notifications` VALUES ('43','Update Change','0','Change','update','mail','19','','1','1','2016-03-25 17:55:05');
INSERT INTO `glpi_notifications` VALUES ('44','Resolve Change','0','Change','solved','mail','19','','1','1','2016-03-25 17:55:05');
INSERT INTO `glpi_notifications` VALUES ('45','Add Task','0','Change','add_task','mail','19','','1','1','2016-03-25 17:55:05');
INSERT INTO `glpi_notifications` VALUES ('46','Update Task','0','Change','update_task','mail','19','','1','1','2016-03-25 17:55:05');
INSERT INTO `glpi_notifications` VALUES ('47','Delete Task','0','Change','delete_task','mail','19','','1','1','2016-03-25 17:55:05');
INSERT INTO `glpi_notifications` VALUES ('48','Close Change','0','Change','closed','mail','19','','1','1','2016-03-25 17:55:05');
INSERT INTO `glpi_notifications` VALUES ('49','Delete Change','0','Change','delete','mail','19','','1','1','2016-03-25 17:55:05');
INSERT INTO `glpi_notifications` VALUES ('50','Ticket Satisfaction Answer','0','Ticket','replysatisfaction','mail','14','','1','1','2016-03-25 17:55:05');
INSERT INTO `glpi_notifications` VALUES ('51','Receiver errors','0','MailCollector','error','mail','20','','1','1','2016-03-25 17:55:05');
INSERT INTO `glpi_notifications` VALUES ('52','New Project','0','Project','new','mail','21','','1','1','2016-03-25 17:55:05');
INSERT INTO `glpi_notifications` VALUES ('53','Update Project','0','Project','update','mail','21','','1','1','2016-03-25 17:55:05');
INSERT INTO `glpi_notifications` VALUES ('54','Delete Project','0','Project','delete','mail','21','','1','1','2016-03-25 17:55:05');
INSERT INTO `glpi_notifications` VALUES ('55','New Project Task','0','ProjectTask','new','mail','22','','1','1','2016-03-25 17:55:05');
INSERT INTO `glpi_notifications` VALUES ('56','Update Project Task','0','ProjectTask','update','mail','22','','1','1','2016-03-25 17:55:05');
INSERT INTO `glpi_notifications` VALUES ('57','Delete Project Task','0','ProjectTask','delete','mail','22','','1','1','2016-03-25 17:55:05');

### Dump table glpi_notificationtargets

CREATE TABLE `glpi_notificationtargets` (
  `id` int(11) NOT NULL AUTO_INCREMENT,
  `items_id` int(11) NOT NULL DEFAULT '0',
  `type` int(11) NOT NULL DEFAULT '0',
  `notifications_id` int(11) NOT NULL DEFAULT '0',
  PRIMARY KEY (`id`),
  KEY `items` (`type`,`items_id`),
  KEY `notifications_id` (`notifications_id`)
) ENGINE=MyISAM  DEFAULT CHARSET=utf8 COLLATE=utf8_unicode_ci;

INSERT INTO `glpi_notificationtargets` VALUES ('2','1','1','2');
INSERT INTO `glpi_notificationtargets` VALUES ('3','1','1','3');
INSERT INTO `glpi_notificationtargets` VALUES ('4','1','1','5');
INSERT INTO `glpi_notificationtargets` VALUES ('5','1','1','4');
INSERT INTO `glpi_notificationtargets` VALUES ('12','1','1','19');
INSERT INTO `glpi_notificationtargets` VALUES ('13','14','1','12');
INSERT INTO `glpi_notificationtargets` VALUES ('14','1','1','6');
INSERT INTO `glpi_notificationtargets` VALUES ('15','1','1','7');
INSERT INTO `glpi_notificationtargets` VALUES ('16','1','1','8');
INSERT INTO `glpi_notificationtargets` VALUES ('17','1','1','9');
INSERT INTO `glpi_notificationtargets` VALUES ('18','1','1','10');
INSERT INTO `glpi_notificationtargets` VALUES ('19','1','1','11');
INSERT INTO `glpi_notificationtargets` VALUES ('20','19','1','25');
INSERT INTO `glpi_notificationtargets` VALUES ('21','3','1','26');
INSERT INTO `glpi_notificationtargets` VALUES ('53','1','1','41');
INSERT INTO `glpi_notificationtargets` VALUES ('24','1','1','28');
INSERT INTO `glpi_notificationtargets` VALUES ('25','3','1','29');
INSERT INTO `glpi_notificationtargets` VALUES ('26','1','1','29');
INSERT INTO `glpi_notificationtargets` VALUES ('27','21','1','29');
INSERT INTO `glpi_notificationtargets` VALUES ('28','2','1','30');
INSERT INTO `glpi_notificationtargets` VALUES ('29','4','1','30');
INSERT INTO `glpi_notificationtargets` VALUES ('30','3','1','30');
INSERT INTO `glpi_notificationtargets` VALUES ('31','1','1','30');
INSERT INTO `glpi_notificationtargets` VALUES ('32','21','1','30');
INSERT INTO `glpi_notificationtargets` VALUES ('33','3','1','31');
INSERT INTO `glpi_notificationtargets` VALUES ('34','1','1','31');
INSERT INTO `glpi_notificationtargets` VALUES ('35','21','1','31');
INSERT INTO `glpi_notificationtargets` VALUES ('36','3','1','32');
INSERT INTO `glpi_notificationtargets` VALUES ('37','1','1','32');
INSERT INTO `glpi_notificationtargets` VALUES ('38','21','1','32');
INSERT INTO `glpi_notificationtargets` VALUES ('39','3','1','33');
INSERT INTO `glpi_notificationtargets` VALUES ('40','1','1','33');
INSERT INTO `glpi_notificationtargets` VALUES ('41','21','1','33');
INSERT INTO `glpi_notificationtargets` VALUES ('42','3','1','34');
INSERT INTO `glpi_notificationtargets` VALUES ('43','1','1','34');
INSERT INTO `glpi_notificationtargets` VALUES ('44','21','1','34');
INSERT INTO `glpi_notificationtargets` VALUES ('45','3','1','35');
INSERT INTO `glpi_notificationtargets` VALUES ('46','1','1','35');
INSERT INTO `glpi_notificationtargets` VALUES ('47','21','1','35');
INSERT INTO `glpi_notificationtargets` VALUES ('48','3','1','36');
INSERT INTO `glpi_notificationtargets` VALUES ('49','1','1','36');
INSERT INTO `glpi_notificationtargets` VALUES ('50','21','1','36');
INSERT INTO `glpi_notificationtargets` VALUES ('51','14','1','37');
INSERT INTO `glpi_notificationtargets` VALUES ('52','3','1','40');
INSERT INTO `glpi_notificationtargets` VALUES ('54','3','1','42');
INSERT INTO `glpi_notificationtargets` VALUES ('55','1','1','42');
INSERT INTO `glpi_notificationtargets` VALUES ('56','21','1','42');
INSERT INTO `glpi_notificationtargets` VALUES ('57','2','1','43');
INSERT INTO `glpi_notificationtargets` VALUES ('58','4','1','43');
INSERT INTO `glpi_notificationtargets` VALUES ('59','3','1','43');
INSERT INTO `glpi_notificationtargets` VALUES ('60','1','1','43');
INSERT INTO `glpi_notificationtargets` VALUES ('61','21','1','43');
INSERT INTO `glpi_notificationtargets` VALUES ('62','3','1','44');
INSERT INTO `glpi_notificationtargets` VALUES ('63','1','1','44');
INSERT INTO `glpi_notificationtargets` VALUES ('64','21','1','44');
INSERT INTO `glpi_notificationtargets` VALUES ('65','3','1','45');
INSERT INTO `glpi_notificationtargets` VALUES ('66','1','1','45');
INSERT INTO `glpi_notificationtargets` VALUES ('67','21','1','45');
INSERT INTO `glpi_notificationtargets` VALUES ('68','3','1','46');
INSERT INTO `glpi_notificationtargets` VALUES ('69','1','1','46');
INSERT INTO `glpi_notificationtargets` VALUES ('70','21','1','46');
INSERT INTO `glpi_notificationtargets` VALUES ('71','3','1','47');
INSERT INTO `glpi_notificationtargets` VALUES ('72','1','1','47');
INSERT INTO `glpi_notificationtargets` VALUES ('73','21','1','47');
INSERT INTO `glpi_notificationtargets` VALUES ('74','3','1','48');
INSERT INTO `glpi_notificationtargets` VALUES ('75','1','1','48');
INSERT INTO `glpi_notificationtargets` VALUES ('76','21','1','48');
INSERT INTO `glpi_notificationtargets` VALUES ('77','3','1','49');
INSERT INTO `glpi_notificationtargets` VALUES ('78','1','1','49');
INSERT INTO `glpi_notificationtargets` VALUES ('79','21','1','49');
INSERT INTO `glpi_notificationtargets` VALUES ('80','3','1','50');
INSERT INTO `glpi_notificationtargets` VALUES ('81','2','1','50');
INSERT INTO `glpi_notificationtargets` VALUES ('82','1','1','51');
INSERT INTO `glpi_notificationtargets` VALUES ('83','27','1','52');
INSERT INTO `glpi_notificationtargets` VALUES ('84','1','1','52');
INSERT INTO `glpi_notificationtargets` VALUES ('85','28','1','52');
INSERT INTO `glpi_notificationtargets` VALUES ('86','27','1','53');
INSERT INTO `glpi_notificationtargets` VALUES ('87','1','1','53');
INSERT INTO `glpi_notificationtargets` VALUES ('88','28','1','53');
INSERT INTO `glpi_notificationtargets` VALUES ('89','27','1','54');
INSERT INTO `glpi_notificationtargets` VALUES ('90','1','1','54');
INSERT INTO `glpi_notificationtargets` VALUES ('91','28','1','54');
INSERT INTO `glpi_notificationtargets` VALUES ('92','31','1','55');
INSERT INTO `glpi_notificationtargets` VALUES ('93','1','1','55');
INSERT INTO `glpi_notificationtargets` VALUES ('94','32','1','55');
INSERT INTO `glpi_notificationtargets` VALUES ('95','31','1','56');
INSERT INTO `glpi_notificationtargets` VALUES ('96','1','1','56');
INSERT INTO `glpi_notificationtargets` VALUES ('97','32','1','56');
INSERT INTO `glpi_notificationtargets` VALUES ('98','31','1','57');
INSERT INTO `glpi_notificationtargets` VALUES ('99','1','1','57');
INSERT INTO `glpi_notificationtargets` VALUES ('100','32','1','57');

### Dump table glpi_notificationtemplates

CREATE TABLE `glpi_notificationtemplates` (
  `id` int(11) NOT NULL AUTO_INCREMENT,
  `name` varchar(255) COLLATE utf8_unicode_ci DEFAULT NULL,
  `itemtype` varchar(100) COLLATE utf8_unicode_ci NOT NULL,
  `date_mod` datetime DEFAULT NULL,
  `comment` text COLLATE utf8_unicode_ci,
  `css` text COLLATE utf8_unicode_ci,
  PRIMARY KEY (`id`),
  KEY `itemtype` (`itemtype`),
  KEY `date_mod` (`date_mod`),
  KEY `name` (`name`)
) ENGINE=MyISAM  DEFAULT CHARSET=utf8 COLLATE=utf8_unicode_ci;

INSERT INTO `glpi_notificationtemplates` VALUES ('1','MySQL Synchronization','DBConnection','2011-06-08 09:27:41','',NULL);
INSERT INTO `glpi_notificationtemplates` VALUES ('2','Reservations','Reservation','2011-06-08 09:27:41','',NULL);
INSERT INTO `glpi_notificationtemplates` VALUES ('3','Alert Reservation','Reservation','2011-06-08 09:27:41','',NULL);
INSERT INTO `glpi_notificationtemplates` VALUES ('4','Tickets','Ticket','2011-06-08 09:27:41','',NULL);
INSERT INTO `glpi_notificationtemplates` VALUES ('5','Tickets (Simple)','Ticket','2011-06-08 09:27:41','',NULL);
INSERT INTO `glpi_notificationtemplates` VALUES ('6','Alert Tickets not closed','Ticket','2011-06-08 09:27:41','',NULL);
INSERT INTO `glpi_notificationtemplates` VALUES ('7','Tickets Validation','Ticket','2011-06-08 09:27:41','',NULL);
INSERT INTO `glpi_notificationtemplates` VALUES ('8','Cartridges','CartridgeItem','2011-06-08 09:27:41','',NULL);
INSERT INTO `glpi_notificationtemplates` VALUES ('9','Consumables','ConsumableItem','2011-06-08 09:27:41','',NULL);
INSERT INTO `glpi_notificationtemplates` VALUES ('10','Infocoms','Infocom','2011-06-08 09:27:41','',NULL);
INSERT INTO `glpi_notificationtemplates` VALUES ('11','Licenses','SoftwareLicense','2011-06-08 09:27:41','',NULL);
INSERT INTO `glpi_notificationtemplates` VALUES ('12','Contracts','Contract','2011-06-08 09:27:41','',NULL);
INSERT INTO `glpi_notificationtemplates` VALUES ('13','Password Forget','User','2011-06-08 09:27:45',NULL,NULL);
INSERT INTO `glpi_notificationtemplates` VALUES ('14','Ticket Satisfaction','Ticket','2011-06-08 09:27:47',NULL,NULL);
INSERT INTO `glpi_notificationtemplates` VALUES ('15','Item not unique','FieldUnicity','2011-06-08 09:27:49',NULL,NULL);
INSERT INTO `glpi_notificationtemplates` VALUES ('16','Crontask','Crontask','2011-06-08 09:27:49',NULL,NULL);
INSERT INTO `glpi_notificationtemplates` VALUES ('17','Problems','Problem','2013-09-11 21:40:00',NULL,NULL);
INSERT INTO `glpi_notificationtemplates` VALUES ('18','Planning recall','PlanningRecall','2013-09-11 21:40:09',NULL,NULL);
INSERT INTO `glpi_notificationtemplates` VALUES ('19','Changes','Change','2016-03-25 17:55:05',NULL,NULL);
INSERT INTO `glpi_notificationtemplates` VALUES ('20','Receiver errors','MailCollector','2016-03-25 17:55:05',NULL,NULL);
INSERT INTO `glpi_notificationtemplates` VALUES ('21','Projects','Project','2016-03-25 17:55:05',NULL,NULL);
INSERT INTO `glpi_notificationtemplates` VALUES ('22','Project Tasks','ProjectTask','2016-03-25 17:55:05',NULL,NULL);

### Dump table glpi_notificationtemplatetranslations

CREATE TABLE `glpi_notificationtemplatetranslations` (
  `id` int(11) NOT NULL AUTO_INCREMENT,
  `notificationtemplates_id` int(11) NOT NULL DEFAULT '0',
  `language` char(5) COLLATE utf8_unicode_ci NOT NULL DEFAULT '',
  `subject` varchar(255) COLLATE utf8_unicode_ci NOT NULL,
  `content_text` text COLLATE utf8_unicode_ci,
  `content_html` text COLLATE utf8_unicode_ci,
  PRIMARY KEY (`id`),
  KEY `notificationtemplates_id` (`notificationtemplates_id`)
) ENGINE=MyISAM  DEFAULT CHARSET=utf8 COLLATE=utf8_unicode_ci;

INSERT INTO `glpi_notificationtemplatetranslations` VALUES ('1','1','','##lang.dbconnection.title##','##lang.dbconnection.delay## : ##dbconnection.delay##
','&lt;p&gt;##lang.dbconnection.delay## : ##dbconnection.delay##&lt;/p&gt;');
INSERT INTO `glpi_notificationtemplatetranslations` VALUES ('2','2','','##reservation.action##','======================================================================
##lang.reservation.user##: ##reservation.user##
##lang.reservation.item.name##: ##reservation.itemtype## - ##reservation.item.name##
##IFreservation.tech## ##lang.reservation.tech## ##reservation.tech## ##ENDIFreservation.tech##
##lang.reservation.begin##: ##reservation.begin##
##lang.reservation.end##: ##reservation.end##
##lang.reservation.comment##: ##reservation.comment##
======================================================================
','&lt;!-- description{ color: inherit; background: #ebebeb;border-style: solid;border-color: #8d8d8d; border-width: 0px 1px 1px 0px; } --&gt;
&lt;p&gt;&lt;span style=\"color: #8b8c8f; font-weight: bold; text-decoration: underline;\"&gt;##lang.reservation.user##:&lt;/span&gt;##reservation.user##&lt;br /&gt; &lt;span style=\"color: #8b8c8f; font-weight: bold; text-decoration: underline;\"&gt;##lang.reservation.item.name##:&lt;/span&gt;##reservation.itemtype## - ##reservation.item.name##&lt;br /&gt;##IFreservation.tech## ##lang.reservation.tech## ##reservation.tech####ENDIFreservation.tech##&lt;br /&gt; &lt;span style=\"color: #8b8c8f; font-weight: bold; text-decoration: underline;\"&gt;##lang.reservation.begin##:&lt;/span&gt; ##reservation.begin##&lt;br /&gt; &lt;span style=\"color: #8b8c8f; font-weight: bold; text-decoration: underline;\"&gt;##lang.reservation.end##:&lt;/span&gt;##reservation.end##&lt;br /&gt; &lt;span style=\"color: #8b8c8f; font-weight: bold; text-decoration: underline;\"&gt;##lang.reservation.comment##:&lt;/span&gt; ##reservation.comment##&lt;/p&gt;');
INSERT INTO `glpi_notificationtemplatetranslations` VALUES ('3','3','','##reservation.action##  ##reservation.entity##','##lang.reservation.entity## : ##reservation.entity## 

 
##FOREACHreservations## 
##lang.reservation.itemtype## : ##reservation.itemtype##

 ##lang.reservation.item## : ##reservation.item##
 
 ##reservation.url## 

 ##ENDFOREACHreservations##','&lt;p&gt;##lang.reservation.entity## : ##reservation.entity## &lt;br /&gt; &lt;br /&gt;
##FOREACHreservations## &lt;br /&gt;##lang.reservation.itemtype## : ##reservation.itemtype##&lt;br /&gt;
 ##lang.reservation.item## : ##reservation.item##&lt;br /&gt; &lt;br /&gt;
 &lt;a href=\"##reservation.url##\"&gt; ##reservation.url##&lt;/a&gt;&lt;br /&gt;
 ##ENDFOREACHreservations##&lt;/p&gt;');
INSERT INTO `glpi_notificationtemplatetranslations` VALUES ('4','4','','##ticket.action## ##ticket.title##',' ##IFticket.storestatus=5##
 ##lang.ticket.url## : ##ticket.urlapprove##
 ##lang.ticket.autoclosewarning##
 ##lang.ticket.solvedate## : ##ticket.solvedate##
 ##lang.ticket.solution.type## : ##ticket.solution.type##
 ##lang.ticket.solution.description## : ##ticket.solution.description## ##ENDIFticket.storestatus##
 ##ELSEticket.storestatus## ##lang.ticket.url## : ##ticket.url## ##ENDELSEticket.storestatus##

 ##lang.ticket.description##

 ##lang.ticket.title## : ##ticket.title##
 ##lang.ticket.authors## : ##IFticket.authors## ##ticket.authors## ##ENDIFticket.authors## ##ELSEticket.authors##--##ENDELSEticket.authors##
 ##lang.ticket.creationdate## : ##ticket.creationdate##
 ##lang.ticket.closedate## : ##ticket.closedate##
 ##lang.ticket.requesttype## : ##ticket.requesttype##
 ##IFticket.itemtype## ##lang.ticket.item.name## : ##ticket.itemtype## - ##ticket.item.name## ##IFticket.item.model## - ##ticket.item.model## ##ENDIFticket.item.model## ##IFticket.item.serial## - ##ticket.item.serial## ##ENDIFticket.item.serial##  ##IFticket.item.otherserial## -##ticket.item.otherserial## ##ENDIFticket.item.otherserial## ##ENDIFticket.itemtype##
##IFticket.assigntousers## ##lang.ticket.assigntousers## : ##ticket.assigntousers## ##ENDIFticket.assigntousers##
 ##lang.ticket.status## : ##ticket.status##
##IFticket.assigntogroups## ##lang.ticket.assigntogroups## : ##ticket.assigntogroups## ##ENDIFticket.assigntogroups##
 ##lang.ticket.urgency## : ##ticket.urgency##
 ##lang.ticket.impact## : ##ticket.impact##
 ##lang.ticket.priority## : ##ticket.priority##
##IFticket.user.email## ##lang.ticket.user.email## : ##ticket.user.email ##ENDIFticket.user.email##
##IFticket.category## ##lang.ticket.category## : ##ticket.category## ##ENDIFticket.category## ##ELSEticket.category## ##lang.ticket.nocategoryassigned## ##ENDELSEticket.category##
 ##lang.ticket.content## : ##ticket.content##

 ##IFticket.storestatus=6##

 ##lang.ticket.solvedate## : ##ticket.solvedate##
 ##lang.ticket.solution.type## : ##ticket.solution.type##
 ##lang.ticket.solution.description## : ##ticket.solution.description##
 ##ENDIFticket.storestatus##
 ##lang.ticket.numberoffollowups## : ##ticket.numberoffollowups##

##FOREACHfollowups##

 [##followup.date##] ##lang.followup.isprivate## : ##followup.isprivate##
 ##lang.followup.author## ##followup.author##
 ##lang.followup.description## ##followup.description##
 ##lang.followup.date## ##followup.date##
 ##lang.followup.requesttype## ##followup.requesttype##

##ENDFOREACHfollowups##
 ##lang.ticket.numberoftasks## : ##ticket.numberoftasks##

##FOREACHtasks##

 [##task.date##] ##lang.task.isprivate## : ##task.isprivate##
 ##lang.task.author## ##task.author##
 ##lang.task.description## ##task.description##
 ##lang.task.time## ##task.time##
 ##lang.task.category## ##task.category##

##ENDFOREACHtasks##','<!-- description{ color: inherit; background: #ebebeb; border-style: solid;border-color: #8d8d8d; border-width: 0px 1px 1px 0px; }    -->
<div>##IFticket.storestatus=5##</div>
<div>##lang.ticket.url## : <a href=\"##ticket.urlapprove##\">##ticket.urlapprove##</a> <strong>&#160;</strong></div>
<div><strong>##lang.ticket.autoclosewarning##</strong> </div>
<div><span style=\"color: #888888;\"><strong><span style=\"text-decoration: underline;\">##lang.ticket.solvedate##</span></strong></span> : ##ticket.solvedate##<br /><span style=\"text-decoration: underline; color: #888888;\"><strong>##lang.ticket.solution.type##</strong></span> : ##ticket.solution.type##<br /><span style=\"text-decoration: underline; color: #888888;\"><strong>##lang.ticket.solution.description##</strong></span> : ##ticket.solution.description## ##ENDIFticket.storestatus##</div>
<div>##ELSEticket.storestatus## ##lang.ticket.url## : <a href=\"##ticket.url##\">##ticket.url##</a> ##ENDELSEticket.storestatus##</div>
<div class=\"description b\"><strong>##lang.ticket.description##</strong></div>
<p><span style=\"color: #8b8c8f; font-weight: bold; text-decoration: underline;\"> ##lang.ticket.title##</span>&#160;:##ticket.title## <br /> <span style=\"color: #8b8c8f; font-weight: bold; text-decoration: underline;\"> ##lang.ticket.authors##</span>&#160;:##IFticket.authors## ##ticket.authors## ##ENDIFticket.authors##    ##ELSEticket.authors##--##ENDELSEticket.authors## <br /> <span style=\"color: #8b8c8f; font-weight: bold; text-decoration: underline;\"> ##lang.ticket.creationdate##</span>&#160;:##ticket.creationdate## <br /> <span style=\"color: #8b8c8f; font-weight: bold; text-decoration: underline;\"> ##lang.ticket.closedate##</span>&#160;:##ticket.closedate## <br /> <span style=\"color: #8b8c8f; font-weight: bold; text-decoration: underline;\"> ##lang.ticket.requesttype##</span>&#160;:##ticket.requesttype##<br /> ##IFticket.itemtype## <span style=\"color: #8b8c8f; font-weight: bold; text-decoration: underline;\"> ##lang.ticket.item.name##</span>&#160;: ##ticket.itemtype## - ##ticket.item.name##    ##IFticket.item.model## - ##ticket.item.model##    ##ENDIFticket.item.model## ##IFticket.item.serial## -##ticket.item.serial## ##ENDIFticket.item.serial##&#160; ##IFticket.item.otherserial## -##ticket.item.otherserial##  ##ENDIFticket.item.otherserial## ##ENDIFticket.itemtype## <br /> ##IFticket.assigntousers## <span style=\"color: #8b8c8f; font-weight: bold; text-decoration: underline;\"> ##lang.ticket.assigntousers##</span>&#160;: ##ticket.assigntousers## ##ENDIFticket.assigntousers##<br /> <span style=\"color: #8b8c8f; font-weight: bold; text-decoration: underline;\">##lang.ticket.status## </span>&#160;: ##ticket.status##<br /> ##IFticket.assigntogroups## <span style=\"color: #8b8c8f; font-weight: bold; text-decoration: underline;\"> ##lang.ticket.assigntogroups##</span>&#160;: ##ticket.assigntogroups## ##ENDIFticket.assigntogroups##<br /> <span style=\"color: #8b8c8f; font-weight: bold; text-decoration: underline;\"> ##lang.ticket.urgency##</span>&#160;: ##ticket.urgency##<br /> <span style=\"color: #8b8c8f; font-weight: bold; text-decoration: underline;\"> ##lang.ticket.impact##</span>&#160;: ##ticket.impact##<br /> <span style=\"color: #8b8c8f; font-weight: bold; text-decoration: underline;\"> ##lang.ticket.priority##</span>&#160;: ##ticket.priority## <br /> ##IFticket.user.email##<span style=\"color: #8b8c8f; font-weight: bold; text-decoration: underline;\"> ##lang.ticket.user.email##</span>&#160;: ##ticket.user.email ##ENDIFticket.user.email##    <br /> ##IFticket.category##<span style=\"color: #8b8c8f; font-weight: bold; text-decoration: underline;\">##lang.ticket.category## </span>&#160;:##ticket.category## ##ENDIFticket.category## ##ELSEticket.category## ##lang.ticket.nocategoryassigned## ##ENDELSEticket.category##    <br /> <span style=\"color: #8b8c8f; font-weight: bold; text-decoration: underline;\"> ##lang.ticket.content##</span>&#160;: ##ticket.content##</p>
<br />##IFticket.storestatus=6##<br /><span style=\"text-decoration: underline;\"><strong><span style=\"color: #888888;\">##lang.ticket.solvedate##</span></strong></span> : ##ticket.solvedate##<br /><span style=\"color: #888888;\"><strong><span style=\"text-decoration: underline;\">##lang.ticket.solution.type##</span></strong></span> : ##ticket.solution.type##<br /><span style=\"text-decoration: underline; color: #888888;\"><strong>##lang.ticket.solution.description##</strong></span> : ##ticket.solution.description##<br />##ENDIFticket.storestatus##</p>
<div class=\"description b\">##lang.ticket.numberoffollowups##&#160;: ##ticket.numberoffollowups##</div>
<p>##FOREACHfollowups##</p>
<div class=\"description b\"><br /> <strong> [##followup.date##] <em>##lang.followup.isprivate## : ##followup.isprivate## </em></strong><br /> <span style=\"color: #8b8c8f; font-weight: bold; text-decoration: underline;\"> ##lang.followup.author## </span> ##followup.author##<br /> <span style=\"color: #8b8c8f; font-weight: bold; text-decoration: underline;\"> ##lang.followup.description## </span> ##followup.description##<br /> <span style=\"color: #8b8c8f; font-weight: bold; text-decoration: underline;\"> ##lang.followup.date## </span> ##followup.date##<br /> <span style=\"color: #8b8c8f; font-weight: bold; text-decoration: underline;\"> ##lang.followup.requesttype## </span> ##followup.requesttype##</div>
<p>##ENDFOREACHfollowups##</p>
<div class=\"description b\">##lang.ticket.numberoftasks##&#160;: ##ticket.numberoftasks##</div>
<p>##FOREACHtasks##</p>
<div class=\"description b\"><br /> <strong> [##task.date##] <em>##lang.task.isprivate## : ##task.isprivate## </em></strong><br /> <span style=\"color: #8b8c8f; font-weight: bold; text-decoration: underline;\"> ##lang.task.author##</span> ##task.author##<br /> <span style=\"color: #8b8c8f; font-weight: bold; text-decoration: underline;\"> ##lang.task.description##</span> ##task.description##<br /> <span style=\"color: #8b8c8f; font-weight: bold; text-decoration: underline;\"> ##lang.task.time##</span> ##task.time##<br /> <span style=\"color: #8b8c8f; font-weight: bold; text-decoration: underline;\"> ##lang.task.category##</span> ##task.category##</div>
<p>##ENDFOREACHtasks##</p>');
INSERT INTO `glpi_notificationtemplatetranslations` VALUES ('5','12','','##contract.action##  ##contract.entity##','##lang.contract.entity## : ##contract.entity##

##FOREACHcontracts##
##lang.contract.name## : ##contract.name##
##lang.contract.number## : ##contract.number##
##lang.contract.time## : ##contract.time##
##IFcontract.type####lang.contract.type## : ##contract.type####ENDIFcontract.type##
##contract.url##
##ENDFOREACHcontracts##','&lt;p&gt;##lang.contract.entity## : ##contract.entity##&lt;br /&gt;
&lt;br /&gt;##FOREACHcontracts##&lt;br /&gt;##lang.contract.name## :
##contract.name##&lt;br /&gt;
##lang.contract.number## : ##contract.number##&lt;br /&gt;
##lang.contract.time## : ##contract.time##&lt;br /&gt;
##IFcontract.type####lang.contract.type## : ##contract.type##
##ENDIFcontract.type##&lt;br /&gt;
&lt;a href=\"##contract.url##\"&gt;
##contract.url##&lt;/a&gt;&lt;br /&gt;
##ENDFOREACHcontracts##&lt;/p&gt;');
INSERT INTO `glpi_notificationtemplatetranslations` VALUES ('6','5','','##ticket.action## ##ticket.title##','##lang.ticket.url## : ##ticket.url## 

##lang.ticket.description## 


##lang.ticket.title##  :##ticket.title## 

##lang.ticket.authors##  :##IFticket.authors##
##ticket.authors## ##ENDIFticket.authors##
##ELSEticket.authors##--##ENDELSEticket.authors##   

##IFticket.category## ##lang.ticket.category##  :##ticket.category##
##ENDIFticket.category## ##ELSEticket.category##
##lang.ticket.nocategoryassigned## ##ENDELSEticket.category##

##lang.ticket.content##  : ##ticket.content##
##IFticket.itemtype##
##lang.ticket.item.name##  : ##ticket.itemtype## - ##ticket.item.name##
##ENDIFticket.itemtype##','&lt;div&gt;##lang.ticket.url## : &lt;a href=\"##ticket.url##\"&gt;
##ticket.url##&lt;/a&gt;&lt;/div&gt;
&lt;div class=\"description b\"&gt;
##lang.ticket.description##&lt;/div&gt;
&lt;p&gt;&lt;span
style=\"color: #8b8c8f; font-weight: bold; text-decoration: underline;\"&gt;
##lang.ticket.title##&lt;/span&gt;&#160;:##ticket.title##
&lt;br /&gt; &lt;span style=\"color: #8b8c8f; font-weight: bold; text-decoration: underline;\"&gt;
##lang.ticket.authors##&lt;/span&gt;
##IFticket.authors## ##ticket.authors##
##ENDIFticket.authors##
##ELSEticket.authors##--##ENDELSEticket.authors##
&lt;span style=\"color: #8b8c8f; font-weight: bold; text-decoration: underline;\"&gt;&#160
;&lt;/span&gt;&lt;br /&gt; &lt;span style=\"color: #8b8c8f; font-weight: bold; text-decoration: underline;\"&gt; &lt;/span&gt;
##IFticket.category##&lt;span style=\"color: #8b8c8f; font-weight: bold; text-decoration: underline;\"&gt;
##lang.ticket.category## &lt;/span&gt;&#160;:##ticket.category##
##ENDIFticket.category## ##ELSEticket.category##
##lang.ticket.nocategoryassigned## ##ENDELSEticket.category##
&lt;br /&gt; &lt;span style=\"color: #8b8c8f; font-weight: bold; text-decoration: underline;\"&gt;
##lang.ticket.content##&lt;/span&gt;&#160;:
##ticket.content##&lt;br /&gt;##IFticket.itemtype##
&lt;span style=\"color: #8b8c8f; font-weight: bold; text-decoration: underline;\"&gt;
##lang.ticket.item.name##&lt;/span&gt;&#160;:
##ticket.itemtype## - ##ticket.item.name##
##ENDIFticket.itemtype##&lt;/p&gt;');
INSERT INTO `glpi_notificationtemplatetranslations` VALUES ('15','15','','##lang.unicity.action##','##lang.unicity.entity## : ##unicity.entity## 

##lang.unicity.itemtype## : ##unicity.itemtype## 

##lang.unicity.message## : ##unicity.message## 

##lang.unicity.action_user## : ##unicity.action_user## 

##lang.unicity.action_type## : ##unicity.action_type## 

##lang.unicity.date## : ##unicity.date##','&lt;p&gt;##lang.unicity.entity## : ##unicity.entity##&lt;/p&gt;
&lt;p&gt;##lang.unicity.itemtype## : ##unicity.itemtype##&lt;/p&gt;
&lt;p&gt;##lang.unicity.message## : ##unicity.message##&lt;/p&gt;
&lt;p&gt;##lang.unicity.action_user## : ##unicity.action_user##&lt;/p&gt;
&lt;p&gt;##lang.unicity.action_type## : ##unicity.action_type##&lt;/p&gt;
&lt;p&gt;##lang.unicity.date## : ##unicity.date##&lt;/p&gt;');
INSERT INTO `glpi_notificationtemplatetranslations` VALUES ('7','7','','##ticket.action## ##ticket.title##','##FOREACHvalidations##

##IFvalidation.storestatus=2##
##validation.submission.title##
##lang.validation.commentsubmission## : ##validation.commentsubmission##
##ENDIFvalidation.storestatus##
##ELSEvalidation.storestatus## ##validation.answer.title## ##ENDELSEvalidation.storestatus##

##lang.ticket.url## : ##ticket.urlvalidation##

##IFvalidation.status## ##lang.validation.status## : ##validation.status## ##ENDIFvalidation.status##
##IFvalidation.commentvalidation##
##lang.validation.commentvalidation## : ##validation.commentvalidation##
##ENDIFvalidation.commentvalidation##
##ENDFOREACHvalidations##','&lt;div&gt;##FOREACHvalidations##&lt;/div&gt;
&lt;p&gt;##IFvalidation.storestatus=2##&lt;/p&gt;
&lt;div&gt;##validation.submission.title##&lt;/div&gt;
&lt;div&gt;##lang.validation.commentsubmission## : ##validation.commentsubmission##&lt;/div&gt;
&lt;div&gt;##ENDIFvalidation.storestatus##&lt;/div&gt;
&lt;div&gt;##ELSEvalidation.storestatus## ##validation.answer.title## ##ENDELSEvalidation.storestatus##&lt;/div&gt;
&lt;div&gt;&lt;/div&gt;
&lt;div&gt;
&lt;div&gt;##lang.ticket.url## : &lt;a href=\"##ticket.urlvalidation##\"&gt; ##ticket.urlvalidation## &lt;/a&gt;&lt;/div&gt;
&lt;/div&gt;
&lt;p&gt;##IFvalidation.status## ##lang.validation.status## : ##validation.status## ##ENDIFvalidation.status##
&lt;br /&gt; ##IFvalidation.commentvalidation##&lt;br /&gt; ##lang.validation.commentvalidation## :
&#160; ##validation.commentvalidation##&lt;br /&gt; ##ENDIFvalidation.commentvalidation##
&lt;br /&gt;##ENDFOREACHvalidations##&lt;/p&gt;');
INSERT INTO `glpi_notificationtemplatetranslations` VALUES ('8','6','','##ticket.action## ##ticket.entity##','##lang.ticket.entity## : ##ticket.entity##
 
##FOREACHtickets##

##lang.ticket.title## : ##ticket.title##
 ##lang.ticket.status## : ##ticket.status##

 ##ticket.url## 
 ##ENDFOREACHtickets##','&lt;table class=\"tab_cadre\" border=\"1\" cellspacing=\"2\" cellpadding=\"3\"&gt;
&lt;tbody&gt;
&lt;tr&gt;
&lt;td style=\"text-align: left;\" width=\"auto\" bgcolor=\"#cccccc\"&gt;&lt;span style=\"font-size: 11px; text-align: left;\"&gt;##lang.ticket.authors##&lt;/span&gt;&lt;/td&gt;
&lt;td style=\"text-align: left;\" width=\"auto\" bgcolor=\"#cccccc\"&gt;&lt;span style=\"font-size: 11px; text-align: left;\"&gt;##lang.ticket.title##&lt;/span&gt;&lt;/td&gt;
&lt;td style=\"text-align: left;\" width=\"auto\" bgcolor=\"#cccccc\"&gt;&lt;span style=\"font-size: 11px; text-align: left;\"&gt;##lang.ticket.priority##&lt;/span&gt;&lt;/td&gt;
&lt;td style=\"text-align: left;\" width=\"auto\" bgcolor=\"#cccccc\"&gt;&lt;span style=\"font-size: 11px; text-align: left;\"&gt;##lang.ticket.status##&lt;/span&gt;&lt;/td&gt;
&lt;td style=\"text-align: left;\" width=\"auto\" bgcolor=\"#cccccc\"&gt;&lt;span style=\"font-size: 11px; text-align: left;\"&gt;##lang.ticket.attribution##&lt;/span&gt;&lt;/td&gt;
&lt;td style=\"text-align: left;\" width=\"auto\" bgcolor=\"#cccccc\"&gt;&lt;span style=\"font-size: 11px; text-align: left;\"&gt;##lang.ticket.creationdate##&lt;/span&gt;&lt;/td&gt;
&lt;td style=\"text-align: left;\" width=\"auto\" bgcolor=\"#cccccc\"&gt;&lt;span style=\"font-size: 11px; text-align: left;\"&gt;##lang.ticket.content##&lt;/span&gt;&lt;/td&gt;
&lt;/tr&gt;
##FOREACHtickets##
&lt;tr&gt;
&lt;td width=\"auto\"&gt;&lt;span style=\"font-size: 11px; text-align: left;\"&gt;##ticket.authors##&lt;/span&gt;&lt;/td&gt;
&lt;td width=\"auto\"&gt;&lt;span style=\"font-size: 11px; text-align: left;\"&gt;&lt;a href=\"##ticket.url##\"&gt;##ticket.title##&lt;/a&gt;&lt;/span&gt;&lt;/td&gt;
&lt;td width=\"auto\"&gt;&lt;span style=\"font-size: 11px; text-align: left;\"&gt;##ticket.priority##&lt;/span&gt;&lt;/td&gt;
&lt;td width=\"auto\"&gt;&lt;span style=\"font-size: 11px; text-align: left;\"&gt;##ticket.status##&lt;/span&gt;&lt;/td&gt;
&lt;td width=\"auto\"&gt;&lt;span style=\"font-size: 11px; text-align: left;\"&gt;##IFticket.assigntousers####ticket.assigntousers##&lt;br /&gt;##ENDIFticket.assigntousers####IFticket.assigntogroups##&lt;br /&gt;##ticket.assigntogroups## ##ENDIFticket.assigntogroups####IFticket.assigntosupplier##&lt;br /&gt;##ticket.assigntosupplier## ##ENDIFticket.assigntosupplier##&lt;/span&gt;&lt;/td&gt;
&lt;td width=\"auto\"&gt;&lt;span style=\"font-size: 11px; text-align: left;\"&gt;##ticket.creationdate##&lt;/span&gt;&lt;/td&gt;
&lt;td width=\"auto\"&gt;&lt;span style=\"font-size: 11px; text-align: left;\"&gt;##ticket.content##&lt;/span&gt;&lt;/td&gt;
&lt;/tr&gt;
##ENDFOREACHtickets##
&lt;/tbody&gt;
&lt;/table&gt;');
INSERT INTO `glpi_notificationtemplatetranslations` VALUES ('9','9','','##consumable.action##  ##consumable.entity##','##lang.consumable.entity## : ##consumable.entity##
 

##FOREACHconsumables##
##lang.consumable.item## : ##consumable.item##
 

##lang.consumable.reference## : ##consumable.reference##

##lang.consumable.remaining## : ##consumable.remaining##

##consumable.url## 

##ENDFOREACHconsumables##','&lt;p&gt;
##lang.consumable.entity## : ##consumable.entity##
&lt;br /&gt; &lt;br /&gt;##FOREACHconsumables##
&lt;br /&gt;##lang.consumable.item## : ##consumable.item##&lt;br /&gt;
&lt;br /&gt;##lang.consumable.reference## : ##consumable.reference##&lt;br /&gt;
##lang.consumable.remaining## : ##consumable.remaining##&lt;br /&gt;
&lt;a href=\"##consumable.url##\"&gt; ##consumable.url##&lt;/a&gt;&lt;br /&gt;
   ##ENDFOREACHconsumables##&lt;/p&gt;');
INSERT INTO `glpi_notificationtemplatetranslations` VALUES ('10','8','','##cartridge.action##  ##cartridge.entity##','##lang.cartridge.entity## : ##cartridge.entity##
 

##FOREACHcartridges##
##lang.cartridge.item## : ##cartridge.item##
 

##lang.cartridge.reference## : ##cartridge.reference##

##lang.cartridge.remaining## : ##cartridge.remaining##

##cartridge.url## 
 ##ENDFOREACHcartridges##','&lt;p&gt;##lang.cartridge.entity## :##cartridge.entity##
&lt;br /&gt; &lt;br /&gt;##FOREACHcartridges##
&lt;br /&gt;##lang.cartridge.item## :
##cartridge.item##&lt;br /&gt; &lt;br /&gt;
##lang.cartridge.reference## :
##cartridge.reference##&lt;br /&gt;
##lang.cartridge.remaining## :
##cartridge.remaining##&lt;br /&gt;
&lt;a href=\"##cartridge.url##\"&gt;
##cartridge.url##&lt;/a&gt;&lt;br /&gt;
##ENDFOREACHcartridges##&lt;/p&gt;');
INSERT INTO `glpi_notificationtemplatetranslations` VALUES ('11','10','','##infocom.action##  ##infocom.entity##','##lang.infocom.entity## : ##infocom.entity## 
 

##FOREACHinfocoms## 

##lang.infocom.itemtype## : ##infocom.itemtype##

##lang.infocom.item## : ##infocom.item##
 

##lang.infocom.expirationdate## : ##infocom.expirationdate##

##infocom.url## 
 ##ENDFOREACHinfocoms##','&lt;p&gt;##lang.infocom.entity## : ##infocom.entity##
&lt;br /&gt; &lt;br /&gt;##FOREACHinfocoms##
&lt;br /&gt;##lang.infocom.itemtype## : ##infocom.itemtype##&lt;br /&gt;
##lang.infocom.item## : ##infocom.item##&lt;br /&gt; &lt;br /&gt;
##lang.infocom.expirationdate## : ##infocom.expirationdate##
&lt;br /&gt; &lt;a href=\"##infocom.url##\"&gt;
##infocom.url##&lt;/a&gt;&lt;br /&gt;
##ENDFOREACHinfocoms##&lt;/p&gt;');
INSERT INTO `glpi_notificationtemplatetranslations` VALUES ('12','11','','##license.action##  ##license.entity##','##lang.license.entity## : ##license.entity##

##FOREACHlicenses## 

##lang.license.item## : ##license.item##

##lang.license.serial## : ##license.serial##

##lang.license.expirationdate## : ##license.expirationdate##

##license.url## 
 ##ENDFOREACHlicenses##','&lt;p&gt;
##lang.license.entity## : ##license.entity##&lt;br /&gt;
##FOREACHlicenses##
&lt;br /&gt;##lang.license.item## : ##license.item##&lt;br /&gt;
##lang.license.serial## : ##license.serial##&lt;br /&gt;
##lang.license.expirationdate## : ##license.expirationdate##
&lt;br /&gt; &lt;a href=\"##license.url##\"&gt; ##license.url##
&lt;/a&gt;&lt;br /&gt; ##ENDFOREACHlicenses##&lt;/p&gt;');
INSERT INTO `glpi_notificationtemplatetranslations` VALUES ('13','13','','##user.action##','##lang.user.realname## ##lang.user.firstname##

##lang.passwordforget.information##

##lang.passwordforget.link## ##user.passwordforgeturl##','&lt;p&gt;&lt;strong&gt;##lang.user.realname## ##lang.user.firstname##&lt;/strong&gt;&lt;/p&gt;
&lt;p&gt;##lang.passwordforget.information##&lt;/p&gt;
&lt;p&gt;##lang.passwordforget.link## &lt;a title=\"##user.passwordforgeturl##\" href=\"##user.passwordforgeturl##\"&gt;##user.passwordforgeturl##&lt;/a&gt;&lt;/p&gt;');
INSERT INTO `glpi_notificationtemplatetranslations` VALUES ('14','14','','##ticket.action## ##ticket.title##','##lang.ticket.title## : ##ticket.title##

##lang.ticket.closedate## : ##ticket.closedate##

##lang.satisfaction.text## ##ticket.urlsatisfaction##','&lt;p&gt;##lang.ticket.title## : ##ticket.title##&lt;/p&gt;
&lt;p&gt;##lang.ticket.closedate## : ##ticket.closedate##&lt;/p&gt;
&lt;p&gt;##lang.satisfaction.text## &lt;a href=\"##ticket.urlsatisfaction##\"&gt;##ticket.urlsatisfaction##&lt;/a&gt;&lt;/p&gt;');
INSERT INTO `glpi_notificationtemplatetranslations` VALUES ('16','16','','##crontask.action##','##lang.crontask.warning## 

##FOREACHcrontasks## 
 ##crontask.name## : ##crontask.description##
 
##ENDFOREACHcrontasks##','&lt;p&gt;##lang.crontask.warning##&lt;/p&gt;
&lt;p&gt;##FOREACHcrontasks## &lt;br /&gt;&lt;a href=\"##crontask.url##\"&gt;##crontask.name##&lt;/a&gt; : ##crontask.description##&lt;br /&gt; &lt;br /&gt;##ENDFOREACHcrontasks##&lt;/p&gt;');
INSERT INTO `glpi_notificationtemplatetranslations` VALUES ('17','17','','##problem.action## ##problem.title##','##IFproblem.storestatus=5##
 ##lang.problem.url## : ##problem.urlapprove##
 ##lang.problem.solvedate## : ##problem.solvedate##
 ##lang.problem.solution.type## : ##problem.solution.type##
 ##lang.problem.solution.description## : ##problem.solution.description## ##ENDIFproblem.storestatus##
 ##ELSEproblem.storestatus## ##lang.problem.url## : ##problem.url## ##ENDELSEproblem.storestatus##

 ##lang.problem.description##

 ##lang.problem.title##  :##problem.title##
 ##lang.problem.authors##  :##IFproblem.authors## ##problem.authors## ##ENDIFproblem.authors## ##ELSEproblem.authors##--##ENDELSEproblem.authors##
 ##lang.problem.creationdate##  :##problem.creationdate##
 ##IFproblem.assigntousers## ##lang.problem.assigntousers##  : ##problem.assigntousers## ##ENDIFproblem.assigntousers##
 ##lang.problem.status##  : ##problem.status##
 ##IFproblem.assigntogroups## ##lang.problem.assigntogroups##  : ##problem.assigntogroups## ##ENDIFproblem.assigntogroups##
 ##lang.problem.urgency##  : ##problem.urgency##
 ##lang.problem.impact##  : ##problem.impact##
 ##lang.problem.priority## : ##problem.priority##
##IFproblem.category## ##lang.problem.category##  :##problem.category## ##ENDIFproblem.category## ##ELSEproblem.category## ##lang.problem.nocategoryassigned## ##ENDELSEproblem.category##
 ##lang.problem.content##  : ##problem.content##

##IFproblem.storestatus=6##
 ##lang.problem.solvedate## : ##problem.solvedate##
 ##lang.problem.solution.type## : ##problem.solution.type##
 ##lang.problem.solution.description## : ##problem.solution.description##
##ENDIFproblem.storestatus##
 ##lang.problem.numberoftickets## : ##problem.numberoftickets##

##FOREACHtickets##
 [##ticket.date##] ##lang.problem.title## : ##ticket.title##
 ##lang.problem.content## ##ticket.content##

##ENDFOREACHtickets##
 ##lang.problem.numberoftasks## : ##problem.numberoftasks##

##FOREACHtasks##
 [##task.date##]
 ##lang.task.author## ##task.author##
 ##lang.task.description## ##task.description##
 ##lang.task.time## ##task.time##
 ##lang.task.category## ##task.category##

##ENDFOREACHtasks##
','&lt;p&gt;##IFproblem.storestatus=5##&lt;/p&gt;
&lt;div&gt;##lang.problem.url## : &lt;a href=\"##problem.urlapprove##\"&gt;##problem.urlapprove##&lt;/a&gt;&lt;/div&gt;
&lt;div&gt;&lt;span style=\"color: #888888;\"&gt;&lt;strong&gt;&lt;span style=\"text-decoration: underline;\"&gt;##lang.problem.solvedate##&lt;/span&gt;&lt;/strong&gt;&lt;/span&gt; : ##problem.solvedate##&lt;br /&gt;&lt;span style=\"text-decoration: underline; color: #888888;\"&gt;&lt;strong&gt;##lang.problem.solution.type##&lt;/strong&gt;&lt;/span&gt; : ##problem.solution.type##&lt;br /&gt;&lt;span style=\"text-decoration: underline; color: #888888;\"&gt;&lt;strong&gt;##lang.problem.solution.description##&lt;/strong&gt;&lt;/span&gt; : ##problem.solution.description## ##ENDIFproblem.storestatus##&lt;/div&gt;
&lt;div&gt;##ELSEproblem.storestatus## ##lang.problem.url## : &lt;a href=\"##problem.url##\"&gt;##problem.url##&lt;/a&gt; ##ENDELSEproblem.storestatus##&lt;/div&gt;
&lt;p class=\"description b\"&gt;&lt;strong&gt;##lang.problem.description##&lt;/strong&gt;&lt;/p&gt;
&lt;p&gt;&lt;span style=\"color: #8b8c8f; font-weight: bold; text-decoration: underline;\"&gt; ##lang.problem.title##&lt;/span&gt;&#160;:##problem.title## &lt;br /&gt; &lt;span style=\"color: #8b8c8f; font-weight: bold; text-decoration: underline;\"&gt; ##lang.problem.authors##&lt;/span&gt;&#160;:##IFproblem.authors## ##problem.authors## ##ENDIFproblem.authors##    ##ELSEproblem.authors##--##ENDELSEproblem.authors## &lt;br /&gt; &lt;span style=\"color: #8b8c8f; font-weight: bold; text-decoration: underline;\"&gt; ##lang.problem.creationdate##&lt;/span&gt;&#160;:##problem.creationdate## &lt;br /&gt; ##IFproblem.assigntousers## &lt;span style=\"color: #8b8c8f; font-weight: bold; text-decoration: underline;\"&gt; ##lang.problem.assigntousers##&lt;/span&gt;&#160;: ##problem.assigntousers## ##ENDIFproblem.assigntousers##&lt;br /&gt; &lt;span style=\"color: #8b8c8f; font-weight: bold; text-decoration: underline;\"&gt;##lang.problem.status## &lt;/span&gt;&#160;: ##problem.status##&lt;br /&gt; ##IFproblem.assigntogroups## &lt;span style=\"color: #8b8c8f; font-weight: bold; text-decoration: underline;\"&gt; ##lang.problem.assigntogroups##&lt;/span&gt;&#160;: ##problem.assigntogroups## ##ENDIFproblem.assigntogroups##&lt;br /&gt; &lt;span style=\"color: #8b8c8f; font-weight: bold; text-decoration: underline;\"&gt; ##lang.problem.urgency##&lt;/span&gt;&#160;: ##problem.urgency##&lt;br /&gt; &lt;span style=\"color: #8b8c8f; font-weight: bold; text-decoration: underline;\"&gt; ##lang.problem.impact##&lt;/span&gt;&#160;: ##problem.impact##&lt;br /&gt; &lt;span style=\"color: #8b8c8f; font-weight: bold; text-decoration: underline;\"&gt; ##lang.problem.priority##&lt;/span&gt; : ##problem.priority## &lt;br /&gt;##IFproblem.category##&lt;span style=\"color: #8b8c8f; font-weight: bold; text-decoration: underline;\"&gt;##lang.problem.category## &lt;/span&gt;&#160;:##problem.category##  ##ENDIFproblem.category## ##ELSEproblem.category##  ##lang.problem.nocategoryassigned## ##ENDELSEproblem.category##    &lt;br /&gt; &lt;span style=\"color: #8b8c8f; font-weight: bold; text-decoration: underline;\"&gt; ##lang.problem.content##&lt;/span&gt;&#160;: ##problem.content##&lt;/p&gt;
&lt;p&gt;##IFproblem.storestatus=6##&lt;br /&gt;&lt;span style=\"text-decoration: underline;\"&gt;&lt;strong&gt;&lt;span style=\"color: #888888;\"&gt;##lang.problem.solvedate##&lt;/span&gt;&lt;/strong&gt;&lt;/span&gt; : ##problem.solvedate##&lt;br /&gt;&lt;span style=\"color: #888888;\"&gt;&lt;strong&gt;&lt;span style=\"text-decoration: underline;\"&gt;##lang.problem.solution.type##&lt;/span&gt;&lt;/strong&gt;&lt;/span&gt; : ##problem.solution.type##&lt;br /&gt;&lt;span style=\"text-decoration: underline; color: #888888;\"&gt;&lt;strong&gt;##lang.problem.solution.description##&lt;/strong&gt;&lt;/span&gt; : ##problem.solution.description##&lt;br /&gt;##ENDIFproblem.storestatus##&lt;/p&gt;
&lt;div class=\"description b\"&gt;##lang.problem.numberoftickets##&#160;: ##problem.numberoftickets##&lt;/div&gt;
&lt;p&gt;##FOREACHtickets##&lt;/p&gt;
&lt;div&gt;&lt;strong&gt; [##ticket.date##] &lt;em&gt;##lang.problem.title## : &lt;a href=\"##ticket.url##\"&gt;##ticket.title## &lt;/a&gt;&lt;/em&gt;&lt;/strong&gt;&lt;br /&gt; &lt;span style=\"color: #8b8c8f; font-weight: bold; text-decoration: underline;\"&gt; &lt;/span&gt;&lt;span style=\"color: #8b8c8f; font-weight: bold; text-decoration: underline;\"&gt;##lang.problem.content## &lt;/span&gt; ##ticket.content##
&lt;p&gt;##ENDFOREACHtickets##&lt;/p&gt;
&lt;div class=\"description b\"&gt;##lang.problem.numberoftasks##&#160;: ##problem.numberoftasks##&lt;/div&gt;
&lt;p&gt;##FOREACHtasks##&lt;/p&gt;
&lt;div class=\"description b\"&gt;&lt;strong&gt;[##task.date##] &lt;/strong&gt;&lt;br /&gt; &lt;span style=\"color: #8b8c8f; font-weight: bold; text-decoration: underline;\"&gt; ##lang.task.author##&lt;/span&gt; ##task.author##&lt;br /&gt; &lt;span style=\"color: #8b8c8f; font-weight: bold; text-decoration: underline;\"&gt; ##lang.task.description##&lt;/span&gt; ##task.description##&lt;br /&gt; &lt;span style=\"color: #8b8c8f; font-weight: bold; text-decoration: underline;\"&gt; ##lang.task.time##&lt;/span&gt; ##task.time##&lt;br /&gt; &lt;span style=\"color: #8b8c8f; font-weight: bold; text-decoration: underline;\"&gt; ##lang.task.category##&lt;/span&gt; ##task.category##&lt;/div&gt;
&lt;p&gt;##ENDFOREACHtasks##&lt;/p&gt;
&lt;/div&gt;');
INSERT INTO `glpi_notificationtemplatetranslations` VALUES ('18','18','','##recall.action##: ##recall.item.name##','##recall.action##: ##recall.item.name##

##recall.item.content##

##lang.recall.planning.begin##: ##recall.planning.begin##
##lang.recall.planning.end##: ##recall.planning.end##
##lang.recall.planning.state##: ##recall.planning.state##
##lang.recall.item.private##: ##recall.item.private##','&lt;p&gt;##recall.action##: &lt;a href=\"##recall.item.url##\"&gt;##recall.item.name##&lt;/a&gt;&lt;/p&gt;
&lt;p&gt;##recall.item.content##&lt;/p&gt;
&lt;p&gt;##lang.recall.planning.begin##: ##recall.planning.begin##&lt;br /&gt;##lang.recall.planning.end##: ##recall.planning.end##&lt;br /&gt;##lang.recall.planning.state##: ##recall.planning.state##&lt;br /&gt;##lang.recall.item.private##: ##recall.item.private##&lt;br /&gt;&lt;br /&gt;&lt;/p&gt;
&lt;p&gt;&lt;br /&gt;&lt;br /&gt;&lt;/p&gt;');
INSERT INTO `glpi_notificationtemplatetranslations` VALUES ('19','19','','##change.action## ##change.title##','##IFchange.storestatus=5##
 ##lang.change.url## : ##change.urlapprove##
 ##lang.change.solvedate## : ##change.solvedate##
 ##lang.change.solution.type## : ##change.solution.type##
 ##lang.change.solution.description## : ##change.solution.description## ##ENDIFchange.storestatus##
 ##ELSEchange.storestatus## ##lang.change.url## : ##change.url## ##ENDELSEchange.storestatus##

 ##lang.change.description##

 ##lang.change.title##  :##change.title##
 ##lang.change.authors##  :##IFchange.authors## ##change.authors## ##ENDIFchange.authors## ##ELSEchange.authors##--##ENDELSEchange.authors##
 ##lang.change.creationdate##  :##change.creationdate##
 ##IFchange.assigntousers## ##lang.change.assigntousers##  : ##change.assigntousers## ##ENDIFchange.assigntousers##
 ##lang.change.status##  : ##change.status##
 ##IFchange.assigntogroups## ##lang.change.assigntogroups##  : ##change.assigntogroups## ##ENDIFchange.assigntogroups##
 ##lang.change.urgency##  : ##change.urgency##
 ##lang.change.impact##  : ##change.impact##
 ##lang.change.priority## : ##change.priority##
##IFchange.category## ##lang.change.category##  :##change.category## ##ENDIFchange.category## ##ELSEchange.category## ##lang.change.nocategoryassigned## ##ENDELSEchange.category##
 ##lang.change.content##  : ##change.content##

##IFchange.storestatus=6##
 ##lang.change.solvedate## : ##change.solvedate##
 ##lang.change.solution.type## : ##change.solution.type##
 ##lang.change.solution.description## : ##change.solution.description##
##ENDIFchange.storestatus##
 ##lang.change.numberofproblems## : ##change.numberofproblems##

##FOREACHproblems##
 [##problem.date##] ##lang.change.title## : ##problem.title##
 ##lang.change.content## ##problem.content##

##ENDFOREACHproblems##
 ##lang.change.numberoftasks## : ##change.numberoftasks##

##FOREACHtasks##
 [##task.date##]
 ##lang.task.author## ##task.author##
 ##lang.task.description## ##task.description##
 ##lang.task.time## ##task.time##
 ##lang.task.category## ##task.category##

##ENDFOREACHtasks##
','&lt;p&gt;##IFchange.storestatus=5##&lt;/p&gt;
&lt;div&gt;##lang.change.url## : &lt;a href=\"##change.urlapprove##\"&gt;##change.urlapprove##&lt;/a&gt;&lt;/div&gt;
&lt;div&gt;&lt;span style=\"color: #888888;\"&gt;&lt;strong&gt;&lt;span style=\"text-decoration: underline;\"&gt;##lang.change.solvedate##&lt;/span&gt;&lt;/strong&gt;&lt;/span&gt; : ##change.solvedate##&lt;br /&gt;&lt;span style=\"text-decoration: underline; color: #888888;\"&gt;&lt;strong&gt;##lang.change.solution.type##&lt;/strong&gt;&lt;/span&gt; : ##change.solution.type##&lt;br /&gt;&lt;span style=\"text-decoration: underline; color: #888888;\"&gt;&lt;strong&gt;##lang.change.solution.description##&lt;/strong&gt;&lt;/span&gt; : ##change.solution.description## ##ENDIFchange.storestatus##&lt;/div&gt;
&lt;div&gt;##ELSEchange.storestatus## ##lang.change.url## : &lt;a href=\"##change.url##\"&gt;##change.url##&lt;/a&gt; ##ENDELSEchange.storestatus##&lt;/div&gt;
&lt;p class=\"description b\"&gt;&lt;strong&gt;##lang.change.description##&lt;/strong&gt;&lt;/p&gt;
&lt;p&gt;&lt;span style=\"color: #8b8c8f; font-weight: bold; text-decoration: underline;\"&gt; ##lang.change.title##&lt;/span&gt;&#160;:##change.title## &lt;br /&gt; &lt;span style=\"color: #8b8c8f; font-weight: bold; text-decoration: underline;\"&gt; ##lang.change.authors##&lt;/span&gt;&#160;:##IFchange.authors## ##change.authors## ##ENDIFchange.authors##    ##ELSEchange.authors##--##ENDELSEchange.authors## &lt;br /&gt; &lt;span style=\"color: #8b8c8f; font-weight: bold; text-decoration: underline;\"&gt; ##lang.change.creationdate##&lt;/span&gt;&#160;:##change.creationdate## &lt;br /&gt; ##IFchange.assigntousers## &lt;span style=\"color: #8b8c8f; font-weight: bold; text-decoration: underline;\"&gt; ##lang.change.assigntousers##&lt;/span&gt;&#160;: ##change.assigntousers## ##ENDIFchange.assigntousers##&lt;br /&gt; &lt;span style=\"color: #8b8c8f; font-weight: bold; text-decoration: underline;\"&gt;##lang.change.status## &lt;/span&gt;&#160;: ##change.status##&lt;br /&gt; ##IFchange.assigntogroups## &lt;span style=\"color: #8b8c8f; font-weight: bold; text-decoration: underline;\"&gt; ##lang.change.assigntogroups##&lt;/span&gt;&#160;: ##change.assigntogroups## ##ENDIFchange.assigntogroups##&lt;br /&gt; &lt;span style=\"color: #8b8c8f; font-weight: bold; text-decoration: underline;\"&gt; ##lang.change.urgency##&lt;/span&gt;&#160;: ##change.urgency##&lt;br /&gt; &lt;span style=\"color: #8b8c8f; font-weight: bold; text-decoration: underline;\"&gt; ##lang.change.impact##&lt;/span&gt;&#160;: ##change.impact##&lt;br /&gt; &lt;span style=\"color: #8b8c8f; font-weight: bold; text-decoration: underline;\"&gt; ##lang.change.priority##&lt;/span&gt; : ##change.priority## &lt;br /&gt;##IFchange.category##&lt;span style=\"color: #8b8c8f; font-weight: bold; text-decoration: underline;\"&gt;##lang.change.category## &lt;/span&gt;&#160;:##change.category##  ##ENDIFchange.category## ##ELSEchange.category##  ##lang.change.nocategoryassigned## ##ENDELSEchange.category##    &lt;br /&gt; &lt;span style=\"color: #8b8c8f; font-weight: bold; text-decoration: underline;\"&gt; ##lang.change.content##&lt;/span&gt;&#160;: ##change.content##&lt;/p&gt;
&lt;p&gt;##IFchange.storestatus=6##&lt;br /&gt;&lt;span style=\"text-decoration: underline;\"&gt;&lt;strong&gt;&lt;span style=\"color: #888888;\"&gt;##lang.change.solvedate##&lt;/span&gt;&lt;/strong&gt;&lt;/span&gt; : ##change.solvedate##&lt;br /&gt;&lt;span style=\"color: #888888;\"&gt;&lt;strong&gt;&lt;span style=\"text-decoration: underline;\"&gt;##lang.change.solution.type##&lt;/span&gt;&lt;/strong&gt;&lt;/span&gt; : ##change.solution.type##&lt;br /&gt;&lt;span style=\"text-decoration: underline; color: #888888;\"&gt;&lt;strong&gt;##lang.change.solution.description##&lt;/strong&gt;&lt;/span&gt; : ##change.solution.description##&lt;br /&gt;##ENDIFchange.storestatus##&lt;/p&gt;
&lt;div class=\"description b\"&gt;##lang.change.numberofproblems##&#160;: ##change.numberofproblems##&lt;/div&gt;
&lt;p&gt;##FOREACHproblems##&lt;/p&gt;
&lt;div&gt;&lt;strong&gt; [##problem.date##] &lt;em&gt;##lang.change.title## : &lt;a href=\"##problem.url##\"&gt;##problem.title## &lt;/a&gt;&lt;/em&gt;&lt;/strong&gt;&lt;br /&gt; &lt;span style=\"color: #8b8c8f; font-weight: bold; text-decoration: underline;\"&gt; &lt;/span&gt;&lt;span style=\"color: #8b8c8f; font-weight: bold; text-decoration: underline;\"&gt;##lang.change.content## &lt;/span&gt; ##problem.content##
&lt;p&gt;##ENDFOREACHproblems##&lt;/p&gt;
&lt;div class=\"description b\"&gt;##lang.change.numberoftasks##&#160;: ##change.numberoftasks##&lt;/div&gt;
&lt;p&gt;##FOREACHtasks##&lt;/p&gt;
&lt;div class=\"description b\"&gt;&lt;strong&gt;[##task.date##] &lt;/strong&gt;&lt;br /&gt; &lt;span style=\"color: #8b8c8f; font-weight: bold; text-decoration: underline;\"&gt; ##lang.task.author##&lt;/span&gt; ##task.author##&lt;br /&gt; &lt;span style=\"color: #8b8c8f; font-weight: bold; text-decoration: underline;\"&gt; ##lang.task.description##&lt;/span&gt; ##task.description##&lt;br /&gt; &lt;span style=\"color: #8b8c8f; font-weight: bold; text-decoration: underline;\"&gt; ##lang.task.time##&lt;/span&gt; ##task.time##&lt;br /&gt; &lt;span style=\"color: #8b8c8f; font-weight: bold; text-decoration: underline;\"&gt; ##lang.task.category##&lt;/span&gt; ##task.category##&lt;/div&gt;
&lt;p&gt;##ENDFOREACHtasks##&lt;/p&gt;
&lt;/div&gt;');
INSERT INTO `glpi_notificationtemplatetranslations` VALUES ('20','20','','##mailcollector.action##','##FOREACHmailcollectors##
##lang.mailcollector.name## : ##mailcollector.name##
##lang.mailcollector.errors## : ##mailcollector.errors##
##mailcollector.url##
##ENDFOREACHmailcollectors##','&lt;p&gt;##FOREACHmailcollectors##&lt;br /&gt;##lang.mailcollector.name## : ##mailcollector.name##&lt;br /&gt; ##lang.mailcollector.errors## : ##mailcollector.errors##&lt;br /&gt;&lt;a href=\"##mailcollector.url##\"&gt;##mailcollector.url##&lt;/a&gt;&lt;br /&gt; ##ENDFOREACHmailcollectors##&lt;/p&gt;
&lt;p&gt;&lt;/p&gt;');
INSERT INTO `glpi_notificationtemplatetranslations` VALUES ('21','21','','##project.action## ##project.name## ##project.code##','##lang.project.url## : ##project.url##

##lang.project.description##

##lang.project.name## : ##project.name##
##lang.project.code## : ##project.code##
##lang.project.manager## : ##project.manager##
##lang.project.managergroup## : ##project.managergroup##
##lang.project.creationdate## : ##project.creationdate##
##lang.project.priority## : ##project.priority##
##lang.project.state## : ##project.state##
##lang.project.type## : ##project.type##
##lang.project.description## : ##project.description##

##lang.project.numberoftasks## : ##project.numberoftasks##



##FOREACHtasks##

[##task.creationdate##]
##lang.task.name## : ##task.name##
##lang.task.state## : ##task.state##
##lang.task.type## : ##task.type##
##lang.task.percent## : ##task.percent##
##lang.task.description## : ##task.description##

##ENDFOREACHtasks##','&lt;p&gt;##lang.project.url## : &lt;a href=\"##project.url##\"&gt;##project.url##&lt;/a&gt;&lt;/p&gt;
&lt;p&gt;&lt;strong&gt;##lang.project.description##&lt;/strong&gt;&lt;/p&gt;
&lt;p&gt;##lang.project.name## : ##project.name##&lt;br /&gt;##lang.project.code## : ##project.code##&lt;br /&gt; ##lang.project.manager## : ##project.manager##&lt;br /&gt;##lang.project.managergroup## : ##project.managergroup##&lt;br /&gt; ##lang.project.creationdate## : ##project.creationdate##&lt;br /&gt;##lang.project.priority## : ##project.priority## &lt;br /&gt;##lang.project.state## : ##project.state##&lt;br /&gt;##lang.project.type## : ##project.type##&lt;br /&gt;##lang.project.description## : ##project.description##&lt;/p&gt;
&lt;p&gt;##lang.project.numberoftasks## : ##project.numberoftasks##&lt;/p&gt;
&lt;div&gt;
&lt;p&gt;##FOREACHtasks##&lt;/p&gt;
&lt;div&gt;&lt;strong&gt;[##task.creationdate##] &lt;/strong&gt;&lt;br /&gt; ##lang.task.name## : ##task.name##&lt;br /&gt;##lang.task.state## : ##task.state##&lt;br /&gt;##lang.task.type## : ##task.type##&lt;br /&gt;##lang.task.percent## : ##task.percent##&lt;br /&gt;##lang.task.description## : ##task.description##&lt;/div&gt;
&lt;p&gt;##ENDFOREACHtasks##&lt;/p&gt;
&lt;/div&gt;');
INSERT INTO `glpi_notificationtemplatetranslations` VALUES ('22','22','','##projecttask.action## ##projecttask.name##','##lang.projecttask.url## : ##projecttask.url##

##lang.projecttask.description##

##lang.projecttask.name## : ##projecttask.name##
##lang.projecttask.project## : ##projecttask.project##
##lang.projecttask.creationdate## : ##projecttask.creationdate##
##lang.projecttask.state## : ##projecttask.state##
##lang.projecttask.type## : ##projecttask.type##
##lang.projecttask.description## : ##projecttask.description##

##lang.projecttask.numberoftasks## : ##projecttask.numberoftasks##



##FOREACHtasks##

[##task.creationdate##]
##lang.task.name## : ##task.name##
##lang.task.state## : ##task.state##
##lang.task.type## : ##task.type##
##lang.task.percent## : ##task.percent##
##lang.task.description## : ##task.description##

##ENDFOREACHtasks##','&lt;p&gt;##lang.projecttask.url## : &lt;a href=\"##projecttask.url##\"&gt;##projecttask.url##&lt;/a&gt;&lt;/p&gt;
&lt;p&gt;&lt;strong&gt;##lang.projecttask.description##&lt;/strong&gt;&lt;/p&gt;
&lt;p&gt;##lang.projecttask.name## : ##projecttask.name##&lt;br /&gt;##lang.projecttask.project## : &lt;a href=\"##projecttask.projecturl##\"&gt;##projecttask.project##&lt;/a&gt;&lt;br /&gt;##lang.projecttask.creationdate## : ##projecttask.creationdate##&lt;br /&gt;##lang.projecttask.state## : ##projecttask.state##&lt;br /&gt;##lang.projecttask.type## : ##projecttask.type##&lt;br /&gt;##lang.projecttask.description## : ##projecttask.description##&lt;/p&gt;
&lt;p&gt;##lang.projecttask.numberoftasks## : ##projecttask.numberoftasks##&lt;/p&gt;
&lt;div&gt;
&lt;p&gt;##FOREACHtasks##&lt;/p&gt;
&lt;div&gt;&lt;strong&gt;[##task.creationdate##] &lt;/strong&gt;&lt;br /&gt;##lang.task.name## : ##task.name##&lt;br /&gt;##lang.task.state## : ##task.state##&lt;br /&gt;##lang.task.type## : ##task.type##&lt;br /&gt;##lang.task.percent## : ##task.percent##&lt;br /&gt;##lang.task.description## : ##task.description##&lt;/div&gt;
&lt;p&gt;##ENDFOREACHtasks##&lt;/p&gt;
&lt;/div&gt;');

### Dump table glpi_notimportedemails

CREATE TABLE `glpi_notimportedemails` (
  `id` int(11) NOT NULL AUTO_INCREMENT,
  `from` varchar(255) NOT NULL,
  `to` varchar(255) NOT NULL,
  `mailcollectors_id` int(11) NOT NULL DEFAULT '0',
  `date` datetime NOT NULL,
  `subject` text,
  `messageid` varchar(255) NOT NULL,
  `reason` int(11) NOT NULL DEFAULT '0',
  `users_id` int(11) NOT NULL DEFAULT '0',
  PRIMARY KEY (`id`),
  KEY `users_id` (`users_id`),
  KEY `mailcollectors_id` (`mailcollectors_id`)
) ENGINE=MyISAM DEFAULT CHARSET=latin1;


### Dump table glpi_ocsadmininfoslinks

CREATE TABLE `glpi_ocsadmininfoslinks` (
  `id` int(11) NOT NULL AUTO_INCREMENT,
  `glpi_column` varchar(255) COLLATE utf8_unicode_ci DEFAULT NULL,
  `ocs_column` varchar(255) COLLATE utf8_unicode_ci DEFAULT NULL,
  `ocsservers_id` int(11) NOT NULL DEFAULT '0',
  PRIMARY KEY (`id`),
  KEY `ocsservers_id` (`ocsservers_id`)
) ENGINE=MyISAM DEFAULT CHARSET=utf8 COLLATE=utf8_unicode_ci;


### Dump table glpi_ocslinks

CREATE TABLE `glpi_ocslinks` (
  `id` int(11) NOT NULL AUTO_INCREMENT,
  `computers_id` int(11) NOT NULL DEFAULT '0',
  `ocsid` int(11) NOT NULL DEFAULT '0',
  `ocs_deviceid` varchar(255) COLLATE utf8_unicode_ci DEFAULT NULL,
  `use_auto_update` tinyint(1) NOT NULL DEFAULT '1',
  `last_update` datetime DEFAULT NULL,
  `last_ocs_update` datetime DEFAULT NULL,
  `computer_update` longtext COLLATE utf8_unicode_ci,
  `import_device` longtext COLLATE utf8_unicode_ci,
  `import_disk` longtext COLLATE utf8_unicode_ci,
  `import_software` longtext COLLATE utf8_unicode_ci,
  `import_monitor` longtext COLLATE utf8_unicode_ci,
  `import_peripheral` longtext COLLATE utf8_unicode_ci,
  `import_printer` longtext COLLATE utf8_unicode_ci,
  `ocsservers_id` int(11) NOT NULL DEFAULT '0',
  `import_ip` longtext COLLATE utf8_unicode_ci,
  `ocs_agent_version` varchar(255) COLLATE utf8_unicode_ci DEFAULT NULL,
  `entities_id` int(11) NOT NULL DEFAULT '0',
  `tag` varchar(255) COLLATE utf8_unicode_ci DEFAULT NULL,
  `import_vm` longtext COLLATE utf8_unicode_ci,
  PRIMARY KEY (`id`),
  UNIQUE KEY `unicity` (`ocsid`,`ocsservers_id`),
  KEY `last_update` (`last_update`),
  KEY `ocs_deviceid` (`ocs_deviceid`),
  KEY `last_ocs_update` (`ocsservers_id`,`last_ocs_update`),
  KEY `computers_id` (`computers_id`),
  KEY `use_auto_update` (`use_auto_update`)
) ENGINE=MyISAM DEFAULT CHARSET=utf8 COLLATE=utf8_unicode_ci;


### Dump table glpi_ocsservers

CREATE TABLE `glpi_ocsservers` (
  `id` int(11) NOT NULL AUTO_INCREMENT,
  `name` varchar(255) COLLATE utf8_unicode_ci DEFAULT NULL,
  `ocs_db_user` varchar(255) COLLATE utf8_unicode_ci DEFAULT NULL,
  `ocs_db_passwd` varchar(255) COLLATE utf8_unicode_ci DEFAULT NULL,
  `ocs_db_host` varchar(255) COLLATE utf8_unicode_ci DEFAULT NULL,
  `ocs_db_name` varchar(255) COLLATE utf8_unicode_ci DEFAULT NULL,
  `ocs_db_utf8` tinyint(1) NOT NULL DEFAULT '0',
  `checksum` int(11) NOT NULL DEFAULT '0',
  `import_periph` tinyint(1) NOT NULL DEFAULT '0',
  `import_monitor` tinyint(1) NOT NULL DEFAULT '0',
  `import_software` tinyint(1) NOT NULL DEFAULT '0',
  `import_printer` tinyint(1) NOT NULL DEFAULT '0',
  `import_general_name` tinyint(1) NOT NULL DEFAULT '0',
  `import_general_os` tinyint(1) NOT NULL DEFAULT '0',
  `import_general_serial` tinyint(1) NOT NULL DEFAULT '0',
  `import_general_model` tinyint(1) NOT NULL DEFAULT '0',
  `import_general_manufacturer` tinyint(1) NOT NULL DEFAULT '0',
  `import_general_type` tinyint(1) NOT NULL DEFAULT '0',
  `import_general_domain` tinyint(1) NOT NULL DEFAULT '0',
  `import_general_contact` tinyint(1) NOT NULL DEFAULT '0',
  `import_general_comment` tinyint(1) NOT NULL DEFAULT '0',
  `import_device_processor` tinyint(1) NOT NULL DEFAULT '0',
  `import_device_memory` tinyint(1) NOT NULL DEFAULT '0',
  `import_device_hdd` tinyint(1) NOT NULL DEFAULT '0',
  `import_device_iface` tinyint(1) NOT NULL DEFAULT '0',
  `import_device_gfxcard` tinyint(1) NOT NULL DEFAULT '0',
  `import_device_sound` tinyint(1) NOT NULL DEFAULT '0',
  `import_device_drive` tinyint(1) NOT NULL DEFAULT '0',
  `import_device_port` tinyint(1) NOT NULL DEFAULT '0',
  `import_device_modem` tinyint(1) NOT NULL DEFAULT '0',
  `import_registry` tinyint(1) NOT NULL DEFAULT '0',
  `import_os_serial` tinyint(1) NOT NULL DEFAULT '0',
  `import_ip` tinyint(1) NOT NULL DEFAULT '0',
  `import_disk` tinyint(1) NOT NULL DEFAULT '0',
  `import_monitor_comment` tinyint(1) NOT NULL DEFAULT '0',
  `states_id_default` int(11) NOT NULL DEFAULT '0',
  `tag_limit` varchar(255) COLLATE utf8_unicode_ci DEFAULT NULL,
  `tag_exclude` varchar(255) COLLATE utf8_unicode_ci DEFAULT NULL,
  `use_soft_dict` tinyint(1) NOT NULL DEFAULT '0',
  `cron_sync_number` int(11) DEFAULT '1',
  `deconnection_behavior` varchar(255) COLLATE utf8_unicode_ci DEFAULT NULL,
  `ocs_url` varchar(255) COLLATE utf8_unicode_ci DEFAULT NULL,
  `date_mod` datetime DEFAULT NULL,
  `comment` text COLLATE utf8_unicode_ci,
  `is_active` tinyint(1) NOT NULL DEFAULT '0',
  `deleted_behavior` varchar(255) COLLATE utf8_unicode_ci NOT NULL DEFAULT '1',
  `import_vms` tinyint(1) NOT NULL DEFAULT '0',
  `import_general_uuid` tinyint(1) NOT NULL DEFAULT '0',
  `ocs_version` varchar(255) COLLATE utf8_unicode_ci DEFAULT NULL,
  PRIMARY KEY (`id`),
  KEY `date_mod` (`date_mod`),
  KEY `is_active` (`is_active`)
) ENGINE=MyISAM  DEFAULT CHARSET=utf8 COLLATE=utf8_unicode_ci;
Web
INSERT INTO `glpi_ocsservers` VALUES ('1','localhost','ocs','ocs','localhost','ocsweb','0','0','0','0','0','0','0','0','0','0','0','0','0','0','0','0','0','0','0','0','0','0','0','0','0','0','0','0','0','0','',NULL,'1','1',NULL,'',NULL,NULL,'1','1','0','0',NULL);

### Dump table glpi_operatingsystems

CREATE TABLE `glpi_operatingsystems` (
  `id` int(11) NOT NULL AUTO_INCREMENT,
  `name` varchar(255) COLLATE utf8_unicode_ci DEFAULT NULL,
  `comment` text COLLATE utf8_unicode_ci,
  PRIMARY KEY (`id`),
  KEY `name` (`name`)
) ENGINE=MyISAM  DEFAULT CHARSET=utf8 COLLATE=utf8_unicode_ci;

INSERT INTO `glpi_operatingsystems` VALUES ('1','',NULL);
INSERT INTO `glpi_operatingsystems` VALUES ('2','Linux (mandrake 10)',NULL);
INSERT INTO `glpi_operatingsystems` VALUES ('3','Windows 2000 serveur',NULL);
INSERT INTO `glpi_operatingsystems` VALUES ('4','Windows 98',NULL);
INSERT INTO `glpi_operatingsystems` VALUES ('5','Windows 98 SR2',NULL);
INSERT INTO `glpi_operatingsystems` VALUES ('6','Debian woody 3.0',NULL);
INSERT INTO `glpi_operatingsystems` VALUES ('7','XP pro',NULL);
INSERT INTO `glpi_operatingsystems` VALUES ('8','Linux (mandrake 9.2)',NULL);
INSERT INTO `glpi_operatingsystems` VALUES ('9','Windows 2000 Pro',NULL);
INSERT INTO `glpi_operatingsystems` VALUES ('13','XP pro - sp2',NULL);
INSERT INTO `glpi_operatingsystems` VALUES ('14','Linbox','');
INSERT INTO `glpi_operatingsystems` VALUES ('15','Kwartz','');
INSERT INTO `glpi_operatingsystems` VALUES ('16','Seven N','Seven version N');
INSERT INTO `glpi_operatingsystems` VALUES ('17','Windows 7','');
INSERT INTO `glpi_operatingsystems` VALUES ('18','Windows7 home','');
INSERT INTO `glpi_operatingsystems` VALUES ('19','Android KitKat 4.4','');
INSERT INTO `glpi_operatingsystems` VALUES ('20','Windows 8','');
INSERT INTO `glpi_operatingsystems` VALUES ('21','Windows 10 Pro','');
INSERT INTO `glpi_operatingsystems` VALUES ('22','Windows 10 Famille','');
INSERT INTO `glpi_operatingsystems` VALUES ('23','Windows 11 Pro','');
INSERT INTO `glpi_operatingsystems` VALUES ('24','Windows11 Pro','Windows11 Pro 21H2');
INSERT INTO `glpi_operatingsystems` VALUES ('25','Windows 10 Education','');

### Dump table glpi_operatingsystemservicepacks

CREATE TABLE `glpi_operatingsystemservicepacks` (
  `id` int(11) NOT NULL AUTO_INCREMENT,
  `name` varchar(255) COLLATE utf8_unicode_ci DEFAULT NULL,
  `comment` text COLLATE utf8_unicode_ci,
  PRIMARY KEY (`id`),
  KEY `name` (`name`)
) ENGINE=MyISAM  DEFAULT CHARSET=utf8 COLLATE=utf8_unicode_ci;

INSERT INTO `glpi_operatingsystemservicepacks` VALUES ('1','sp3','service pack 3');
INSERT INTO `glpi_operatingsystemservicepacks` VALUES ('2','SP 2','service pack 2');
INSERT INTO `glpi_operatingsystemservicepacks` VALUES ('3','SP1','');

### Dump table glpi_operatingsystemversions

CREATE TABLE `glpi_operatingsystemversions` (
  `id` int(11) NOT NULL AUTO_INCREMENT,
  `name` varchar(255) COLLATE utf8_unicode_ci DEFAULT NULL,
  `comment` text COLLATE utf8_unicode_ci,
  PRIMARY KEY (`id`),
  KEY `name` (`name`)
) ENGINE=MyISAM DEFAULT CHARSET=utf8 COLLATE=utf8_unicode_ci;


### Dump table glpi_peripheralmodels

CREATE TABLE `glpi_peripheralmodels` (
  `id` int(11) NOT NULL AUTO_INCREMENT,
  `name` varchar(255) COLLATE utf8_unicode_ci DEFAULT NULL,
  `comment` text COLLATE utf8_unicode_ci,
  PRIMARY KEY (`id`),
  KEY `name` (`name`)
) ENGINE=MyISAM  DEFAULT CHARSET=utf8 COLLATE=utf8_unicode_ci;

INSERT INTO `glpi_peripheralmodels` VALUES ('1','scanner',NULL);
INSERT INTO `glpi_peripheralmodels` VALUES ('2','camera',NULL);
INSERT INTO `glpi_peripheralmodels` VALUES ('3','Vidéo Projecteur','');

### Dump table glpi_peripherals

CREATE TABLE `glpi_peripherals` (
  `id` int(11) NOT NULL AUTO_INCREMENT,
  `entities_id` int(11) NOT NULL DEFAULT '0',
  `name` varchar(255) COLLATE utf8_unicode_ci DEFAULT NULL,
  `date_mod` datetime DEFAULT NULL,
  `contact` varchar(255) COLLATE utf8_unicode_ci DEFAULT NULL,
  `contact_num` varchar(255) COLLATE utf8_unicode_ci DEFAULT NULL,
  `users_id_tech` int(11) NOT NULL DEFAULT '0',
  `groups_id_tech` int(11) NOT NULL DEFAULT '0',
  `comment` text COLLATE utf8_unicode_ci,
  `serial` varchar(255) COLLATE utf8_unicode_ci DEFAULT NULL,
  `otherserial` varchar(255) COLLATE utf8_unicode_ci DEFAULT NULL,
  `locations_id` int(11) NOT NULL DEFAULT '0',
  `peripheraltypes_id` int(11) NOT NULL DEFAULT '0',
  `peripheralmodels_id` int(11) NOT NULL DEFAULT '0',
  `brand` varchar(255) COLLATE utf8_unicode_ci DEFAULT NULL,
  `manufacturers_id` int(11) NOT NULL DEFAULT '0',
  `is_global` tinyint(1) NOT NULL DEFAULT '0',
  `is_deleted` tinyint(1) NOT NULL DEFAULT '0',
  `is_template` tinyint(1) NOT NULL DEFAULT '0',
  `template_name` varchar(255) COLLATE utf8_unicode_ci DEFAULT NULL,
  `users_id` int(11) NOT NULL DEFAULT '0',
  `groups_id` int(11) NOT NULL DEFAULT '0',
  `states_id` int(11) NOT NULL DEFAULT '0',
  `ticket_tco` decimal(20,4) DEFAULT '0.0000',
  `is_dynamic` tinyint(1) NOT NULL DEFAULT '0',
  PRIMARY KEY (`id`),
  KEY `name` (`name`),
  KEY `is_template` (`is_template`),
  KEY `is_global` (`is_global`),
  KEY `entities_id` (`entities_id`),
  KEY `manufacturers_id` (`manufacturers_id`),
  KEY `groups_id` (`groups_id`),
  KEY `users_id` (`users_id`),
  KEY `locations_id` (`locations_id`),
  KEY `peripheralmodels_id` (`peripheralmodels_id`),
  KEY `states_id` (`states_id`),
  KEY `users_id_tech` (`users_id_tech`),
  KEY `peripheraltypes_id` (`peripheraltypes_id`),
  KEY `is_deleted` (`is_deleted`),
  KEY `date_mod` (`date_mod`),
  KEY `groups_id_tech` (`groups_id_tech`),
  KEY `is_dynamic` (`is_dynamic`),
  KEY `serial` (`serial`),
  KEY `otherserial` (`otherserial`)
) ENGINE=MyISAM  DEFAULT CHARSET=utf8 COLLATE=utf8_unicode_ci;

INSERT INTO `glpi_peripherals` VALUES ('1','0','s240sc1','2005-12-07 11:26:36','','','15','0','','4200c','','8','1','1','hp','0','0','0','0',NULL,'0','0','0','0.0000','0');
INSERT INTO `glpi_peripherals` VALUES ('2','0','',NULL,'','','0','0','','','','0','0','0','','0','0','0','1','Blank Template','0','0','0','0.0000','0');
INSERT INTO `glpi_peripherals` VALUES ('749','0','s22sc1','2009-01-12 11:45:59','','','0','0','','','749','32','1','1','Hp scanJet 4400','0','0','0','0','','0','0','0','0.0000','0');
INSERT INTO `glpi_peripherals` VALUES ('897','0','CamP3','2009-01-21 10:56:12','','','0','0','','HDR-UX19','897','27','2','2','Sony','0','0','0','0','','0','0','0','0.0000','0');
INSERT INTO `glpi_peripherals` VALUES ('899','0','CamP2','2009-01-21 10:56:45','','','0','0','','Sony HDD','899','27','2','2','Sony ','0','0','0','0','','0','0','0','0.0000','0');
INSERT INTO `glpi_peripherals` VALUES ('99','0','CamP1','2009-01-21 10:57:26','','','0','0','','VX27','099','27','2','2','Panasonic','0','0','0','0','','0','0','0','0.0000','0');
INSERT INTO `glpi_peripherals` VALUES ('599','0','CamP4','2009-01-21 10:57:55','','','0','0','','Canon','599','27','2','2','Canon','0','0','0','0','','0','0','0','0.0000','0');
INSERT INTO `glpi_peripherals` VALUES ('898','0','NumP3','2009-01-21 11:04:26','Photo','','0','0','','Kodak 10.2 mgP','898','27','0','0','Photo Numérique','0','0','0','0','','0','0','0','0.0000','0');
INSERT INTO `glpi_peripherals` VALUES ('598','0','NumP2','2009-01-21 11:04:16','Photo','','0','0','','Canon A540','598','27','0','0','Photo Numérique','0','0','0','0','','0','0','0','0.0000','0');
INSERT INTO `glpi_peripherals` VALUES ('199','0','NumP1','2009-01-21 11:03:54','Photo','','0','0','','Kodak Digital Camera','199','27','0','0','Photo','0','0','0','0','','0','0','0','0.0000','0');
INSERT INTO `glpi_peripherals` VALUES ('901','0','Videoprojecteur Panasonic','2016-01-20 14:42:01','','','0','0','','PT-VX400NT','','54','3','0','Panasonic','0','0','0','0',NULL,'0','0','4','0.0000','0');
INSERT INTO `glpi_peripherals` VALUES ('902','0','VideoProjecteur PT-LB75NT','2016-01-25 09:35:18','','','0','0','','','','3','3','0','','29','0','0','0',NULL,'0','0','4','0.0000','0');
INSERT INTO `glpi_peripherals` VALUES ('903','0','VidéoProjecteur Panasonic PT-LB90NT','2016-01-25 09:32:00','','','0','0','','','','68','3','0','','29','0','0','0',NULL,'0','0','4','0.0000','0');
INSERT INTO `glpi_peripherals` VALUES ('904','0','VidéoProjecteur Panasonic PT-LB90NT','2016-01-27 14:22:46','','','0','0','','','','46','3','0','','29','0','0','0',NULL,'0','0','4','0.0000','0');
INSERT INTO `glpi_peripherals` VALUES ('905','0','S136VP1','2021-01-25 17:00:08','','','0','0','','EB-824H','','100','3','3','Epson','13','0','0','0',NULL,'0','0','4','0.0000','0');
INSERT INTO `glpi_peripherals` VALUES ('906','0','Home Cinéma/Lecteur DVD','2016-01-27 14:49:27','','','0','0','','DAV-DZ280','','7','4','0','SONY','30','0','0','0',NULL,'0','0','4','0.0000','0');
INSERT INTO `glpi_peripherals` VALUES ('907','0','Blue Ray','2018-01-23 15:44:17','','','0','0','','','','0','0','0','','0','0','1','0',NULL,'0','0','0','0.0000','0');
INSERT INTO `glpi_peripherals` VALUES ('908','0','D-Link','2018-03-26 09:30:25','','','0','0','','','48:EE:0C:EC:12:B1','36','0','0','','0','0','0','1','Point WIFI','0','0','4','0.0000','0');
INSERT INTO `glpi_peripherals` VALUES ('909','0','Vidéo Projecteur','2021-01-25 17:05:31','','','0','0','','','','7','3','3','Panasonic','29','0','0','0',NULL,'0','0','4','0.0000','0');
INSERT INTO `glpi_peripherals` VALUES ('910','0','Videoprojecteur','2021-01-25 17:35:00','','','0','0','','','','22','3','3','SMART','0','0','0','0',NULL,'0','0','4','0.0000','0');
INSERT INTO `glpi_peripherals` VALUES ('911','0','EPSON','2021-01-29 11:08:17','','','0','0','','','','33','3','3','','13','0','0','0',NULL,'0','0','0','0.0000','0');
INSERT INTO `glpi_peripherals` VALUES ('912','0','Retroprojecteur','2021-01-29 12:26:37','','','0','0','','','','47','3','3','Promethean','0','0','0','0',NULL,'0','0','4','0.0000','0');
INSERT INTO `glpi_peripherals` VALUES ('913','0','Retroprojecteur','2021-01-29 12:27:14','','','0','0','','','','47','3','3','Panasonic','29','0','0','0',NULL,'0','0','4','0.0000','0');
INSERT INTO `glpi_peripherals` VALUES ('914','0','Panasonic PT6LB50NTE','2021-01-29 12:28:40','','','0','0','','','','36','3','3','','29','0','0','0',NULL,'0','0','0','0.0000','0');

### Dump table glpi_peripheraltypes

CREATE TABLE `glpi_peripheraltypes` (
  `id` int(11) NOT NULL AUTO_INCREMENT,
  `name` varchar(255) COLLATE utf8_unicode_ci DEFAULT NULL,
  `comment` text COLLATE utf8_unicode_ci,
  PRIMARY KEY (`id`),
  KEY `name` (`name`)
) ENGINE=MyISAM  DEFAULT CHARSET=utf8 COLLATE=utf8_unicode_ci;

INSERT INTO `glpi_peripheraltypes` VALUES ('1','scanner',NULL);
INSERT INTO `glpi_peripheraltypes` VALUES ('2','camera',NULL);
INSERT INTO `glpi_peripheraltypes` VALUES ('3','Videoprojecteur','');
INSERT INTO `glpi_peripheraltypes` VALUES ('4','Home Cinéma','');

### Dump table glpi_phonemodels

CREATE TABLE `glpi_phonemodels` (
  `id` int(11) NOT NULL AUTO_INCREMENT,
  `name` varchar(255) COLLATE utf8_unicode_ci DEFAULT NULL,
  `comment` text COLLATE utf8_unicode_ci,
  PRIMARY KEY (`id`),
  KEY `name` (`name`)
) ENGINE=MyISAM DEFAULT CHARSET=utf8 COLLATE=utf8_unicode_ci;


### Dump table glpi_phonepowersupplies

CREATE TABLE `glpi_phonepowersupplies` (
  `id` int(11) NOT NULL AUTO_INCREMENT,
  `name` varchar(255) COLLATE utf8_unicode_ci DEFAULT NULL,
  `comment` text COLLATE utf8_unicode_ci,
  PRIMARY KEY (`id`),
  KEY `name` (`name`)
) ENGINE=MyISAM DEFAULT CHARSET=utf8 COLLATE=utf8_unicode_ci;


### Dump table glpi_phones

CREATE TABLE `glpi_phones` (
  `id` int(11) NOT NULL AUTO_INCREMENT,
  `entities_id` int(11) NOT NULL DEFAULT '0',
  `name` varchar(255) COLLATE utf8_unicode_ci DEFAULT NULL,
  `date_mod` datetime DEFAULT NULL,
  `contact` varchar(255) COLLATE utf8_unicode_ci DEFAULT NULL,
  `contact_num` varchar(255) COLLATE utf8_unicode_ci DEFAULT NULL,
  `users_id_tech` int(11) NOT NULL DEFAULT '0',
  `groups_id_tech` int(11) NOT NULL DEFAULT '0',
  `comment` text COLLATE utf8_unicode_ci,
  `serial` varchar(255) COLLATE utf8_unicode_ci DEFAULT NULL,
  `otherserial` varchar(255) COLLATE utf8_unicode_ci DEFAULT NULL,
  `firmware` varchar(255) COLLATE utf8_unicode_ci DEFAULT NULL,
  `locations_id` int(11) NOT NULL DEFAULT '0',
  `phonetypes_id` int(11) NOT NULL DEFAULT '0',
  `phonemodels_id` int(11) NOT NULL DEFAULT '0',
  `brand` varchar(255) COLLATE utf8_unicode_ci DEFAULT NULL,
  `phonepowersupplies_id` int(11) NOT NULL DEFAULT '0',
  `number_line` varchar(255) COLLATE utf8_unicode_ci DEFAULT NULL,
  `have_headset` tinyint(1) NOT NULL DEFAULT '0',
  `have_hp` tinyint(1) NOT NULL DEFAULT '0',
  `manufacturers_id` int(11) NOT NULL DEFAULT '0',
  `is_global` tinyint(1) NOT NULL DEFAULT '0',
  `is_deleted` tinyint(1) NOT NULL DEFAULT '0',
  `is_template` tinyint(1) NOT NULL DEFAULT '0',
  `template_name` varchar(255) COLLATE utf8_unicode_ci DEFAULT NULL,
  `users_id` int(11) NOT NULL DEFAULT '0',
  `groups_id` int(11) NOT NULL DEFAULT '0',
  `states_id` int(11) NOT NULL DEFAULT '0',
  `ticket_tco` decimal(20,4) DEFAULT '0.0000',
  `is_dynamic` tinyint(1) NOT NULL DEFAULT '0',
  PRIMARY KEY (`id`),
  KEY `name` (`name`),
  KEY `is_template` (`is_template`),
  KEY `is_global` (`is_global`),
  KEY `entities_id` (`entities_id`),
  KEY `manufacturers_id` (`manufacturers_id`),
  KEY `groups_id` (`groups_id`),
  KEY `users_id` (`users_id`),
  KEY `locations_id` (`locations_id`),
  KEY `phonemodels_id` (`phonemodels_id`),
  KEY `phonepowersupplies_id` (`phonepowersupplies_id`),
  KEY `states_id` (`states_id`),
  KEY `users_id_tech` (`users_id_tech`),
  KEY `phonetypes_id` (`phonetypes_id`),
  KEY `is_deleted` (`is_deleted`),
  KEY `date_mod` (`date_mod`),
  KEY `groups_id_tech` (`groups_id_tech`),
  KEY `is_dynamic` (`is_dynamic`),
  KEY `serial` (`serial`),
  KEY `otherserial` (`otherserial`)
) ENGINE=MyISAM  DEFAULT CHARSET=utf8 COLLATE=utf8_unicode_ci;

INSERT INTO `glpi_phones` VALUES ('1','0',NULL,NULL,NULL,NULL,'0','0',NULL,NULL,NULL,NULL,'0','0','0',NULL,'0','','0','0','0','0','0','1','Blank Template','0','0','0','0.0000','0');
INSERT INTO `glpi_phones` VALUES ('2','0','S28T3','2014-08-19 11:48:50','','6028','0','0','Téléphone Comptoir N°2','ST2030','0003','','47','0','0','Thomsom','0','1','0','1','0','0','0','0',NULL,'0','0','4','0.0000','0');
INSERT INTO `glpi_phones` VALUES ('3','0','S28T1','2014-08-19 11:48:50','','6027','0','0','Téléphone comptoirs 01 ','ST2030','0001','','47','0','0','Thomsom','0','1','0','1','0','0','0','0',NULL,'0','0','4','0.0000','0');
INSERT INTO `glpi_phones` VALUES ('4','0','S28T2','2014-08-19 11:48:50','','6026','0','0','Téléphone du fond !','GXP2000','0002','','47','0','0','Grandstream','0','1','0','1','0','0','0','0',NULL,'0','0','4','0.0000','0');

### Dump table glpi_phonetypes

CREATE TABLE `glpi_phonetypes` (
  `id` int(11) NOT NULL AUTO_INCREMENT,
  `name` varchar(255) COLLATE utf8_unicode_ci DEFAULT NULL,
  `comment` text COLLATE utf8_unicode_ci,
  PRIMARY KEY (`id`),
  KEY `name` (`name`)
) ENGINE=MyISAM DEFAULT CHARSET=utf8 COLLATE=utf8_unicode_ci;


### Dump table glpi_planningrecalls

CREATE TABLE `glpi_planningrecalls` (
  `id` int(11) NOT NULL AUTO_INCREMENT,
  `items_id` int(11) NOT NULL DEFAULT '0',
  `itemtype` varchar(100) COLLATE utf8_unicode_ci NOT NULL,
  `users_id` int(11) NOT NULL DEFAULT '0',
  `before_time` int(11) NOT NULL DEFAULT '-10',
  `when` datetime DEFAULT NULL,
  PRIMARY KEY (`id`),
  UNIQUE KEY `unicity` (`itemtype`,`items_id`,`users_id`),
  KEY `users_id` (`users_id`),
  KEY `before_time` (`before_time`),
  KEY `when` (`when`)
) ENGINE=MyISAM DEFAULT CHARSET=utf8 COLLATE=utf8_unicode_ci;


### Dump table glpi_plugin_addressing_addressings

CREATE TABLE `glpi_plugin_addressing_addressings` (
  `id` int(11) NOT NULL AUTO_INCREMENT,
  `entities_id` int(11) NOT NULL DEFAULT '0',
  `name` varchar(255) COLLATE utf8_unicode_ci DEFAULT NULL,
  `networks_id` int(11) NOT NULL DEFAULT '0' COMMENT 'RELATION to glpi_networks (id)',
  `begin_ip` varchar(255) COLLATE utf8_unicode_ci DEFAULT NULL,
  `end_ip` varchar(255) COLLATE utf8_unicode_ci DEFAULT NULL,
  `alloted_ip` tinyint(1) NOT NULL DEFAULT '0',
  `double_ip` tinyint(1) NOT NULL DEFAULT '0',
  `free_ip` tinyint(1) NOT NULL DEFAULT '0',
  `reserved_ip` tinyint(1) NOT NULL DEFAULT '0',
  `use_ping` tinyint(1) NOT NULL DEFAULT '0',
  `comment` text COLLATE utf8_unicode_ci,
  `is_deleted` tinyint(1) NOT NULL DEFAULT '0',
  PRIMARY KEY (`id`),
  KEY `name` (`name`),
  KEY `entities_id` (`entities_id`),
  KEY `networks_id` (`networks_id`),
  KEY `is_deleted` (`is_deleted`)
) ENGINE=MyISAM  DEFAULT CHARSET=utf8 COLLATE=utf8_unicode_ci;

INSERT INTO `glpi_plugin_addressing_addressings` VALUES ('1','0','resea172','1','172.16.0.1','172.31.255.254','1','1','0','1','0','','0');
INSERT INTO `glpi_plugin_addressing_addressings` VALUES ('2','0','serveur','3','172.16.122.1','172.16.122.255','1','1','1','1','0','','0');

### Dump table glpi_plugin_addressing_configs

CREATE TABLE `glpi_plugin_addressing_configs` (
  `id` int(11) NOT NULL AUTO_INCREMENT,
  `alloted_ip` tinyint(1) NOT NULL DEFAULT '0',
  `double_ip` tinyint(1) NOT NULL DEFAULT '0',
  `free_ip` tinyint(1) NOT NULL DEFAULT '0',
  `reserved_ip` tinyint(1) NOT NULL DEFAULT '0',
  `use_ping` tinyint(1) NOT NULL DEFAULT '0',
  `used_system` tinyint(1) NOT NULL DEFAULT '0',
  PRIMARY KEY (`id`)
) ENGINE=MyISAM  DEFAULT CHARSET=utf8 COLLATE=utf8_unicode_ci;

INSERT INTO `glpi_plugin_addressing_configs` VALUES ('1','1','1','1','1','0','0');

### Dump table glpi_plugin_dashboard_config

CREATE TABLE `glpi_plugin_dashboard_config` (
  `id` int(4) NOT NULL AUTO_INCREMENT,
  `name` varchar(50) NOT NULL,
  `value` varchar(125) NOT NULL DEFAULT '',
  `users_id` varchar(25) NOT NULL DEFAULT '',
  PRIMARY KEY (`id`,`name`,`value`,`users_id`),
  UNIQUE KEY `name` (`name`,`users_id`),
  KEY `name_2` (`name`,`users_id`)
) ENGINE=InnoDB DEFAULT CHARSET=latin1;


### Dump table glpi_plugin_dashboard_count

CREATE TABLE `glpi_plugin_dashboard_count` (
  `type` int(11) NOT NULL DEFAULT '0',
  `id` int(11) NOT NULL DEFAULT '0',
  `quant` int(11) DEFAULT NULL,
  PRIMARY KEY (`type`,`id`)
) ENGINE=InnoDB DEFAULT CHARSET=utf8 COLLATE=utf8_unicode_ci;

INSERT INTO `glpi_plugin_dashboard_count` VALUES ('1','0','14');

### Dump table glpi_plugin_dashboard_map

CREATE TABLE `glpi_plugin_dashboard_map` (
  `id` int(4) NOT NULL AUTO_INCREMENT,
  `entities_id` int(4) NOT NULL,
  `location` varchar(50) CHARACTER SET utf8 COLLATE utf8_unicode_ci DEFAULT NULL,
  `lat` float NOT NULL,
  `lng` float NOT NULL,
  PRIMARY KEY (`id`,`entities_id`)
) ENGINE=InnoDB DEFAULT CHARSET=latin1;


### Dump table glpi_plugin_routetables_profiles

CREATE TABLE `glpi_plugin_routetables_profiles` (
  `id` int(11) NOT NULL AUTO_INCREMENT,
  `profiles_id` int(11) NOT NULL DEFAULT '0' COMMENT 'RELATION to glpi_profiles (id)',
  `routetables` char(1) COLLATE utf8_unicode_ci DEFAULT NULL,
  `open_ticket` char(1) COLLATE utf8_unicode_ci DEFAULT NULL,
  PRIMARY KEY (`id`),
  KEY `profiles_id` (`profiles_id`)
) ENGINE=MyISAM  DEFAULT CHARSET=utf8 COLLATE=utf8_unicode_ci;

INSERT INTO `glpi_plugin_routetables_profiles` VALUES ('1','4','w','1');

### Dump table glpi_plugin_routetables_routetables

CREATE TABLE `glpi_plugin_routetables_routetables` (
  `id` int(11) NOT NULL AUTO_INCREMENT,
  `entities_id` int(11) NOT NULL DEFAULT '0',
  `name` varchar(255) COLLATE utf8_unicode_ci DEFAULT NULL,
  `destination` varchar(255) COLLATE utf8_unicode_ci DEFAULT NULL,
  `netmask` varchar(255) COLLATE utf8_unicode_ci DEFAULT NULL,
  `gateway` varchar(255) COLLATE utf8_unicode_ci DEFAULT NULL,
  `metric` varchar(8) COLLATE utf8_unicode_ci DEFAULT NULL,
  `interface` varchar(128) COLLATE utf8_unicode_ci DEFAULT NULL,
  `persistence` smallint(6) NOT NULL DEFAULT '0',
  `comment` text COLLATE utf8_unicode_ci,
  `is_helpdesk_visible` int(11) NOT NULL DEFAULT '1',
  `date_mod` datetime DEFAULT NULL,
  `is_deleted` tinyint(1) NOT NULL DEFAULT '0',
  `notepad` longtext COLLATE utf8_unicode_ci,
  PRIMARY KEY (`id`),
  KEY `name` (`name`),
  KEY `entities_id` (`entities_id`),
  KEY `date_mod` (`date_mod`),
  KEY `is_helpdesk_visible` (`is_helpdesk_visible`),
  KEY `is_deleted` (`is_deleted`)
) ENGINE=MyISAM  DEFAULT CHARSET=utf8 COLLATE=utf8_unicode_ci;

INSERT INTO `glpi_plugin_routetables_routetables` VALUES ('1','0','Ipcop SFR','0.0.0.0','0.0.0.0','192.168.30.0','','eth 0','0','','0','2011-06-08 15:17:07','0',NULL);

### Dump table glpi_plugin_routetables_routetables_items

CREATE TABLE `glpi_plugin_routetables_routetables_items` (
  `id` int(11) NOT NULL AUTO_INCREMENT,
  `plugin_routetables_routetables_id` int(11) NOT NULL DEFAULT '0',
  `items_id` int(11) NOT NULL DEFAULT '0' COMMENT 'RELATION to various tables, according to itemtype (id)',
  `itemtype` varchar(100) COLLATE utf8_unicode_ci NOT NULL COMMENT 'see .class.php file',
  PRIMARY KEY (`id`),
  UNIQUE KEY `unicity` (`plugin_routetables_routetables_id`,`items_id`,`itemtype`),
  KEY `FK_device` (`items_id`,`itemtype`),
  KEY `item` (`itemtype`,`items_id`)
) ENGINE=MyISAM DEFAULT CHARSET=utf8 COLLATE=utf8_unicode_ci;


### Dump table glpi_plugin_shellcommands_profiles

CREATE TABLE `glpi_plugin_shellcommands_profiles` (
  `id` int(11) NOT NULL AUTO_INCREMENT,
  `profiles_id` int(11) NOT NULL DEFAULT '0' COMMENT 'RELATION to glpi_profiles (id)',
  `shellcommands` char(1) COLLATE utf8_unicode_ci DEFAULT NULL,
  PRIMARY KEY (`id`),
  KEY `profiles_id` (`profiles_id`)
) ENGINE=MyISAM  DEFAULT CHARSET=utf8 COLLATE=utf8_unicode_ci;

INSERT INTO `glpi_plugin_shellcommands_profiles` VALUES ('1','4','w');

### Dump table glpi_plugin_shellcommands_shellcommandpaths

CREATE TABLE `glpi_plugin_shellcommands_shellcommandpaths` (
  `id` int(11) NOT NULL AUTO_INCREMENT,
  `name` varchar(255) COLLATE utf8_unicode_ci NOT NULL,
  `comment` text COLLATE utf8_unicode_ci,
  PRIMARY KEY (`id`),
  KEY `name` (`name`)
) ENGINE=MyISAM  DEFAULT CHARSET=utf8 COLLATE=utf8_unicode_ci;

INSERT INTO `glpi_plugin_shellcommands_shellcommandpaths` VALUES ('1','/bin/ping',NULL);
INSERT INTO `glpi_plugin_shellcommands_shellcommandpaths` VALUES ('2','/usr/bin/traceroute',NULL);
INSERT INTO `glpi_plugin_shellcommands_shellcommandpaths` VALUES ('3','/usr/bin/nslookup',NULL);
INSERT INTO `glpi_plugin_shellcommands_shellcommandpaths` VALUES ('4','c:\\windows\\system32\\ping.exe',NULL);
INSERT INTO `glpi_plugin_shellcommands_shellcommandpaths` VALUES ('5','c:\\windows\\system32\\tracert.exe',NULL);
INSERT INTO `glpi_plugin_shellcommands_shellcommandpaths` VALUES ('6','c:\\windows\\system32\\nslookup.exe',NULL);

### Dump table glpi_plugin_shellcommands_shellcommands

CREATE TABLE `glpi_plugin_shellcommands_shellcommands` (
  `id` int(11) NOT NULL AUTO_INCREMENT,
  `entities_id` int(11) NOT NULL DEFAULT '0',
  `is_recursive` tinyint(1) NOT NULL DEFAULT '0',
  `name` varchar(255) COLLATE utf8_unicode_ci DEFAULT NULL,
  `link` varchar(255) COLLATE utf8_unicode_ci DEFAULT NULL,
  `plugin_shellcommands_shellcommandpaths_id` int(11) NOT NULL DEFAULT '0' COMMENT 'RELATION to glpi_plugin_shellcommands_shellcommandpaths (id)',
  `parameters` varchar(255) COLLATE utf8_unicode_ci DEFAULT NULL,
  `is_deleted` tinyint(1) NOT NULL DEFAULT '0',
  PRIMARY KEY (`id`),
  KEY `name` (`name`),
  KEY `is_deleted` (`is_deleted`)
) ENGINE=MyISAM  DEFAULT CHARSET=utf8 COLLATE=utf8_unicode_ci;

INSERT INTO `glpi_plugin_shellcommands_shellcommands` VALUES ('1','0','1','Ping','[IP]','1','-c 2','0');
INSERT INTO `glpi_plugin_shellcommands_shellcommands` VALUES ('2','0','0','Tracert','[NAME]','2','194.2.0.20','0');
INSERT INTO `glpi_plugin_shellcommands_shellcommands` VALUES ('3','0','1','Wake on Lan','[MAC]','0','','0');
INSERT INTO `glpi_plugin_shellcommands_shellcommands` VALUES ('4','0','1','Nslookup','[DOMAIN]','3','','0');

### Dump table glpi_plugin_shellcommands_shellcommands_items

CREATE TABLE `glpi_plugin_shellcommands_shellcommands_items` (
  `id` int(11) NOT NULL AUTO_INCREMENT,
  `plugin_shellcommands_shellcommands_id` int(11) NOT NULL DEFAULT '0',
  `itemtype` varchar(100) COLLATE utf8_unicode_ci NOT NULL COMMENT 'see .class.php file',
  PRIMARY KEY (`id`),
  UNIQUE KEY `FK_cmd` (`plugin_shellcommands_shellcommands_id`,`itemtype`),
  KEY `itemtype` (`itemtype`)
) ENGINE=MyISAM  DEFAULT CHARSET=utf8 COLLATE=utf8_unicode_ci;

INSERT INTO `glpi_plugin_shellcommands_shellcommands_items` VALUES ('1','2','Computer');

### Dump table glpi_plugins

CREATE TABLE `glpi_plugins` (
  `id` int(11) NOT NULL AUTO_INCREMENT,
  `directory` varchar(255) COLLATE utf8_unicode_ci NOT NULL,
  `name` varchar(255) COLLATE utf8_unicode_ci NOT NULL,
  `version` varchar(255) COLLATE utf8_unicode_ci NOT NULL,
  `state` int(11) NOT NULL DEFAULT '0' COMMENT 'see define.php PLUGIN_* constant',
  `author` varchar(255) COLLATE utf8_unicode_ci DEFAULT NULL,
  `homepage` varchar(255) COLLATE utf8_unicode_ci DEFAULT NULL,
  `license` varchar(255) COLLATE utf8_unicode_ci DEFAULT NULL,
  PRIMARY KEY (`id`),
  UNIQUE KEY `unicity` (`directory`),
  KEY `state` (`state`)
) ENGINE=MyISAM  DEFAULT CHARSET=utf8 COLLATE=utf8_unicode_ci;

INSERT INTO `glpi_plugins` VALUES ('3','addressing','Adressage IP','2.3.0','1','Gilles Portheault, Xavier Caillaud, Remi Collet, Nelly Mahu-Lasson','https://forge.glpi-project.org/projects/addressing','GPLv2+');
INSERT INTO `glpi_plugins` VALUES ('4','dashboard','Tableau de bord','0.7.2','1','<a href=\"mailto:stevenesdonato@gmail.com\"> Stevenes Donato </b> </a>','https://forge.glpi-project.org/projects/dashboard','GPLv2+');

### Dump table glpi_printermodels

CREATE TABLE `glpi_printermodels` (
  `id` int(11) NOT NULL AUTO_INCREMENT,
  `name` varchar(255) COLLATE utf8_unicode_ci DEFAULT NULL,
  `comment` text COLLATE utf8_unicode_ci,
  PRIMARY KEY (`id`),
  KEY `name` (`name`)
) ENGINE=MyISAM  DEFAULT CHARSET=utf8 COLLATE=utf8_unicode_ci;

INSERT INTO `glpi_printermodels` VALUES ('1','Brother HL 2060N',NULL);
INSERT INTO `glpi_printermodels` VALUES ('2','HP 520',NULL);
INSERT INTO `glpi_printermodels` VALUES ('3','Brother HL 1270N',NULL);
INSERT INTO `glpi_printermodels` VALUES ('4','Brother HL 1470N',NULL);
INSERT INTO `glpi_printermodels` VALUES ('5','HP 722C couleur',NULL);
INSERT INTO `glpi_printermodels` VALUES ('6','Brother HL 1670N',NULL);
INSERT INTO `glpi_printermodels` VALUES ('7','HP 845C',NULL);
INSERT INTO `glpi_printermodels` VALUES ('8','Brother HL 1870N',NULL);
INSERT INTO `glpi_printermodels` VALUES ('9','Brother HL 1660E',NULL);
INSERT INTO `glpi_printermodels` VALUES ('10','Brother HL 5070N',NULL);
INSERT INTO `glpi_printermodels` VALUES ('11','Brother HL 6050DN',NULL);
INSERT INTO `glpi_printermodels` VALUES ('12','',NULL);
INSERT INTO `glpi_printermodels` VALUES ('13','',NULL);
INSERT INTO `glpi_printermodels` VALUES ('14','Brother HL 5070DN',NULL);
INSERT INTO `glpi_printermodels` VALUES ('15','Brother HL 5130',NULL);
INSERT INTO `glpi_printermodels` VALUES ('16','HP 1220 C couleur',NULL);
INSERT INTO `glpi_printermodels` VALUES ('17','Brother HL 2400 C couleur',NULL);
INSERT INTO `glpi_printermodels` VALUES ('18','',NULL);
INSERT INTO `glpi_printermodels` VALUES ('19','brother 1050 hl',NULL);
INSERT INTO `glpi_printermodels` VALUES ('20','Brother HL 820',NULL);
INSERT INTO `glpi_printermodels` VALUES ('21','multiFonction MFC 7420','');
INSERT INTO `glpi_printermodels` VALUES ('22','Brohter HL 5250','');
INSERT INTO `glpi_printermodels` VALUES ('23','Brohter HL 5170','');
INSERT INTO `glpi_printermodels` VALUES ('24','HP officeJet 9100','');
INSERT INTO `glpi_printermodels` VALUES ('25','Epson Stylus Pro 7450','');
INSERT INTO `glpi_printermodels` VALUES ('26','HP Pro K8600','');
INSERT INTO `glpi_printermodels` VALUES ('27','Brother HL 5170DN','TN-3030 (8000 pages), TN-3060 (25000 pages), DR-3000 (25000 pages)');
INSERT INTO `glpi_printermodels` VALUES ('28','Brohter HL 1250','');
INSERT INTO `glpi_printermodels` VALUES ('29','Brother HL 5250DN','TN-3130 (3000 pages), TN-3170 (8000 pages), DR-3100 (25000 pages)');
INSERT INTO `glpi_printermodels` VALUES ('30','Brother HL 5350DN','Toner TN-3230 (3000 pages), ou TN-3280 ( environ 8000 pages), DR-3200 (25000 pages)');
INSERT INTO `glpi_printermodels` VALUES ('31','Brother HL 5150DN','TN-3030 (3500 pages),TN-3060 (6700 pages), DR-3000 (20000 pages)');
INSERT INTO `glpi_printermodels` VALUES ('32','Brother HL 5370DW','TN 620 (3000 pages), TN 650 (8000 pages), DR 620 (25000 pages)');
INSERT INTO `glpi_printermodels` VALUES ('33','Brother HL 5450DN','TN-3330 (3000 pages), TN-3380 (8000 pages), DR-3300 (25000 pages)');
INSERT INTO `glpi_printermodels` VALUES ('34','Xerox Phaser 8560','Imprimante couleur');
INSERT INTO `glpi_printermodels` VALUES ('35','Brother HL-L6400DW','');
INSERT INTO `glpi_printermodels` VALUES ('36','Brother HL-L6300DW','');
INSERT INTO `glpi_printermodels` VALUES ('37','Epson DS-6500','');
INSERT INTO `glpi_printermodels` VALUES ('38','L721A','');
INSERT INTO `glpi_printermodels` VALUES ('39','Brother HL-L6300DW','');

### Dump table glpi_printers

CREATE TABLE `glpi_printers` (
  `id` int(11) NOT NULL AUTO_INCREMENT,
  `entities_id` int(11) NOT NULL DEFAULT '0',
  `is_recursive` tinyint(1) NOT NULL DEFAULT '0',
  `name` varchar(255) COLLATE utf8_unicode_ci DEFAULT NULL,
  `date_mod` datetime DEFAULT NULL,
  `contact` varchar(255) COLLATE utf8_unicode_ci DEFAULT NULL,
  `contact_num` varchar(255) COLLATE utf8_unicode_ci DEFAULT NULL,
  `users_id_tech` int(11) NOT NULL DEFAULT '0',
  `groups_id_tech` int(11) NOT NULL DEFAULT '0',
  `serial` varchar(255) COLLATE utf8_unicode_ci DEFAULT NULL,
  `otherserial` varchar(255) COLLATE utf8_unicode_ci DEFAULT NULL,
  `have_serial` tinyint(1) NOT NULL DEFAULT '0',
  `have_parallel` tinyint(1) NOT NULL DEFAULT '0',
  `have_usb` tinyint(1) NOT NULL DEFAULT '0',
  `have_wifi` tinyint(1) NOT NULL DEFAULT '0',
  `have_ethernet` tinyint(1) NOT NULL DEFAULT '0',
  `comment` text COLLATE utf8_unicode_ci,
  `memory_size` varchar(255) COLLATE utf8_unicode_ci DEFAULT NULL,
  `locations_id` int(11) NOT NULL DEFAULT '0',
  `domains_id` int(11) NOT NULL DEFAULT '0',
  `networks_id` int(11) NOT NULL DEFAULT '0',
  `printertypes_id` int(11) NOT NULL DEFAULT '0',
  `printermodels_id` int(11) NOT NULL DEFAULT '0',
  `Fournisseur` varchar(255) COLLATE utf8_unicode_ci DEFAULT NULL,
  `manufacturers_id` int(11) NOT NULL DEFAULT '0',
  `is_global` tinyint(1) NOT NULL DEFAULT '0',
  `is_deleted` tinyint(1) NOT NULL DEFAULT '0',
  `is_template` tinyint(1) NOT NULL DEFAULT '0',
  `template_name` varchar(255) COLLATE utf8_unicode_ci DEFAULT NULL,
  `init_pages_counter` int(11) NOT NULL DEFAULT '0',
  `last_pages_counter` int(11) NOT NULL DEFAULT '0',
  `users_id` int(11) NOT NULL DEFAULT '0',
  `groups_id` int(11) NOT NULL DEFAULT '0',
  `states_id` int(11) NOT NULL DEFAULT '0',
  `ticket_tco` decimal(20,4) DEFAULT '0.0000',
  `is_dynamic` tinyint(1) NOT NULL DEFAULT '0',
  PRIMARY KEY (`id`),
  KEY `name` (`name`),
  KEY `is_template` (`is_template`),
  KEY `is_global` (`is_global`),
  KEY `domains_id` (`domains_id`),
  KEY `entities_id` (`entities_id`),
  KEY `manufacturers_id` (`manufacturers_id`),
  KEY `groups_id` (`groups_id`),
  KEY `users_id` (`users_id`),
  KEY `locations_id` (`locations_id`),
  KEY `printermodels_id` (`printermodels_id`),
  KEY `networks_id` (`networks_id`),
  KEY `states_id` (`states_id`),
  KEY `users_id_tech` (`users_id_tech`),
  KEY `printertypes_id` (`printertypes_id`),
  KEY `is_deleted` (`is_deleted`),
  KEY `date_mod` (`date_mod`),
  KEY `groups_id_tech` (`groups_id_tech`),
  KEY `last_pages_counter` (`last_pages_counter`),
  KEY `is_dynamic` (`is_dynamic`),
  KEY `serial` (`serial`),
  KEY `otherserial` (`otherserial`)
) ENGINE=MyISAM  DEFAULT CHARSET=utf8 COLLATE=utf8_unicode_ci;

INSERT INTO `glpi_printers` VALUES ('74','0','0','exS124i2','2016-06-22 10:42:35','','','0','0','','74','0','1','0','0','0','','','24','0','0','17','17','','12','0','1','0',NULL,'0','0','0','0','3','0.0000','0');
INSERT INTO `glpi_printers` VALUES ('123','0','0','exS36i1','2018-03-19 09:18:33','','','0','0','','123','0','0','0','0','0','','','24','0','0','4','4','','12','0','1','0',NULL,'0','0','0','0','5','0.0000','0');
INSERT INTO `glpi_printers` VALUES ('124','0','0','exS36i2','2010-06-07 13:41:18','','','0','0','','124','0','0','0','0','0','port rj45','','24','0','0','4','4','','12','0','0','0',NULL,'0','0','0','0','3','0.0000','0');
INSERT INTO `glpi_printers` VALUES ('150','0','0','S103i1','2010-06-07 14:07:35','','','0','0','','150','0','1','0','0','0','','','24','0','0','4','4','','12','0','0','0',NULL,'0','0','0','0','3','0.0000','0');
INSERT INTO `glpi_printers` VALUES ('268','0','0','exS9i1','2010-06-07 13:52:18','','','0','0','','268','0','1','1','0','0','','','24','0','0','8','8','','12','0','0','0',NULL,'0','0','0','0','3','0.0000','0');
INSERT INTO `glpi_printers` VALUES ('141','0','0','exs011i1','2016-06-22 10:31:47','','','0','0','','141','0','0','0','0','0','port ethernet','','24','0','0','4','4','','12','0','1','0',NULL,'0','0','0','0','5','0.0000','0');
INSERT INTO `glpi_printers` VALUES ('180','0','0','S32i1','2019-01-29 13:57:27','','','0','0','','180','0','1','1','0','0','','','21','0','0','6','6','','12','0','1','0',NULL,'0','0','0','0','3','0.0000','0');
INSERT INTO `glpi_printers` VALUES ('210','0','0','S9i1','2009-09-09 15:32:17','','','0','0','','210','0','1','1','0','0','','','1','0','0','8','8','','0','0','1','0',NULL,'0','0','0','0','0','0.0000','0');
INSERT INTO `glpi_printers` VALUES ('334','0','0','exS114i1','2016-06-22 10:32:07','','','0','0','','334','0','1','1','0','0','','','24','0','0','10','10','','12','0','1','0',NULL,'0','0','0','0','5','0.0000','0');
INSERT INTO `glpi_printers` VALUES ('333','0','0','exS240i1','2016-06-22 10:32:02','','','0','0','','333','0','0','0','0','0','Date d\'achat : 1/09/2003','','13','0','0','10','10','','12','0','1','0',NULL,'0','0','0','0','5','0.0000','0');
INSERT INTO `glpi_printers` VALUES ('342','0','0','exS6i1','2018-03-19 09:16:20','','','0','0','','342','0','1','0','0','0','','','24','0','0','16','16','','8','0','1','0',NULL,'0','0','0','0','5','0.0000','0');
INSERT INTO `glpi_printers` VALUES ('435','0','0','S118i1','2017-03-01 14:21:25','','','12','0','','435','0','1','1','0','0','resto-verso','','4','0','0','14','14','','12','0','1','0',NULL,'0','0','0','0','4','0.0000','0');
INSERT INTO `glpi_printers` VALUES ('437','0','0','s36i1','2018-03-27 08:43:04','','','0','0','','437','0','1','1','0','0','Recto-verso','','13','0','0','11','11','','12','0','0','0',NULL,'0','0','0','0','4','0.0000','0');
INSERT INTO `glpi_printers` VALUES ('436','0','0','s027i1','2018-11-20 10:39:49','','','0','0','','1350','0','1','1','0','0','recto-verso','','36','0','0','28','27','','12','0','1','0',NULL,'0','0','0','0','5','0.0000','0');
INSERT INTO `glpi_printers` VALUES ('439','0','0','S3i1','2018-03-19 09:18:14','sec','','0','0','','439','0','1','1','0','0','','','17','0','0','15','15','','12','0','1','0',NULL,'0','0','0','0','4','0.0000','0');
INSERT INTO `glpi_printers` VALUES ('438','0','0','S6i1','2016-06-22 10:32:14','Dir','','0','0','','438','0','1','1','0','0','','','15','0','0','15','15','','12','0','1','0',NULL,'0','0','0','0','4','0.0000','0');
INSERT INTO `glpi_printers` VALUES ('181','0','0','exS136i4','2016-06-22 10:41:19','','','0','0','','181','0','1','0','0','0','','','24','0','0','7','7','','8','0','1','0',NULL,'0','0','0','0','3','0.0000','0');
INSERT INTO `glpi_printers` VALUES ('142','0','0','exS5i1','2016-06-22 10:31:54','','','0','0','','142','0','1','0','0','0','','','24','0','0','4','4','','12','0','1','0',NULL,'0','0','0','0','5','0.0000','0');
INSERT INTO `glpi_printers` VALUES ('179','0','0','exS136i2','2019-01-29 13:56:09','','','0','0','','179','0','1','0','0','0','','','24','0','0','3','3','','12','0','1','0',NULL,'0','0','0','0','5','0.0000','0');
INSERT INTO `glpi_printers` VALUES ('178','0','0','exS136i3','2019-01-29 13:56:18','','','0','0','','178','0','1','0','0','0','','','24','0','0','3','3','','12','0','1','0',NULL,'0','0','0','0','3','0.0000','0');
INSERT INTO `glpi_printers` VALUES ('76','0','0','exS101i1','2016-06-22 10:42:23','RDV','','0','0','','76','0','1','0','0','0','','','24','0','0','3','3','','12','0','1','0',NULL,'0','0','0','0','5','0.0000','0');
INSERT INTO `glpi_printers` VALUES ('12','0','0','S0i','2017-02-08 15:33:56','SMI','','0','0','','12','0','0','0','0','0','','','24','0','0','9','9','','12','0','1','0',NULL,'0','0','0','0','3','0.0000','0');
INSERT INTO `glpi_printers` VALUES ('97','0','0','cdii1','2017-02-08 15:33:38','','','0','0','','97','0','1','0','0','0','','','24','0','0','19','19','','12','0','1','0',NULL,'0','0','0','0','5','0.0000','0');
INSERT INTO `glpi_printers` VALUES ('117','0','0','excdii2','2016-06-22 10:40:53','','','0','0','','117','0','1','0','0','0','','','24','0','0','20','20','','12','0','1','0',NULL,'0','0','0','0','5','0.0000','0');
INSERT INTO `glpi_printers` VALUES ('453','0','0','',NULL,'','','0','0','','','0','0','0','0','0','','','0','0','0','0','0','','0','0','0','1','Blank Template','0','0','0','0','0','0.0000','0');
INSERT INTO `glpi_printers` VALUES ('547','0','0','S5i1','2010-06-07 13:40:39','','','0','0','','547','0','1','1','0','0','','','27','0','0','11','11',NULL,'12','0','0','0','','0','0','0','0','4','0.0000','0');
INSERT INTO `glpi_printers` VALUES ('655','0','0','s4i1','2019-01-30 10:13:56','','','0','0','','655','0','0','0','0','0','','','13','0','0','22','21',NULL,'12','0','1','0','','0','0','0','0','3','0.0000','0');
INSERT INTO `glpi_printers` VALUES ('747','0','0','s22i1','2015-06-05 08:51:50','','','0','0','','747','0','0','1','0','0','','','32','0','0','27','26',NULL,'8','0','0','0','','0','0','0','0','3','0.0000','0');
INSERT INTO `glpi_printers` VALUES ('748','0','0','s6i1','2015-06-05 10:36:33','','','0','0','','748','0','0','1','0','0','','','16','0','0','26','25',NULL,'13','0','0','0','','0','0','0','0','4','0.0000','0');
INSERT INTO `glpi_printers` VALUES ('749','0','0','S5i2','2010-06-07 13:40:46','','','0','0','','749','0','0','0','0','0','','','27','0','0','25','24',NULL,'8','0','0','0','','0','0','0','0','4','0.0000','0');
INSERT INTO `glpi_printers` VALUES ('750','0','0','exS34i1','2013-09-13 14:51:44','','','0','0','','','0','0','0','0','0','','','24','0','0','0','0',NULL,'12','0','1','0',NULL,'0','0','0','0','3','0.0000','0');
INSERT INTO `glpi_printers` VALUES ('652','0','0','S324i1','2021-01-29 11:04:56','','','2','0','','652','1','0','0','0','0','Réseau','','33','1','0','11','11',NULL,'12','0','0','0',NULL,'0','0','0','0','4','0.0000','0');
INSERT INTO `glpi_printers` VALUES ('849','0','0','s124i1','2017-01-26 11:45:44','','','0','0','00-80-77-F2-F0-AC','849','0','0','0','0','0','','','5','0','0','11','11',NULL,'12','0','0','0',NULL,'0','0','0','0','4','0.0000','0');
INSERT INTO `glpi_printers` VALUES ('967','0','0','s36i2','2018-03-27 08:56:24','','','0','0','','967','0','0','0','0','0','','','103','0','0','11','11',NULL,'12','0','0','0',NULL,'0','0','0','0','4','0.0000','0');
INSERT INTO `glpi_printers` VALUES ('548','0','0','s32i1','2015-06-05 08:53:39','','','0','0','','548','0','0','0','0','0','','','2','0','0','11','11',NULL,'12','0','0','0',NULL,'0','0','0','0','1','0.0000','0');
INSERT INTO `glpi_printers` VALUES ('968','0','0','s138i1','2015-06-05 09:21:45','','','0','0','','968','0','0','0','0','0','','','46','0','0','11','11',NULL,'12','0','0','0',NULL,'0','0','0','0','4','0.0000','0');
INSERT INTO `glpi_printers` VALUES ('850','0','0','S34i1','2010-06-07 14:04:54','','','0','0','','850','0','0','0','0','0','','','1','0','0','23','22',NULL,'12','0','0','0',NULL,'0','0','0','0','4','0.0000','0');
INSERT INTO `glpi_printers` VALUES ('851','0','0','S11i1','2017-02-08 14:43:30','','','0','0','','851','0','0','0','0','0','','','13','0','0','23','22',NULL,'12','0','0','0',NULL,'0','0','0','0','4','0.0000','0');
INSERT INTO `glpi_printers` VALUES ('544','0','0','s36i1','2015-06-05 09:38:48','','','0','0','','544','0','0','0','0','0','','','24','0','0','24','23',NULL,'12','0','0','0',NULL,'0','0','0','0','3','0.0000','0');
INSERT INTO `glpi_printers` VALUES ('545','0','0','S36i2','2018-03-27 08:57:10','','','0','0','','545','0','0','0','0','0','','','103','0','0','24','23',NULL,'12','0','0','0',NULL,'0','0','0','0','1','0.0000','0');
INSERT INTO `glpi_printers` VALUES ('543','0','0','S118P15','2017-03-01 14:21:25','','','0','0','','543','0','0','0','0','0','','','4','0','0','28','27',NULL,'12','0','1','0',NULL,'0','0','0','0','4','0.0000','0');
INSERT INTO `glpi_printers` VALUES ('975','0','0','S108p1','2015-06-05 08:54:56','','','0','0','','Aucun','0','0','0','0','0','','','37','0','0','29','28',NULL,'12','0','0','0',NULL,'0','0','0','0','1','0.0000','0');
INSERT INTO `glpi_printers` VALUES ('1050','0','0','S112i1','2019-02-05 10:36:10','','','0','0','00:80:77:f2:f0:ac','1050','0','1','1','0','0','','','23','0','0','11','11',NULL,'12','0','1','0',NULL,'0','0','0','0','2','0.0000','0');
INSERT INTO `glpi_printers` VALUES ('656','0','0','exS125i2','2019-01-30 10:13:43','','','0','0','','656','0','1','1','0','0','','','13','0','0','22','21',NULL,'12','0','1','0',NULL,'0','0','0','0','0','0.0000','0');
INSERT INTO `glpi_printers` VALUES ('1240','0','0','S28I1','2021-01-29 12:29:34','','','0','0','1240','1240','0','0','0','1','0','','','47','0','0','0','30',NULL,'12','0','0','0','Blank Template','0','0','0','0','4','0.0000','0');
INSERT INTO `glpi_printers` VALUES ('1153','0','0','s114i1','2021-01-25 16:38:07','','','0','0','00:1b:a9:7c:10:a8','1153','0','0','1','0','1','Toner TN-3230 (3000 pages), ou TN-3280 ( environ 8000 pages), DR-3200 (25000 pages)','','102','0','0','30','30',NULL,'12','0','0','0',NULL,'0','0','0','0','4','0.0000','0');
INSERT INTO `glpi_printers` VALUES ('1154','0','0','s240i1','2016-01-13 15:52:00','','','0','0','1154','1154','0','0','1','0','1','Toner TN-3230 (3000 pages), ou TN-3280 ( environ 8000 pages), DR-3200 (25000 pages)','','8','0','0','30','30',NULL,'12','0','0','0',NULL,'0','0','0','0','4','0.0000','0');
INSERT INTO `glpi_printers` VALUES ('1155','0','0','s242i1','2016-01-13 15:52:20','','','0','0','1155','1155','0','0','1','0','1','','','9','0','0','30','30',NULL,'12','0','0','0',NULL,'0','0','0','0','4','0.0000','0');
INSERT INTO `glpi_printers` VALUES ('1244','0','0','s108i1','2016-01-20 14:47:38','','','0','0','','1244','0','0','0','0','0','','','37','0','0','0','34',NULL,'25','0','0','0',NULL,'0','0','0','0','4','0.0000','0');
INSERT INTO `glpi_printers` VALUES ('1350','0','0','s027i1','2017-02-08 15:02:32','','','363','0','','1350','0','0','0','0','0','','','36','0','1','31','33',NULL,'12','0','0','0',NULL,'0','0','0','0','4','0.0000','0');
INSERT INTO `glpi_printers` VALUES ('1052','0','0','S136I1','2021-01-25 16:53:27','','','0','0','E62300D6J196653','1351','0','0','0','0','1','','','7','0','0','11','11',NULL,'12','0','0','0',NULL,'0','0','0','0','4','0.0000','0');
INSERT INTO `glpi_printers` VALUES ('751','0','0','s36i3','2016-06-22 09:50:58','','','0','0','','751','0','0','0','0','1','Ancienne Imprimante du Collége','','3','0','0','11','11',NULL,'12','0','0','0','Blank Template','0','0','0','0','4','0.0000','0');
INSERT INTO `glpi_printers` VALUES ('1355','0','0','S11i1','2017-02-08 14:46:54','','','0','0','','1355','0','0','0','0','0','','','20','0','0','31','33',NULL,'12','0','0','0',NULL,'0','0','0','0','4','0.0000','0');
INSERT INTO `glpi_printers` VALUES ('1356','0','0','s118i1','2017-02-08 15:01:33','','','363','0','','1356','0','0','0','0','0','','','4','0','0','31','33',NULL,'12','0','0','0',NULL,'0','0','0','0','4','0.0000','0');
INSERT INTO `glpi_printers` VALUES ('1645','0','0','S112Scan','2018-03-27 09:18:21','','','1098','0','','1645','0','0','0','0','0','','','23','0','0','0','37',NULL,'13','0','0','0',NULL,'0','0','0','0','4','0.0000','0');
INSERT INTO `glpi_printers` VALUES ('1641','0','0','S107i1','2018-02-02 10:16:01','','','0','0','RVCZ130166','','0','0','0','0','0','Epson AL-M200DN
Model N°: L721A
Serie N° : RVCZ130166

Installé le 02/02/2018','','26','0','0','34','38',NULL,'13','0','0','0',NULL,'0','0','0','0','4','0.0000','0');
INSERT INTO `glpi_printers` VALUES ('1642','0','0','S131i1','2018-02-20 08:37:13','','','0','0','30:f7:72:17:68:fc(mac wlan) /30:05:5c:b4:be:3d(mac lan)','1641','0','0','1','1','1','','','99','0','0','36','39',NULL,'12','0','0','0',NULL,'0','0','0','0','4','0.0000','0');
INSERT INTO `glpi_printers` VALUES ('651','0','0','S132i1','2018-03-27 08:34:46','','','1256','0',' 00-80-77-3c-54-6e','651','0','0','0','0','0','','','6','0','0','11','11',NULL,'12','0','0','0',NULL,'0','0','0','0','4','0.0000','0');
INSERT INTO `glpi_printers` VALUES ('1643','0','0','s36i4','2018-03-27 09:14:07','','','0','0','','1643','0','0','0','0','0','','','3','0','0','32','36',NULL,'12','0','0','0','Blank Template','0','0','0','0','4','0.0000','0');
INSERT INTO `glpi_printers` VALUES ('1358','0','0','S114I1','2018-11-20 10:45:38','','','0','0','E70647F3N408607','1358','0','0','0','0','1','','','22','0','1','31','33',NULL,'12','0','0','0',NULL,'0','0','0','0','4','0.0000','0');
INSERT INTO `glpi_printers` VALUES ('1647','0','0','S112i1','2021-01-25 17:01:21','','','0','0','','1640','0','0','0','1','1','','','23','0','0','33','35',NULL,'12','0','0','0',NULL,'0','0','0','0','4','0.0000','0');
INSERT INTO `glpi_printers` VALUES ('1648','0','0','S5i1','2019-01-30 11:00:07','','','0','0','','1642','0','0','0','0','1','','','94','0','0','36','36',NULL,'12','0','0','0',NULL,'0','0','0','0','4','0.0000','0');
INSERT INTO `glpi_printers` VALUES ('1649','0','0','S112i2','2021-01-25 17:45:24','','','0','0','','1914','0','0','0','0','0','','','23','1','0','0','0',NULL,'8','0','0','0',NULL,'0','0','0','0','4','0.0000','0');

### Dump table glpi_printertypes

CREATE TABLE `glpi_printertypes` (
  `id` int(11) NOT NULL AUTO_INCREMENT,
  `name` varchar(255) COLLATE utf8_unicode_ci DEFAULT NULL,
  `comment` text COLLATE utf8_unicode_ci,
  PRIMARY KEY (`id`),
  KEY `name` (`name`)
) ENGINE=MyISAM  DEFAULT CHARSET=utf8 COLLATE=utf8_unicode_ci;

INSERT INTO `glpi_printertypes` VALUES ('1','Brother HL 2060N',NULL);
INSERT INTO `glpi_printertypes` VALUES ('2','HP 520',NULL);
INSERT INTO `glpi_printertypes` VALUES ('3','Brother HL 1270N',NULL);
INSERT INTO `glpi_printertypes` VALUES ('4','Brother HL 1470N',NULL);
INSERT INTO `glpi_printertypes` VALUES ('5','HP 722C couleur',NULL);
INSERT INTO `glpi_printertypes` VALUES ('6','Brother HL 1670N',NULL);
INSERT INTO `glpi_printertypes` VALUES ('7','HP 845C',NULL);
INSERT INTO `glpi_printertypes` VALUES ('8','Brother HL 1870N',NULL);
INSERT INTO `glpi_printertypes` VALUES ('9','Brother HL 1660E',NULL);
INSERT INTO `glpi_printertypes` VALUES ('10','Brother HL 5070N',NULL);
INSERT INTO `glpi_printertypes` VALUES ('11','Brother HL 6050DN',NULL);
INSERT INTO `glpi_printertypes` VALUES ('12','',NULL);
INSERT INTO `glpi_printertypes` VALUES ('13','',NULL);
INSERT INTO `glpi_printertypes` VALUES ('14','Brother HL 5070DN',NULL);
INSERT INTO `glpi_printertypes` VALUES ('15','Brother HL 5130',NULL);
INSERT INTO `glpi_printertypes` VALUES ('16','HP 1220 C couleur',NULL);
INSERT INTO `glpi_printertypes` VALUES ('17','Brother HL 2400 C couleur',NULL);
INSERT INTO `glpi_printertypes` VALUES ('18','',NULL);
INSERT INTO `glpi_printertypes` VALUES ('19','brother 1050 hl',NULL);
INSERT INTO `glpi_printertypes` VALUES ('20','Brother HL 820',NULL);
INSERT INTO `glpi_printertypes` VALUES ('24','Brohter HL 5170','');
INSERT INTO `glpi_printertypes` VALUES ('22','Multifonction Laser MFC 7420','');
INSERT INTO `glpi_printertypes` VALUES ('23','Brohter HL 5250DN','');
INSERT INTO `glpi_printertypes` VALUES ('25','HP officeJet 9100','');
INSERT INTO `glpi_printertypes` VALUES ('26','Epson Stylus Pro 7450','');
INSERT INTO `glpi_printertypes` VALUES ('27','HP Pro K8600','');
INSERT INTO `glpi_printertypes` VALUES ('28','Brother HL 5170DN','');
INSERT INTO `glpi_printertypes` VALUES ('29','Brohter HL 1250','');
INSERT INTO `glpi_printertypes` VALUES ('30','Brother HL 5350DN','Toner TN-3230 (3000 pages), ou TN-3280 ( environ 8000 pages)');
INSERT INTO `glpi_printertypes` VALUES ('31','Brother HL 5450DN','');
INSERT INTO `glpi_printertypes` VALUES ('32','Brother HL-6300','');
INSERT INTO `glpi_printertypes` VALUES ('33','Brother HL-6400','');
INSERT INTO `glpi_printertypes` VALUES ('34','Epson AL-M200DN','');
INSERT INTO `glpi_printertypes` VALUES ('35','','');
INSERT INTO `glpi_printertypes` VALUES ('36','HL-L6300DW','');

### Dump table glpi_problemcosts

CREATE TABLE `glpi_problemcosts` (
  `id` int(11) NOT NULL AUTO_INCREMENT,
  `problems_id` int(11) NOT NULL DEFAULT '0',
  `name` varchar(255) COLLATE utf8_unicode_ci DEFAULT NULL,
  `comment` text COLLATE utf8_unicode_ci,
  `begin_date` date DEFAULT NULL,
  `end_date` date DEFAULT NULL,
  `actiontime` int(11) NOT NULL DEFAULT '0',
  `cost_time` decimal(20,4) NOT NULL DEFAULT '0.0000',
  `cost_fixed` decimal(20,4) NOT NULL DEFAULT '0.0000',
  `cost_material` decimal(20,4) NOT NULL DEFAULT '0.0000',
  `budgets_id` int(11) NOT NULL DEFAULT '0',
  `entities_id` int(11) NOT NULL DEFAULT '0',
  PRIMARY KEY (`id`),
  KEY `name` (`name`),
  KEY `problems_id` (`problems_id`),
  KEY `begin_date` (`begin_date`),
  KEY `end_date` (`end_date`),
  KEY `entities_id` (`entities_id`),
  KEY `budgets_id` (`budgets_id`)
) ENGINE=MyISAM DEFAULT CHARSET=utf8 COLLATE=utf8_unicode_ci;


### Dump table glpi_problems

CREATE TABLE `glpi_problems` (
  `id` int(11) NOT NULL AUTO_INCREMENT,
  `name` varchar(255) COLLATE utf8_unicode_ci DEFAULT NULL,
  `entities_id` int(11) NOT NULL DEFAULT '0',
  `is_recursive` tinyint(1) NOT NULL DEFAULT '0',
  `is_deleted` tinyint(1) NOT NULL DEFAULT '0',
  `status` int(11) NOT NULL DEFAULT '1',
  `content` longtext COLLATE utf8_unicode_ci,
  `date_mod` datetime DEFAULT NULL,
  `date` datetime DEFAULT NULL,
  `solvedate` datetime DEFAULT NULL,
  `closedate` datetime DEFAULT NULL,
  `due_date` datetime DEFAULT NULL,
  `users_id_recipient` int(11) NOT NULL DEFAULT '0',
  `users_id_lastupdater` int(11) NOT NULL DEFAULT '0',
  `urgency` int(11) NOT NULL DEFAULT '1',
  `impact` int(11) NOT NULL DEFAULT '1',
  `priority` int(11) NOT NULL DEFAULT '1',
  `itilcategories_id` int(11) NOT NULL DEFAULT '0',
  `impactcontent` longtext COLLATE utf8_unicode_ci,
  `causecontent` longtext COLLATE utf8_unicode_ci,
  `symptomcontent` longtext COLLATE utf8_unicode_ci,
  `solutiontypes_id` int(11) NOT NULL DEFAULT '0',
  `solution` longtext COLLATE utf8_unicode_ci,
  `actiontime` int(11) NOT NULL DEFAULT '0',
  `begin_waiting_date` datetime DEFAULT NULL,
  `waiting_duration` int(11) NOT NULL DEFAULT '0',
  `close_delay_stat` int(11) NOT NULL DEFAULT '0',
  `solve_delay_stat` int(11) NOT NULL DEFAULT '0',
  PRIMARY KEY (`id`),
  KEY `name` (`name`),
  KEY `entities_id` (`entities_id`),
  KEY `is_recursive` (`is_recursive`),
  KEY `is_deleted` (`is_deleted`),
  KEY `date` (`date`),
  KEY `closedate` (`closedate`),
  KEY `status` (`status`),
  KEY `priority` (`priority`),
  KEY `date_mod` (`date_mod`),
  KEY `itilcategories_id` (`itilcategories_id`),
  KEY `users_id_recipient` (`users_id_recipient`),
  KEY `solvedate` (`solvedate`),
  KEY `solutiontypes_id` (`solutiontypes_id`),
  KEY `urgency` (`urgency`),
  KEY `impact` (`impact`),
  KEY `due_date` (`due_date`),
  KEY `users_id_lastupdater` (`users_id_lastupdater`)
) ENGINE=MyISAM DEFAULT CHARSET=utf8 COLLATE=utf8_unicode_ci;


### Dump table glpi_problems_suppliers

CREATE TABLE `glpi_problems_suppliers` (
  `id` int(11) NOT NULL AUTO_INCREMENT,
  `problems_id` int(11) NOT NULL DEFAULT '0',
  `suppliers_id` int(11) NOT NULL DEFAULT '0',
  `type` int(11) NOT NULL DEFAULT '1',
  `use_notification` tinyint(1) NOT NULL DEFAULT '0',
  `alternative_email` varchar(255) COLLATE utf8_unicode_ci DEFAULT NULL,
  PRIMARY KEY (`id`),
  UNIQUE KEY `unicity` (`problems_id`,`type`,`suppliers_id`),
  KEY `group` (`suppliers_id`,`type`)
) ENGINE=MyISAM DEFAULT CHARSET=utf8 COLLATE=utf8_unicode_ci;


### Dump table glpi_problems_tickets

CREATE TABLE `glpi_problems_tickets` (
  `id` int(11) NOT NULL AUTO_INCREMENT,
  `problems_id` int(11) NOT NULL DEFAULT '0',
  `tickets_id` int(11) NOT NULL DEFAULT '0',
  PRIMARY KEY (`id`),
  UNIQUE KEY `unicity` (`problems_id`,`tickets_id`),
  KEY `tickets_id` (`tickets_id`)
) ENGINE=MyISAM DEFAULT CHARSET=utf8 COLLATE=utf8_unicode_ci;


### Dump table glpi_problems_users

CREATE TABLE `glpi_problems_users` (
  `id` int(11) NOT NULL AUTO_INCREMENT,
  `problems_id` int(11) NOT NULL DEFAULT '0',
  `users_id` int(11) NOT NULL DEFAULT '0',
  `type` int(11) NOT NULL DEFAULT '1',
  `use_notification` tinyint(1) NOT NULL DEFAULT '0',
  `alternative_email` varchar(255) COLLATE utf8_unicode_ci DEFAULT NULL,
  PRIMARY KEY (`id`),
  UNIQUE KEY `unicity` (`problems_id`,`type`,`users_id`,`alternative_email`),
  KEY `user` (`users_id`,`type`)
) ENGINE=MyISAM DEFAULT CHARSET=utf8 COLLATE=utf8_unicode_ci;


### Dump table glpi_problemtasks

CREATE TABLE `glpi_problemtasks` (
  `id` int(11) NOT NULL AUTO_INCREMENT,
  `problems_id` int(11) NOT NULL DEFAULT '0',
  `taskcategories_id` int(11) NOT NULL DEFAULT '0',
  `date` datetime DEFAULT NULL,
  `begin` datetime DEFAULT NULL,
  `end` datetime DEFAULT NULL,
  `users_id` int(11) NOT NULL DEFAULT '0',
  `users_id_tech` int(11) NOT NULL DEFAULT '0',
  `content` longtext COLLATE utf8_unicode_ci,
  `actiontime` int(11) NOT NULL DEFAULT '0',
  `state` int(11) NOT NULL DEFAULT '0',
  PRIMARY KEY (`id`),
  KEY `problems_id` (`problems_id`),
  KEY `users_id` (`users_id`),
  KEY `users_id_tech` (`users_id_tech`),
  KEY `date` (`date`),
  KEY `begin` (`begin`),
  KEY `end` (`end`),
  KEY `state` (`state`),
  KEY `taskcategories_id` (`taskcategories_id`)
) ENGINE=MyISAM DEFAULT CHARSET=utf8 COLLATE=utf8_unicode_ci;


### Dump table glpi_profilerights

CREATE TABLE `glpi_profilerights` (
  `id` int(11) NOT NULL AUTO_INCREMENT,
  `profiles_id` int(11) NOT NULL DEFAULT '0',
  `name` varchar(255) COLLATE utf8_unicode_ci DEFAULT NULL,
  `rights` int(11) NOT NULL DEFAULT '0',
  PRIMARY KEY (`id`),
  UNIQUE KEY `unicity` (`profiles_id`,`name`)
) ENGINE=MyISAM  DEFAULT CHARSET=utf8 COLLATE=utf8_unicode_ci;

INSERT INTO `glpi_profilerights` VALUES ('1','1','computer','0');
INSERT INTO `glpi_profilerights` VALUES ('2','1','monitor','0');
INSERT INTO `glpi_profilerights` VALUES ('3','1','software','0');
INSERT INTO `glpi_profilerights` VALUES ('4','1','networking','0');
INSERT INTO `glpi_profilerights` VALUES ('5','1','internet','0');
INSERT INTO `glpi_profilerights` VALUES ('6','1','printer','0');
INSERT INTO `glpi_profilerights` VALUES ('7','1','peripheral','0');
INSERT INTO `glpi_profilerights` VALUES ('8','1','cartridge','0');
INSERT INTO `glpi_profilerights` VALUES ('9','1','consumable','0');
INSERT INTO `glpi_profilerights` VALUES ('10','1','phone','0');
INSERT INTO `glpi_profilerights` VALUES ('734','6','queuedmail','0');
INSERT INTO `glpi_profilerights` VALUES ('12','1','contact_enterprise','0');
INSERT INTO `glpi_profilerights` VALUES ('13','1','document','0');
INSERT INTO `glpi_profilerights` VALUES ('14','1','contract','0');
INSERT INTO `glpi_profilerights` VALUES ('15','1','infocom','0');
INSERT INTO `glpi_profilerights` VALUES ('16','1','knowbase','2048');
INSERT INTO `glpi_profilerights` VALUES ('20','1','reservation','1024');
INSERT INTO `glpi_profilerights` VALUES ('21','1','reports','0');
INSERT INTO `glpi_profilerights` VALUES ('22','1','dropdown','0');
INSERT INTO `glpi_profilerights` VALUES ('24','1','device','0');
INSERT INTO `glpi_profilerights` VALUES ('25','1','typedoc','0');
INSERT INTO `glpi_profilerights` VALUES ('26','1','link','0');
INSERT INTO `glpi_profilerights` VALUES ('27','1','config','0');
INSERT INTO `glpi_profilerights` VALUES ('29','1','rule_ticket','0');
INSERT INTO `glpi_profilerights` VALUES ('30','1','rule_import','0');
INSERT INTO `glpi_profilerights` VALUES ('31','1','rule_ldap','0');
INSERT INTO `glpi_profilerights` VALUES ('32','1','rule_softwarecategories','0');
INSERT INTO `glpi_profilerights` VALUES ('33','1','search_config','0');
INSERT INTO `glpi_profilerights` VALUES ('684','5','location','0');
INSERT INTO `glpi_profilerights` VALUES ('679','7','domain','31');
INSERT INTO `glpi_profilerights` VALUES ('36','1','profile','0');
INSERT INTO `glpi_profilerights` VALUES ('37','1','user','0');
INSERT INTO `glpi_profilerights` VALUES ('39','1','group','0');
INSERT INTO `glpi_profilerights` VALUES ('40','1','entity','0');
INSERT INTO `glpi_profilerights` VALUES ('41','1','transfer','0');
INSERT INTO `glpi_profilerights` VALUES ('42','1','logs','0');
INSERT INTO `glpi_profilerights` VALUES ('43','1','reminder_public','1');
INSERT INTO `glpi_profilerights` VALUES ('44','1','rssfeed_public','1');
INSERT INTO `glpi_profilerights` VALUES ('45','1','bookmark_public','0');
INSERT INTO `glpi_profilerights` VALUES ('46','1','backup','0');
INSERT INTO `glpi_profilerights` VALUES ('47','1','ticket','5');
INSERT INTO `glpi_profilerights` VALUES ('51','1','followup','5');
INSERT INTO `glpi_profilerights` VALUES ('52','1','task','1');
INSERT INTO `glpi_profilerights` VALUES ('64','1','planning','0');
INSERT INTO `glpi_profilerights` VALUES ('716','2','state','0');
INSERT INTO `glpi_profilerights` VALUES ('709','2','taskcategory','0');
INSERT INTO `glpi_profilerights` VALUES ('67','1','statistic','0');
INSERT INTO `glpi_profilerights` VALUES ('68','1','password_update','1');
INSERT INTO `glpi_profilerights` VALUES ('70','1','show_group_hardware','0');
INSERT INTO `glpi_profilerights` VALUES ('71','1','rule_dictionnary_software','0');
INSERT INTO `glpi_profilerights` VALUES ('72','1','rule_dictionnary_dropdown','0');
INSERT INTO `glpi_profilerights` VALUES ('73','1','budget','0');
INSERT INTO `glpi_profilerights` VALUES ('75','1','notification','0');
INSERT INTO `glpi_profilerights` VALUES ('76','1','rule_mailcollector','0');
INSERT INTO `glpi_profilerights` VALUES ('728','7','solutiontemplate','31');
INSERT INTO `glpi_profilerights` VALUES ('79','1','calendar','0');
INSERT INTO `glpi_profilerights` VALUES ('80','1','sla','0');
INSERT INTO `glpi_profilerights` VALUES ('81','1','rule_dictionnary_printer','0');
INSERT INTO `glpi_profilerights` VALUES ('85','1','problem','0');
INSERT INTO `glpi_profilerights` VALUES ('702','2','netpoint','0');
INSERT INTO `glpi_profilerights` VALUES ('697','4','knowbasecategory','31');
INSERT INTO `glpi_profilerights` VALUES ('691','5','itilcategory','0');
INSERT INTO `glpi_profilerights` VALUES ('89','1','tickettemplate','0');
INSERT INTO `glpi_profilerights` VALUES ('90','1','ticketrecurrent','0');
INSERT INTO `glpi_profilerights` VALUES ('91','1','ticketcost','1');
INSERT INTO `glpi_profilerights` VALUES ('671','6','changevalidation','20');
INSERT INTO `glpi_profilerights` VALUES ('94','1','ticketvalidation','0');
INSERT INTO `glpi_profilerights` VALUES ('95','2','computer','33');
INSERT INTO `glpi_profilerights` VALUES ('96','2','monitor','33');
INSERT INTO `glpi_profilerights` VALUES ('97','2','software','33');
INSERT INTO `glpi_profilerights` VALUES ('98','2','networking','33');
INSERT INTO `glpi_profilerights` VALUES ('99','2','internet','1');
INSERT INTO `glpi_profilerights` VALUES ('100','2','printer','33');
INSERT INTO `glpi_profilerights` VALUES ('101','2','peripheral','33');
INSERT INTO `glpi_profilerights` VALUES ('102','2','cartridge','33');
INSERT INTO `glpi_profilerights` VALUES ('103','2','consumable','33');
INSERT INTO `glpi_profilerights` VALUES ('104','2','phone','33');
INSERT INTO `glpi_profilerights` VALUES ('733','5','queuedmail','0');
INSERT INTO `glpi_profilerights` VALUES ('106','2','contact_enterprise','33');
INSERT INTO `glpi_profilerights` VALUES ('107','2','document','33');
INSERT INTO `glpi_profilerights` VALUES ('108','2','contract','33');
INSERT INTO `glpi_profilerights` VALUES ('109','2','infocom','1');
INSERT INTO `glpi_profilerights` VALUES ('110','2','knowbase','2049');
INSERT INTO `glpi_profilerights` VALUES ('114','2','reservation','1025');
INSERT INTO `glpi_profilerights` VALUES ('115','2','reports','1');
INSERT INTO `glpi_profilerights` VALUES ('116','2','dropdown','0');
INSERT INTO `glpi_profilerights` VALUES ('118','2','device','0');
INSERT INTO `glpi_profilerights` VALUES ('119','2','typedoc','1');
INSERT INTO `glpi_profilerights` VALUES ('120','2','link','1');
INSERT INTO `glpi_profilerights` VALUES ('121','2','config','0');
INSERT INTO `glpi_profilerights` VALUES ('123','2','rule_ticket','0');
INSERT INTO `glpi_profilerights` VALUES ('124','2','rule_import','0');
INSERT INTO `glpi_profilerights` VALUES ('125','2','rule_ldap','0');
INSERT INTO `glpi_profilerights` VALUES ('126','2','rule_softwarecategories','0');
INSERT INTO `glpi_profilerights` VALUES ('127','2','search_config','1055');
INSERT INTO `glpi_profilerights` VALUES ('683','4','location','31');
INSERT INTO `glpi_profilerights` VALUES ('678','6','domain','0');
INSERT INTO `glpi_profilerights` VALUES ('130','2','profile','0');
INSERT INTO `glpi_profilerights` VALUES ('131','2','user','2049');
INSERT INTO `glpi_profilerights` VALUES ('133','2','group','1');
INSERT INTO `glpi_profilerights` VALUES ('134','2','entity','32');
INSERT INTO `glpi_profilerights` VALUES ('135','2','transfer','0');
INSERT INTO `glpi_profilerights` VALUES ('136','2','logs','0');
INSERT INTO `glpi_profilerights` VALUES ('137','2','reminder_public','0');
INSERT INTO `glpi_profilerights` VALUES ('138','2','rssfeed_public','0');
INSERT INTO `glpi_profilerights` VALUES ('139','2','bookmark_public','0');
INSERT INTO `glpi_profilerights` VALUES ('140','2','backup','1024');
INSERT INTO `glpi_profilerights` VALUES ('141','2','ticket','37917');
INSERT INTO `glpi_profilerights` VALUES ('145','2','followup','5');
INSERT INTO `glpi_profilerights` VALUES ('146','2','task','1');
INSERT INTO `glpi_profilerights` VALUES ('748','6','projecttask','1025');
INSERT INTO `glpi_profilerights` VALUES ('749','7','projecttask','1025');
INSERT INTO `glpi_profilerights` VALUES ('158','2','planning','1');
INSERT INTO `glpi_profilerights` VALUES ('715','1','state','0');
INSERT INTO `glpi_profilerights` VALUES ('708','1','taskcategory','0');
INSERT INTO `glpi_profilerights` VALUES ('161','2','statistic','1');
INSERT INTO `glpi_profilerights` VALUES ('162','2','password_update','1');
INSERT INTO `glpi_profilerights` VALUES ('164','2','show_group_hardware','0');
INSERT INTO `glpi_profilerights` VALUES ('165','2','rule_dictionnary_software','0');
INSERT INTO `glpi_profilerights` VALUES ('166','2','rule_dictionnary_dropdown','0');
INSERT INTO `glpi_profilerights` VALUES ('167','2','budget','33');
INSERT INTO `glpi_profilerights` VALUES ('169','2','notification','0');
INSERT INTO `glpi_profilerights` VALUES ('170','2','rule_mailcollector','0');
INSERT INTO `glpi_profilerights` VALUES ('726','5','solutiontemplate','0');
INSERT INTO `glpi_profilerights` VALUES ('727','6','solutiontemplate','0');
INSERT INTO `glpi_profilerights` VALUES ('173','2','calendar','0');
INSERT INTO `glpi_profilerights` VALUES ('174','2','sla','0');
INSERT INTO `glpi_profilerights` VALUES ('175','2','rule_dictionnary_printer','0');
INSERT INTO `glpi_profilerights` VALUES ('179','2','problem','1057');
INSERT INTO `glpi_profilerights` VALUES ('701','1','netpoint','0');
INSERT INTO `glpi_profilerights` VALUES ('696','3','knowbasecategory','31');
INSERT INTO `glpi_profilerights` VALUES ('690','4','itilcategory','31');
INSERT INTO `glpi_profilerights` VALUES ('183','2','tickettemplate','0');
INSERT INTO `glpi_profilerights` VALUES ('184','2','ticketrecurrent','0');
INSERT INTO `glpi_profilerights` VALUES ('185','2','ticketcost','1');
INSERT INTO `glpi_profilerights` VALUES ('669','4','changevalidation','1044');
INSERT INTO `glpi_profilerights` VALUES ('670','5','changevalidation','20');
INSERT INTO `glpi_profilerights` VALUES ('188','2','ticketvalidation','15384');
INSERT INTO `glpi_profilerights` VALUES ('189','3','computer','127');
INSERT INTO `glpi_profilerights` VALUES ('190','3','monitor','127');
INSERT INTO `glpi_profilerights` VALUES ('191','3','software','127');
INSERT INTO `glpi_profilerights` VALUES ('192','3','networking','127');
INSERT INTO `glpi_profilerights` VALUES ('193','3','internet','31');
INSERT INTO `glpi_profilerights` VALUES ('194','3','printer','127');
INSERT INTO `glpi_profilerights` VALUES ('195','3','peripheral','127');
INSERT INTO `glpi_profilerights` VALUES ('196','3','cartridge','127');
INSERT INTO `glpi_profilerights` VALUES ('197','3','consumable','127');
INSERT INTO `glpi_profilerights` VALUES ('198','3','phone','127');
INSERT INTO `glpi_profilerights` VALUES ('732','4','queuedmail','31');
INSERT INTO `glpi_profilerights` VALUES ('200','3','contact_enterprise','127');
INSERT INTO `glpi_profilerights` VALUES ('201','3','document','127');
INSERT INTO `glpi_profilerights` VALUES ('202','3','contract','127');
INSERT INTO `glpi_profilerights` VALUES ('203','3','infocom','31');
INSERT INTO `glpi_profilerights` VALUES ('204','3','knowbase','6175');
INSERT INTO `glpi_profilerights` VALUES ('208','3','reservation','1055');
INSERT INTO `glpi_profilerights` VALUES ('209','3','reports','1');
INSERT INTO `glpi_profilerights` VALUES ('210','3','dropdown','31');
INSERT INTO `glpi_profilerights` VALUES ('212','3','device','31');
INSERT INTO `glpi_profilerights` VALUES ('213','3','typedoc','31');
INSERT INTO `glpi_profilerights` VALUES ('214','3','link','31');
INSERT INTO `glpi_profilerights` VALUES ('215','3','config','0');
INSERT INTO `glpi_profilerights` VALUES ('217','3','rule_ticket','0');
INSERT INTO `glpi_profilerights` VALUES ('218','3','rule_import','0');
INSERT INTO `glpi_profilerights` VALUES ('219','3','rule_ldap','0');
INSERT INTO `glpi_profilerights` VALUES ('220','3','rule_softwarecategories','0');
INSERT INTO `glpi_profilerights` VALUES ('221','3','search_config','3103');
INSERT INTO `glpi_profilerights` VALUES ('682','3','location','31');
INSERT INTO `glpi_profilerights` VALUES ('677','5','domain','0');
INSERT INTO `glpi_profilerights` VALUES ('224','3','profile','1');
INSERT INTO `glpi_profilerights` VALUES ('225','3','user','7199');
INSERT INTO `glpi_profilerights` VALUES ('227','3','group','31');
INSERT INTO `glpi_profilerights` VALUES ('228','3','entity','96');
INSERT INTO `glpi_profilerights` VALUES ('229','3','transfer','0');
INSERT INTO `glpi_profilerights` VALUES ('230','3','logs','0');
INSERT INTO `glpi_profilerights` VALUES ('231','3','reminder_public','0');
INSERT INTO `glpi_profilerights` VALUES ('232','3','rssfeed_public','0');
INSERT INTO `glpi_profilerights` VALUES ('233','3','bookmark_public','0');
INSERT INTO `glpi_profilerights` VALUES ('234','3','backup','1024');
INSERT INTO `glpi_profilerights` VALUES ('235','3','ticket','128031');
INSERT INTO `glpi_profilerights` VALUES ('239','3','followup','15383');
INSERT INTO `glpi_profilerights` VALUES ('240','3','task','13329');
INSERT INTO `glpi_profilerights` VALUES ('745','3','projecttask','1025');
INSERT INTO `glpi_profilerights` VALUES ('746','4','projecttask','1025');
INSERT INTO `glpi_profilerights` VALUES ('747','5','projecttask','0');
INSERT INTO `glpi_profilerights` VALUES ('252','3','planning','3073');
INSERT INTO `glpi_profilerights` VALUES ('714','7','taskcategory','31');
INSERT INTO `glpi_profilerights` VALUES ('707','7','netpoint','31');
INSERT INTO `glpi_profilerights` VALUES ('255','3','statistic','1');
INSERT INTO `glpi_profilerights` VALUES ('256','3','password_update','1');
INSERT INTO `glpi_profilerights` VALUES ('258','3','show_group_hardware','0');
INSERT INTO `glpi_profilerights` VALUES ('259','3','rule_dictionnary_software','0');
INSERT INTO `glpi_profilerights` VALUES ('260','3','rule_dictionnary_dropdown','0');
INSERT INTO `glpi_profilerights` VALUES ('261','3','budget','127');
INSERT INTO `glpi_profilerights` VALUES ('263','3','notification','0');
INSERT INTO `glpi_profilerights` VALUES ('264','3','rule_mailcollector','0');
INSERT INTO `glpi_profilerights` VALUES ('724','3','solutiontemplate','31');
INSERT INTO `glpi_profilerights` VALUES ('725','4','solutiontemplate','31');
INSERT INTO `glpi_profilerights` VALUES ('267','3','calendar','31');
INSERT INTO `glpi_profilerights` VALUES ('268','3','sla','0');
INSERT INTO `glpi_profilerights` VALUES ('269','3','rule_dictionnary_printer','0');
INSERT INTO `glpi_profilerights` VALUES ('273','3','problem','1151');
INSERT INTO `glpi_profilerights` VALUES ('695','2','knowbasecategory','0');
INSERT INTO `glpi_profilerights` VALUES ('689','3','itilcategory','31');
INSERT INTO `glpi_profilerights` VALUES ('277','3','tickettemplate','0');
INSERT INTO `glpi_profilerights` VALUES ('278','3','ticketrecurrent','0');
INSERT INTO `glpi_profilerights` VALUES ('279','3','ticketcost','31');
INSERT INTO `glpi_profilerights` VALUES ('667','2','changevalidation','1044');
INSERT INTO `glpi_profilerights` VALUES ('668','3','changevalidation','1044');
INSERT INTO `glpi_profilerights` VALUES ('282','3','ticketvalidation','15384');
INSERT INTO `glpi_profilerights` VALUES ('283','4','computer','127');
INSERT INTO `glpi_profilerights` VALUES ('284','4','monitor','127');
INSERT INTO `glpi_profilerights` VALUES ('285','4','software','127');
INSERT INTO `glpi_profilerights` VALUES ('286','4','networking','127');
INSERT INTO `glpi_profilerights` VALUES ('287','4','internet','31');
INSERT INTO `glpi_profilerights` VALUES ('288','4','printer','127');
INSERT INTO `glpi_profilerights` VALUES ('289','4','peripheral','127');
INSERT INTO `glpi_profilerights` VALUES ('290','4','cartridge','127');
INSERT INTO `glpi_profilerights` VALUES ('291','4','consumable','127');
INSERT INTO `glpi_profilerights` VALUES ('292','4','phone','127');
INSERT INTO `glpi_profilerights` VALUES ('294','4','contact_enterprise','127');
INSERT INTO `glpi_profilerights` VALUES ('295','4','document','127');
INSERT INTO `glpi_profilerights` VALUES ('296','4','contract','127');
INSERT INTO `glpi_profilerights` VALUES ('297','4','infocom','31');
INSERT INTO `glpi_profilerights` VALUES ('298','4','knowbase','7199');
INSERT INTO `glpi_profilerights` VALUES ('302','4','reservation','1055');
INSERT INTO `glpi_profilerights` VALUES ('303','4','reports','1');
INSERT INTO `glpi_profilerights` VALUES ('304','4','dropdown','31');
INSERT INTO `glpi_profilerights` VALUES ('306','4','device','31');
INSERT INTO `glpi_profilerights` VALUES ('307','4','typedoc','31');
INSERT INTO `glpi_profilerights` VALUES ('308','4','link','31');
INSERT INTO `glpi_profilerights` VALUES ('309','4','config','31');
INSERT INTO `glpi_profilerights` VALUES ('311','4','rule_ticket','1055');
INSERT INTO `glpi_profilerights` VALUES ('312','4','rule_import','31');
INSERT INTO `glpi_profilerights` VALUES ('313','4','rule_ldap','31');
INSERT INTO `glpi_profilerights` VALUES ('314','4','rule_softwarecategories','31');
INSERT INTO `glpi_profilerights` VALUES ('315','4','search_config','3103');
INSERT INTO `glpi_profilerights` VALUES ('681','2','location','0');
INSERT INTO `glpi_profilerights` VALUES ('676','4','domain','31');
INSERT INTO `glpi_profilerights` VALUES ('318','4','profile','31');
INSERT INTO `glpi_profilerights` VALUES ('319','4','user','7199');
INSERT INTO `glpi_profilerights` VALUES ('321','4','group','31');
INSERT INTO `glpi_profilerights` VALUES ('322','4','entity','3199');
INSERT INTO `glpi_profilerights` VALUES ('323','4','transfer','31');
INSERT INTO `glpi_profilerights` VALUES ('324','4','logs','1');
INSERT INTO `glpi_profilerights` VALUES ('325','4','reminder_public','31');
INSERT INTO `glpi_profilerights` VALUES ('326','4','rssfeed_public','31');
INSERT INTO `glpi_profilerights` VALUES ('327','4','bookmark_public','31');
INSERT INTO `glpi_profilerights` VALUES ('328','4','backup','1055');
INSERT INTO `glpi_profilerights` VALUES ('329','4','ticket','128031');
INSERT INTO `glpi_profilerights` VALUES ('333','4','followup','15383');
INSERT INTO `glpi_profilerights` VALUES ('334','4','task','13329');
INSERT INTO `glpi_profilerights` VALUES ('742','7','project','1151');
INSERT INTO `glpi_profilerights` VALUES ('743','1','projecttask','0');
INSERT INTO `glpi_profilerights` VALUES ('744','2','projecttask','1025');
INSERT INTO `glpi_profilerights` VALUES ('346','4','planning','3073');
INSERT INTO `glpi_profilerights` VALUES ('713','6','taskcategory','0');
INSERT INTO `glpi_profilerights` VALUES ('706','6','netpoint','0');
INSERT INTO `glpi_profilerights` VALUES ('349','4','statistic','1');
INSERT INTO `glpi_profilerights` VALUES ('350','4','password_update','1');
INSERT INTO `glpi_profilerights` VALUES ('352','4','show_group_hardware','0');
INSERT INTO `glpi_profilerights` VALUES ('353','4','rule_dictionnary_software','31');
INSERT INTO `glpi_profilerights` VALUES ('354','4','rule_dictionnary_dropdown','31');
INSERT INTO `glpi_profilerights` VALUES ('355','4','budget','127');
INSERT INTO `glpi_profilerights` VALUES ('357','4','notification','31');
INSERT INTO `glpi_profilerights` VALUES ('358','4','rule_mailcollector','31');
INSERT INTO `glpi_profilerights` VALUES ('722','1','solutiontemplate','0');
INSERT INTO `glpi_profilerights` VALUES ('723','2','solutiontemplate','0');
INSERT INTO `glpi_profilerights` VALUES ('361','4','calendar','31');
INSERT INTO `glpi_profilerights` VALUES ('362','4','sla','31');
INSERT INTO `glpi_profilerights` VALUES ('363','4','rule_dictionnary_printer','31');
INSERT INTO `glpi_profilerights` VALUES ('367','4','problem','1151');
INSERT INTO `glpi_profilerights` VALUES ('694','1','knowbasecategory','0');
INSERT INTO `glpi_profilerights` VALUES ('688','2','itilcategory','0');
INSERT INTO `glpi_profilerights` VALUES ('371','4','tickettemplate','31');
INSERT INTO `glpi_profilerights` VALUES ('372','4','ticketrecurrent','31');
INSERT INTO `glpi_profilerights` VALUES ('373','4','ticketcost','31');
INSERT INTO `glpi_profilerights` VALUES ('665','7','change','1151');
INSERT INTO `glpi_profilerights` VALUES ('666','1','changevalidation','0');
INSERT INTO `glpi_profilerights` VALUES ('376','4','ticketvalidation','15384');
INSERT INTO `glpi_profilerights` VALUES ('377','5','computer','0');
INSERT INTO `glpi_profilerights` VALUES ('378','5','monitor','0');
INSERT INTO `glpi_profilerights` VALUES ('379','5','software','0');
INSERT INTO `glpi_profilerights` VALUES ('380','5','networking','0');
INSERT INTO `glpi_profilerights` VALUES ('381','5','internet','0');
INSERT INTO `glpi_profilerights` VALUES ('382','5','printer','0');
INSERT INTO `glpi_profilerights` VALUES ('383','5','peripheral','0');
INSERT INTO `glpi_profilerights` VALUES ('384','5','cartridge','0');
INSERT INTO `glpi_profilerights` VALUES ('385','5','consumable','0');
INSERT INTO `glpi_profilerights` VALUES ('386','5','phone','0');
INSERT INTO `glpi_profilerights` VALUES ('731','3','queuedmail','0');
INSERT INTO `glpi_profilerights` VALUES ('388','5','contact_enterprise','0');
INSERT INTO `glpi_profilerights` VALUES ('389','5','document','0');
INSERT INTO `glpi_profilerights` VALUES ('390','5','contract','0');
INSERT INTO `glpi_profilerights` VALUES ('391','5','infocom','0');
INSERT INTO `glpi_profilerights` VALUES ('392','5','knowbase','0');
INSERT INTO `glpi_profilerights` VALUES ('396','5','reservation','0');
INSERT INTO `glpi_profilerights` VALUES ('397','5','reports','0');
INSERT INTO `glpi_profilerights` VALUES ('398','5','dropdown','0');
INSERT INTO `glpi_profilerights` VALUES ('400','5','device','0');
INSERT INTO `glpi_profilerights` VALUES ('401','5','typedoc','0');
INSERT INTO `glpi_profilerights` VALUES ('402','5','link','0');
INSERT INTO `glpi_profilerights` VALUES ('403','5','config','0');
INSERT INTO `glpi_profilerights` VALUES ('405','5','rule_ticket','0');
INSERT INTO `glpi_profilerights` VALUES ('406','5','rule_import','0');
INSERT INTO `glpi_profilerights` VALUES ('407','5','rule_ldap','0');
INSERT INTO `glpi_profilerights` VALUES ('408','5','rule_softwarecategories','0');
INSERT INTO `glpi_profilerights` VALUES ('409','5','search_config','0');
INSERT INTO `glpi_profilerights` VALUES ('680','1','location','0');
INSERT INTO `glpi_profilerights` VALUES ('675','3','domain','31');
INSERT INTO `glpi_profilerights` VALUES ('412','5','profile','0');
INSERT INTO `glpi_profilerights` VALUES ('413','5','user','1025');
INSERT INTO `glpi_profilerights` VALUES ('415','5','group','0');
INSERT INTO `glpi_profilerights` VALUES ('416','5','entity','0');
INSERT INTO `glpi_profilerights` VALUES ('417','5','transfer','0');
INSERT INTO `glpi_profilerights` VALUES ('418','5','logs','0');
INSERT INTO `glpi_profilerights` VALUES ('419','5','reminder_public','0');
INSERT INTO `glpi_profilerights` VALUES ('420','5','rssfeed_public','0');
INSERT INTO `glpi_profilerights` VALUES ('421','5','bookmark_public','0');
INSERT INTO `glpi_profilerights` VALUES ('422','5','backup','0');
INSERT INTO `glpi_profilerights` VALUES ('423','5','ticket','9223');
INSERT INTO `glpi_profilerights` VALUES ('427','5','followup','12295');
INSERT INTO `glpi_profilerights` VALUES ('428','5','task','8193');
INSERT INTO `glpi_profilerights` VALUES ('739','4','project','1151');
INSERT INTO `glpi_profilerights` VALUES ('740','5','project','1150');
INSERT INTO `glpi_profilerights` VALUES ('741','6','project','1151');
INSERT INTO `glpi_profilerights` VALUES ('440','5','planning','1');
INSERT INTO `glpi_profilerights` VALUES ('712','5','taskcategory','0');
INSERT INTO `glpi_profilerights` VALUES ('705','5','netpoint','0');
INSERT INTO `glpi_profilerights` VALUES ('443','5','statistic','1');
INSERT INTO `glpi_profilerights` VALUES ('444','5','password_update','1');
INSERT INTO `glpi_profilerights` VALUES ('446','5','show_group_hardware','0');
INSERT INTO `glpi_profilerights` VALUES ('447','5','rule_dictionnary_software','0');
INSERT INTO `glpi_profilerights` VALUES ('448','5','rule_dictionnary_dropdown','0');
INSERT INTO `glpi_profilerights` VALUES ('449','5','budget','0');
INSERT INTO `glpi_profilerights` VALUES ('451','5','notification','0');
INSERT INTO `glpi_profilerights` VALUES ('452','5','rule_mailcollector','0');
INSERT INTO `glpi_profilerights` VALUES ('720','6','state','0');
INSERT INTO `glpi_profilerights` VALUES ('721','7','state','31');
INSERT INTO `glpi_profilerights` VALUES ('455','5','calendar','0');
INSERT INTO `glpi_profilerights` VALUES ('456','5','sla','0');
INSERT INTO `glpi_profilerights` VALUES ('457','5','rule_dictionnary_printer','0');
INSERT INTO `glpi_profilerights` VALUES ('461','5','problem','1024');
INSERT INTO `glpi_profilerights` VALUES ('700','7','knowbasecategory','31');
INSERT INTO `glpi_profilerights` VALUES ('687','1','itilcategory','0');
INSERT INTO `glpi_profilerights` VALUES ('465','5','tickettemplate','1');
INSERT INTO `glpi_profilerights` VALUES ('466','5','ticketrecurrent','0');
INSERT INTO `glpi_profilerights` VALUES ('467','5','ticketcost','31');
INSERT INTO `glpi_profilerights` VALUES ('663','5','change','1054');
INSERT INTO `glpi_profilerights` VALUES ('664','6','change','1151');
INSERT INTO `glpi_profilerights` VALUES ('470','5','ticketvalidation','3088');
INSERT INTO `glpi_profilerights` VALUES ('471','6','computer','127');
INSERT INTO `glpi_profilerights` VALUES ('472','6','monitor','127');
INSERT INTO `glpi_profilerights` VALUES ('473','6','software','127');
INSERT INTO `glpi_profilerights` VALUES ('474','6','networking','127');
INSERT INTO `glpi_profilerights` VALUES ('475','6','internet','31');
INSERT INTO `glpi_profilerights` VALUES ('476','6','printer','127');
INSERT INTO `glpi_profilerights` VALUES ('477','6','peripheral','127');
INSERT INTO `glpi_profilerights` VALUES ('478','6','cartridge','127');
INSERT INTO `glpi_profilerights` VALUES ('479','6','consumable','127');
INSERT INTO `glpi_profilerights` VALUES ('480','6','phone','127');
INSERT INTO `glpi_profilerights` VALUES ('730','2','queuedmail','0');
INSERT INTO `glpi_profilerights` VALUES ('482','6','contact_enterprise','96');
INSERT INTO `glpi_profilerights` VALUES ('483','6','document','127');
INSERT INTO `glpi_profilerights` VALUES ('484','6','contract','96');
INSERT INTO `glpi_profilerights` VALUES ('485','6','infocom','0');
INSERT INTO `glpi_profilerights` VALUES ('486','6','knowbase','7191');
INSERT INTO `glpi_profilerights` VALUES ('490','6','reservation','1055');
INSERT INTO `glpi_profilerights` VALUES ('491','6','reports','1');
INSERT INTO `glpi_profilerights` VALUES ('492','6','dropdown','0');
INSERT INTO `glpi_profilerights` VALUES ('494','6','device','0');
INSERT INTO `glpi_profilerights` VALUES ('495','6','typedoc','0');
INSERT INTO `glpi_profilerights` VALUES ('496','6','link','0');
INSERT INTO `glpi_profilerights` VALUES ('497','6','config','0');
INSERT INTO `glpi_profilerights` VALUES ('499','6','rule_ticket','0');
INSERT INTO `glpi_profilerights` VALUES ('500','6','rule_import','0');
INSERT INTO `glpi_profilerights` VALUES ('501','6','rule_ldap','0');
INSERT INTO `glpi_profilerights` VALUES ('502','6','rule_softwarecategories','0');
INSERT INTO `glpi_profilerights` VALUES ('503','6','search_config','0');
INSERT INTO `glpi_profilerights` VALUES ('674','2','domain','0');
INSERT INTO `glpi_profilerights` VALUES ('506','6','profile','0');
INSERT INTO `glpi_profilerights` VALUES ('507','6','user','1055');
INSERT INTO `glpi_profilerights` VALUES ('509','6','group','1');
INSERT INTO `glpi_profilerights` VALUES ('510','6','entity','97');
INSERT INTO `glpi_profilerights` VALUES ('511','6','transfer','1');
INSERT INTO `glpi_profilerights` VALUES ('512','6','logs','0');
INSERT INTO `glpi_profilerights` VALUES ('513','6','reminder_public','23');
INSERT INTO `glpi_profilerights` VALUES ('514','6','rssfeed_public','23');
INSERT INTO `glpi_profilerights` VALUES ('515','6','bookmark_public','0');
INSERT INTO `glpi_profilerights` VALUES ('516','6','backup','0');
INSERT INTO `glpi_profilerights` VALUES ('517','6','ticket','37895');
INSERT INTO `glpi_profilerights` VALUES ('521','6','followup','13319');
INSERT INTO `glpi_profilerights` VALUES ('522','6','task','13329');
INSERT INTO `glpi_profilerights` VALUES ('736','1','project','0');
INSERT INTO `glpi_profilerights` VALUES ('737','2','project','1025');
INSERT INTO `glpi_profilerights` VALUES ('738','3','project','1151');
INSERT INTO `glpi_profilerights` VALUES ('534','6','planning','1');
INSERT INTO `glpi_profilerights` VALUES ('711','4','taskcategory','31');
INSERT INTO `glpi_profilerights` VALUES ('704','4','netpoint','31');
INSERT INTO `glpi_profilerights` VALUES ('537','6','statistic','1');
INSERT INTO `glpi_profilerights` VALUES ('538','6','password_update','1');
INSERT INTO `glpi_profilerights` VALUES ('540','6','show_group_hardware','0');
INSERT INTO `glpi_profilerights` VALUES ('541','6','rule_dictionnary_software','7');
INSERT INTO `glpi_profilerights` VALUES ('542','6','rule_dictionnary_dropdown','7');
INSERT INTO `glpi_profilerights` VALUES ('543','6','budget','96');
INSERT INTO `glpi_profilerights` VALUES ('545','6','notification','0');
INSERT INTO `glpi_profilerights` VALUES ('546','6','rule_mailcollector','0');
INSERT INTO `glpi_profilerights` VALUES ('718','4','state','31');
INSERT INTO `glpi_profilerights` VALUES ('719','5','state','0');
INSERT INTO `glpi_profilerights` VALUES ('549','6','calendar','0');
INSERT INTO `glpi_profilerights` VALUES ('550','6','sla','1');
INSERT INTO `glpi_profilerights` VALUES ('551','6','rule_dictionnary_printer','7');
INSERT INTO `glpi_profilerights` VALUES ('555','6','problem','1121');
INSERT INTO `glpi_profilerights` VALUES ('699','6','knowbasecategory','0');
INSERT INTO `glpi_profilerights` VALUES ('693','7','itilcategory','31');
INSERT INTO `glpi_profilerights` VALUES ('686','7','location','31');
INSERT INTO `glpi_profilerights` VALUES ('559','6','tickettemplate','1');
INSERT INTO `glpi_profilerights` VALUES ('560','6','ticketrecurrent','1');
INSERT INTO `glpi_profilerights` VALUES ('561','6','ticketcost','31');
INSERT INTO `glpi_profilerights` VALUES ('661','3','change','1151');
INSERT INTO `glpi_profilerights` VALUES ('662','4','change','1151');
INSERT INTO `glpi_profilerights` VALUES ('564','6','ticketvalidation','3088');
INSERT INTO `glpi_profilerights` VALUES ('565','7','computer','127');
INSERT INTO `glpi_profilerights` VALUES ('566','7','monitor','127');
INSERT INTO `glpi_profilerights` VALUES ('567','7','software','127');
INSERT INTO `glpi_profilerights` VALUES ('568','7','networking','127');
INSERT INTO `glpi_profilerights` VALUES ('569','7','internet','31');
INSERT INTO `glpi_profilerights` VALUES ('570','7','printer','127');
INSERT INTO `glpi_profilerights` VALUES ('571','7','peripheral','127');
INSERT INTO `glpi_profilerights` VALUES ('572','7','cartridge','127');
INSERT INTO `glpi_profilerights` VALUES ('573','7','consumable','127');
INSERT INTO `glpi_profilerights` VALUES ('574','7','phone','127');
INSERT INTO `glpi_profilerights` VALUES ('729','1','queuedmail','0');
INSERT INTO `glpi_profilerights` VALUES ('576','7','contact_enterprise','96');
INSERT INTO `glpi_profilerights` VALUES ('577','7','document','127');
INSERT INTO `glpi_profilerights` VALUES ('578','7','contract','96');
INSERT INTO `glpi_profilerights` VALUES ('579','7','infocom','0');
INSERT INTO `glpi_profilerights` VALUES ('580','7','knowbase','6175');
INSERT INTO `glpi_profilerights` VALUES ('584','7','reservation','1055');
INSERT INTO `glpi_profilerights` VALUES ('585','7','reports','1');
INSERT INTO `glpi_profilerights` VALUES ('586','7','dropdown','0');
INSERT INTO `glpi_profilerights` VALUES ('588','7','device','0');
INSERT INTO `glpi_profilerights` VALUES ('589','7','typedoc','0');
INSERT INTO `glpi_profilerights` VALUES ('590','7','link','0');
INSERT INTO `glpi_profilerights` VALUES ('591','7','config','0');
INSERT INTO `glpi_profilerights` VALUES ('593','7','rule_ticket','1055');
INSERT INTO `glpi_profilerights` VALUES ('594','7','rule_import','0');
INSERT INTO `glpi_profilerights` VALUES ('595','7','rule_ldap','0');
INSERT INTO `glpi_profilerights` VALUES ('596','7','rule_softwarecategories','0');
INSERT INTO `glpi_profilerights` VALUES ('597','7','search_config','0');
INSERT INTO `glpi_profilerights` VALUES ('673','1','domain','0');
INSERT INTO `glpi_profilerights` VALUES ('600','7','profile','0');
INSERT INTO `glpi_profilerights` VALUES ('601','7','user','1055');
INSERT INTO `glpi_profilerights` VALUES ('603','7','group','1');
INSERT INTO `glpi_profilerights` VALUES ('604','7','entity','97');
INSERT INTO `glpi_profilerights` VALUES ('605','7','transfer','1');
INSERT INTO `glpi_profilerights` VALUES ('606','7','logs','1');
INSERT INTO `glpi_profilerights` VALUES ('607','7','reminder_public','31');
INSERT INTO `glpi_profilerights` VALUES ('608','7','rssfeed_public','31');
INSERT INTO `glpi_profilerights` VALUES ('609','7','bookmark_public','0');
INSERT INTO `glpi_profilerights` VALUES ('610','7','backup','0');
INSERT INTO `glpi_profilerights` VALUES ('611','7','ticket','128031');
INSERT INTO `glpi_profilerights` VALUES ('615','7','followup','13335');
INSERT INTO `glpi_profilerights` VALUES ('616','7','task','13329');
INSERT INTO `glpi_profilerights` VALUES ('735','7','queuedmail','0');
INSERT INTO `glpi_profilerights` VALUES ('628','7','planning','2049');
INSERT INTO `glpi_profilerights` VALUES ('710','3','taskcategory','31');
INSERT INTO `glpi_profilerights` VALUES ('703','3','netpoint','31');
INSERT INTO `glpi_profilerights` VALUES ('631','7','statistic','1');
INSERT INTO `glpi_profilerights` VALUES ('632','7','password_update','1');
INSERT INTO `glpi_profilerights` VALUES ('634','7','show_group_hardware','0');
INSERT INTO `glpi_profilerights` VALUES ('635','7','rule_dictionnary_software','0');
INSERT INTO `glpi_profilerights` VALUES ('636','7','rule_dictionnary_dropdown','0');
INSERT INTO `glpi_profilerights` VALUES ('637','7','budget','96');
INSERT INTO `glpi_profilerights` VALUES ('639','7','notification','0');
INSERT INTO `glpi_profilerights` VALUES ('640','7','rule_mailcollector','31');
INSERT INTO `glpi_profilerights` VALUES ('672','7','changevalidation','1044');
INSERT INTO `glpi_profilerights` VALUES ('717','3','state','31');
INSERT INTO `glpi_profilerights` VALUES ('643','7','calendar','31');
INSERT INTO `glpi_profilerights` VALUES ('644','7','sla','31');
INSERT INTO `glpi_profilerights` VALUES ('645','7','rule_dictionnary_printer','0');
INSERT INTO `glpi_profilerights` VALUES ('649','7','problem','1151');
INSERT INTO `glpi_profilerights` VALUES ('698','5','knowbasecategory','0');
INSERT INTO `glpi_profilerights` VALUES ('692','6','itilcategory','0');
INSERT INTO `glpi_profilerights` VALUES ('685','6','location','0');
INSERT INTO `glpi_profilerights` VALUES ('653','7','tickettemplate','31');
INSERT INTO `glpi_profilerights` VALUES ('654','7','ticketrecurrent','31');
INSERT INTO `glpi_profilerights` VALUES ('655','7','ticketcost','31');
INSERT INTO `glpi_profilerights` VALUES ('659','1','change','0');
INSERT INTO `glpi_profilerights` VALUES ('660','2','change','1057');
INSERT INTO `glpi_profilerights` VALUES ('658','7','ticketvalidation','15384');
INSERT INTO `glpi_profilerights` VALUES ('750','4','plugin_addressing','31');
INSERT INTO `glpi_profilerights` VALUES ('751','4','plugin_addressing_use_ping_in_equipment','1');
INSERT INTO `glpi_profilerights` VALUES ('752','3','plugin_addressing','0');
INSERT INTO `glpi_profilerights` VALUES ('753','3','plugin_addressing_use_ping_in_equipment','0');
INSERT INTO `glpi_profilerights` VALUES ('754','6','plugin_addressing','0');
INSERT INTO `glpi_profilerights` VALUES ('755','6','plugin_addressing_use_ping_in_equipment','0');

### Dump table glpi_profiles

CREATE TABLE `glpi_profiles` (
  `id` int(11) NOT NULL AUTO_INCREMENT,
  `name` varchar(255) COLLATE utf8_unicode_ci DEFAULT NULL,
  `interface` varchar(255) COLLATE utf8_unicode_ci DEFAULT 'helpdesk',
  `is_default` tinyint(1) NOT NULL DEFAULT '0',
  `helpdesk_hardware` int(11) NOT NULL DEFAULT '0',
  `helpdesk_item_type` text COLLATE utf8_unicode_ci,
  `ticket_status` text COLLATE utf8_unicode_ci COMMENT 'json encoded array of from/dest allowed status change',
  `date_mod` datetime DEFAULT NULL,
  `comment` text COLLATE utf8_unicode_ci,
  `problem_status` text COLLATE utf8_unicode_ci COMMENT 'json encoded array of from/dest allowed status change',
  `create_ticket_on_login` tinyint(1) NOT NULL DEFAULT '0',
  `tickettemplates_id` int(11) NOT NULL DEFAULT '0',
  `change_status` text COLLATE utf8_unicode_ci COMMENT 'json encoded array of from/dest allowed status change',
  PRIMARY KEY (`id`),
  KEY `interface` (`interface`),
  KEY `is_default` (`is_default`),
  KEY `date_mod` (`date_mod`)
) ENGINE=MyISAM  DEFAULT CHARSET=utf8 COLLATE=utf8_unicode_ci;

INSERT INTO `glpi_profiles` VALUES ('1','post-only','helpdesk','1','2','[\"Computer\"]','{\"1\":{\"2\":0,\"3\":0,\"4\":0,\"5\":0,\"6\":0},\"2\":{\"1\":0,\"3\":0,\"4\":0,\"5\":0,\"6\":0},\"3\":{\"1\":0,\"2\":0,\"4\":0,\"5\":0,\"6\":0},\"4\":{\"1\":0,\"2\":0,\"3\":0,\"5\":0,\"6\":0},\"5\":{\"1\":0,\"2\":0,\"3\":0,\"4\":0},\"6\":{\"1\":0,\"2\":0,\"3\":0,\"4\":0,\"5\":0}}','2021-09-15 09:50:42',NULL,'[]','1','0',NULL);
INSERT INTO `glpi_profiles` VALUES ('2','normal','central','0','1','[\"Computer\",\"Software\",\"Phone\"]','[]',NULL,NULL,'[]','0','0',NULL);
INSERT INTO `glpi_profiles` VALUES ('3','admin','central','0','3','[\"Computer\",\"NetworkEquipment\",\"Printer\",\"Monitor\",\"Peripheral\",\"Software\",\"Phone\"]','[]',NULL,NULL,'[]','0','0',NULL);
INSERT INTO `glpi_profiles` VALUES ('4','super-admin','central','0','3','[\"Computer\",\"Software\",\"Phone\"]','[]',NULL,NULL,'[]','0','0',NULL);
INSERT INTO `glpi_profiles` VALUES ('5','Hotliner','central','0','3','[\"Computer\", \"Monitor\", \"NetworkEquipment\",\"Peripheral\", \"Phone\", \"Printer\",\"Software\"]','[]',NULL,NULL,'[]','1','0',NULL);
INSERT INTO `glpi_profiles` VALUES ('6','Technician','central','0','3','[\"Computer\", \"Monitor\", \"NetworkEquipment\",\"Peripheral\", \"Phone\", \"Printer\",\"Software\"]','[]','2021-09-15 09:47:43',NULL,'[]','0','0',NULL);
INSERT INTO `glpi_profiles` VALUES ('7','Supervisor','central','0','3','[\"Computer\", \"Monitor\", \"NetworkEquipment\",\"Peripheral\", \"Phone\", \"Printer\",\"Software\"]','[]',NULL,NULL,'[]','0','0',NULL);

### Dump table glpi_profiles_reminders

CREATE TABLE `glpi_profiles_reminders` (
  `id` int(11) NOT NULL AUTO_INCREMENT,
  `reminders_id` int(11) NOT NULL DEFAULT '0',
  `profiles_id` int(11) NOT NULL DEFAULT '0',
  `entities_id` int(11) NOT NULL DEFAULT '-1',
  `is_recursive` tinyint(1) NOT NULL DEFAULT '0',
  PRIMARY KEY (`id`),
  KEY `reminders_id` (`reminders_id`),
  KEY `profiles_id` (`profiles_id`),
  KEY `entities_id` (`entities_id`),
  KEY `is_recursive` (`is_recursive`)
) ENGINE=MyISAM DEFAULT CHARSET=utf8 COLLATE=utf8_unicode_ci;


### Dump table glpi_profiles_rssfeeds

CREATE TABLE `glpi_profiles_rssfeeds` (
  `id` int(11) NOT NULL AUTO_INCREMENT,
  `rssfeeds_id` int(11) NOT NULL DEFAULT '0',
  `profiles_id` int(11) NOT NULL DEFAULT '0',
  `entities_id` int(11) NOT NULL DEFAULT '-1',
  `is_recursive` tinyint(1) NOT NULL DEFAULT '0',
  PRIMARY KEY (`id`),
  KEY `rssfeeds_id` (`rssfeeds_id`),
  KEY `profiles_id` (`profiles_id`),
  KEY `entities_id` (`entities_id`),
  KEY `is_recursive` (`is_recursive`)
) ENGINE=MyISAM DEFAULT CHARSET=utf8 COLLATE=utf8_unicode_ci;


### Dump table glpi_profiles_users

CREATE TABLE `glpi_profiles_users` (
  `id` int(11) NOT NULL AUTO_INCREMENT,
  `users_id` int(11) NOT NULL DEFAULT '0',
  `profiles_id` int(11) NOT NULL DEFAULT '0',
  `entities_id` int(11) NOT NULL DEFAULT '0',
  `is_recursive` tinyint(1) NOT NULL DEFAULT '1',
  `is_dynamic` tinyint(1) NOT NULL DEFAULT '0',
  PRIMARY KEY (`id`),
  KEY `entities_id` (`entities_id`),
  KEY `profiles_id` (`profiles_id`),
  KEY `users_id` (`users_id`),
  KEY `is_recursive` (`is_recursive`),
  KEY `is_dynamic` (`is_dynamic`)
) ENGINE=MyISAM  DEFAULT CHARSET=utf8 COLLATE=utf8_unicode_ci;

INSERT INTO `glpi_profiles_users` VALUES ('2','2','4','0','1','0');
INSERT INTO `glpi_profiles_users` VALUES ('3','49','1','0','1','0');
INSERT INTO `glpi_profiles_users` VALUES ('4','3','1','0','1','0');
INSERT INTO `glpi_profiles_users` VALUES ('6','70','1','0','1','0');
INSERT INTO `glpi_profiles_users` VALUES ('7','53','1','0','1','0');
INSERT INTO `glpi_profiles_users` VALUES ('8','8','1','0','1','0');
INSERT INTO `glpi_profiles_users` VALUES ('9','50','1','0','1','0');
INSERT INTO `glpi_profiles_users` VALUES ('10','9','3','0','1','0');
INSERT INTO `glpi_profiles_users` VALUES ('11','10','3','0','1','0');
INSERT INTO `glpi_profiles_users` VALUES ('12','11','3','0','1','0');
INSERT INTO `glpi_profiles_users` VALUES ('13','12','3','0','1','0');
INSERT INTO `glpi_profiles_users` VALUES ('14','13','3','0','1','0');
INSERT INTO `glpi_profiles_users` VALUES ('15','14','3','0','1','0');
INSERT INTO `glpi_profiles_users` VALUES ('16','15','3','0','1','0');
INSERT INTO `glpi_profiles_users` VALUES ('17','16','3','0','1','0');
INSERT INTO `glpi_profiles_users` VALUES ('18','17','3','0','1','0');
INSERT INTO `glpi_profiles_users` VALUES ('19','18','3','0','1','0');
INSERT INTO `glpi_profiles_users` VALUES ('20','19','1','0','1','0');
INSERT INTO `glpi_profiles_users` VALUES ('21','20','1','0','1','0');
INSERT INTO `glpi_profiles_users` VALUES ('22','21','1','0','1','0');
INSERT INTO `glpi_profiles_users` VALUES ('23','22','1','0','1','0');
INSERT INTO `glpi_profiles_users` VALUES ('24','23','1','0','1','0');
INSERT INTO `glpi_profiles_users` VALUES ('25','24','1','0','1','0');
INSERT INTO `glpi_profiles_users` VALUES ('26','25','1','0','1','0');
INSERT INTO `glpi_profiles_users` VALUES ('27','26','1','0','1','0');
INSERT INTO `glpi_profiles_users` VALUES ('28','27','1','0','1','0');
INSERT INTO `glpi_profiles_users` VALUES ('29','28','1','0','1','0');
INSERT INTO `glpi_profiles_users` VALUES ('30','29','1','0','1','0');
INSERT INTO `glpi_profiles_users` VALUES ('31','90','1','0','1','0');
INSERT INTO `glpi_profiles_users` VALUES ('32','30','1','0','1','0');
INSERT INTO `glpi_profiles_users` VALUES ('33','31','1','0','1','0');
INSERT INTO `glpi_profiles_users` VALUES ('34','51','1','0','1','0');
INSERT INTO `glpi_profiles_users` VALUES ('35','32','1','0','1','0');
INSERT INTO `glpi_profiles_users` VALUES ('36','33','1','0','1','0');
INSERT INTO `glpi_profiles_users` VALUES ('37','34','1','0','1','0');
INSERT INTO `glpi_profiles_users` VALUES ('38','35','1','0','1','0');
INSERT INTO `glpi_profiles_users` VALUES ('39','36','1','0','1','0');
INSERT INTO `glpi_profiles_users` VALUES ('40','37','1','0','1','0');
INSERT INTO `glpi_profiles_users` VALUES ('41','38','1','0','1','0');
INSERT INTO `glpi_profiles_users` VALUES ('42','39','1','0','1','0');
INSERT INTO `glpi_profiles_users` VALUES ('43','40','1','0','1','0');
INSERT INTO `glpi_profiles_users` VALUES ('44','48','1','0','1','0');
INSERT INTO `glpi_profiles_users` VALUES ('46','47','1','0','1','0');
INSERT INTO `glpi_profiles_users` VALUES ('47','54','1','0','1','0');
INSERT INTO `glpi_profiles_users` VALUES ('48','55','1','0','1','0');
INSERT INTO `glpi_profiles_users` VALUES ('49','56','1','0','1','0');
INSERT INTO `glpi_profiles_users` VALUES ('50','57','1','0','1','0');
INSERT INTO `glpi_profiles_users` VALUES ('51','58','1','0','1','0');
INSERT INTO `glpi_profiles_users` VALUES ('52','59','1','0','1','0');
INSERT INTO `glpi_profiles_users` VALUES ('53','60','4','0','1','0');
INSERT INTO `glpi_profiles_users` VALUES ('54','77','1','0','1','0');
INSERT INTO `glpi_profiles_users` VALUES ('55','61','3','0','1','0');
INSERT INTO `glpi_profiles_users` VALUES ('56','62','1','0','1','0');
INSERT INTO `glpi_profiles_users` VALUES ('57','63','1','0','1','0');
INSERT INTO `glpi_profiles_users` VALUES ('58','64','1','0','1','0');
INSERT INTO `glpi_profiles_users` VALUES ('59','65','1','0','1','0');
INSERT INTO `glpi_profiles_users` VALUES ('60','66','1','0','1','0');
INSERT INTO `glpi_profiles_users` VALUES ('61','67','1','0','1','0');
INSERT INTO `glpi_profiles_users` VALUES ('62','68','2','0','1','0');
INSERT INTO `glpi_profiles_users` VALUES ('63','69','1','0','1','0');
INSERT INTO `glpi_profiles_users` VALUES ('64','76','1','0','1','0');
INSERT INTO `glpi_profiles_users` VALUES ('65','71','1','0','1','0');
INSERT INTO `glpi_profiles_users` VALUES ('66','72','1','0','1','0');
INSERT INTO `glpi_profiles_users` VALUES ('67','73','1','0','1','0');
INSERT INTO `glpi_profiles_users` VALUES ('68','74','1','0','1','0');
INSERT INTO `glpi_profiles_users` VALUES ('69','75','1','0','1','0');
INSERT INTO `glpi_profiles_users` VALUES ('70','78','1','0','1','0');
INSERT INTO `glpi_profiles_users` VALUES ('71','79','1','0','1','0');
INSERT INTO `glpi_profiles_users` VALUES ('72','80','1','0','1','0');
INSERT INTO `glpi_profiles_users` VALUES ('73','81','1','0','1','0');
INSERT INTO `glpi_profiles_users` VALUES ('74','82','1','0','1','0');
INSERT INTO `glpi_profiles_users` VALUES ('75','83','1','0','1','0');
INSERT INTO `glpi_profiles_users` VALUES ('76','84','1','0','1','0');
INSERT INTO `glpi_profiles_users` VALUES ('77','85','1','0','1','0');
INSERT INTO `glpi_profiles_users` VALUES ('78','86','1','0','1','0');
INSERT INTO `glpi_profiles_users` VALUES ('79','87','1','0','1','0');
INSERT INTO `glpi_profiles_users` VALUES ('80','88','1','0','1','0');
INSERT INTO `glpi_profiles_users` VALUES ('81','89','1','0','1','0');
INSERT INTO `glpi_profiles_users` VALUES ('82','91','1','0','1','0');
INSERT INTO `glpi_profiles_users` VALUES ('83','92','1','0','1','0');
INSERT INTO `glpi_profiles_users` VALUES ('84','93','1','0','1','0');
INSERT INTO `glpi_profiles_users` VALUES ('85','94','1','0','1','0');
INSERT INTO `glpi_profiles_users` VALUES ('86','95','1','0','1','0');
INSERT INTO `glpi_profiles_users` VALUES ('87','96','1','0','1','0');
INSERT INTO `glpi_profiles_users` VALUES ('88','97','1','0','1','0');
INSERT INTO `glpi_profiles_users` VALUES ('89','98','1','0','1','0');
INSERT INTO `glpi_profiles_users` VALUES ('90','99','1','0','1','0');
INSERT INTO `glpi_profiles_users` VALUES ('91','100','1','0','1','0');
INSERT INTO `glpi_profiles_users` VALUES ('92','101','1','0','1','0');
INSERT INTO `glpi_profiles_users` VALUES ('93','102','1','0','1','0');
INSERT INTO `glpi_profiles_users` VALUES ('94','103','1','0','1','0');
INSERT INTO `glpi_profiles_users` VALUES ('95','104','1','0','1','0');
INSERT INTO `glpi_profiles_users` VALUES ('96','105','1','0','1','0');
INSERT INTO `glpi_profiles_users` VALUES ('97','106','1','0','1','0');
INSERT INTO `glpi_profiles_users` VALUES ('98','107','1','0','1','0');
INSERT INTO `glpi_profiles_users` VALUES ('99','108','1','0','1','0');
INSERT INTO `glpi_profiles_users` VALUES ('100','109','1','0','1','0');
INSERT INTO `glpi_profiles_users` VALUES ('101','110','1','0','1','0');
INSERT INTO `glpi_profiles_users` VALUES ('102','111','1','0','1','0');
INSERT INTO `glpi_profiles_users` VALUES ('103','112','1','0','1','0');
INSERT INTO `glpi_profiles_users` VALUES ('104','113','1','0','1','0');
INSERT INTO `glpi_profiles_users` VALUES ('105','114','1','0','1','0');
INSERT INTO `glpi_profiles_users` VALUES ('106','115','1','0','1','0');
INSERT INTO `glpi_profiles_users` VALUES ('107','116','1','0','1','0');
INSERT INTO `glpi_profiles_users` VALUES ('108','117','1','0','1','0');
INSERT INTO `glpi_profiles_users` VALUES ('109','118','1','0','1','0');
INSERT INTO `glpi_profiles_users` VALUES ('110','119','1','0','1','0');
INSERT INTO `glpi_profiles_users` VALUES ('111','120','1','0','1','0');
INSERT INTO `glpi_profiles_users` VALUES ('112','121','1','0','1','0');
INSERT INTO `glpi_profiles_users` VALUES ('113','122','1','0','1','0');
INSERT INTO `glpi_profiles_users` VALUES ('114','123','1','0','1','0');
INSERT INTO `glpi_profiles_users` VALUES ('115','124','1','0','1','0');
INSERT INTO `glpi_profiles_users` VALUES ('116','125','1','0','1','0');
INSERT INTO `glpi_profiles_users` VALUES ('117','126','1','0','1','0');
INSERT INTO `glpi_profiles_users` VALUES ('118','127','1','0','1','0');
INSERT INTO `glpi_profiles_users` VALUES ('119','128','1','0','1','0');
INSERT INTO `glpi_profiles_users` VALUES ('120','129','1','0','1','0');
INSERT INTO `glpi_profiles_users` VALUES ('121','130','1','0','1','0');
INSERT INTO `glpi_profiles_users` VALUES ('122','131','1','0','1','0');
INSERT INTO `glpi_profiles_users` VALUES ('123','132','1','0','1','0');
INSERT INTO `glpi_profiles_users` VALUES ('124','133','1','0','1','0');
INSERT INTO `glpi_profiles_users` VALUES ('125','134','1','0','1','0');
INSERT INTO `glpi_profiles_users` VALUES ('126','135','1','0','1','0');
INSERT INTO `glpi_profiles_users` VALUES ('127','136','1','0','1','0');
INSERT INTO `glpi_profiles_users` VALUES ('128','137','1','0','1','0');
INSERT INTO `glpi_profiles_users` VALUES ('129','138','1','0','1','0');
INSERT INTO `glpi_profiles_users` VALUES ('130','139','1','0','1','0');
INSERT INTO `glpi_profiles_users` VALUES ('131','140','1','0','1','0');
INSERT INTO `glpi_profiles_users` VALUES ('132','141','1','0','1','0');
INSERT INTO `glpi_profiles_users` VALUES ('133','142','1','0','1','0');
INSERT INTO `glpi_profiles_users` VALUES ('134','143','1','0','1','0');
INSERT INTO `glpi_profiles_users` VALUES ('135','144','1','0','1','0');
INSERT INTO `glpi_profiles_users` VALUES ('136','145','1','0','1','0');
INSERT INTO `glpi_profiles_users` VALUES ('137','146','1','0','1','0');
INSERT INTO `glpi_profiles_users` VALUES ('138','147','1','0','1','0');
INSERT INTO `glpi_profiles_users` VALUES ('139','148','1','0','1','0');
INSERT INTO `glpi_profiles_users` VALUES ('140','149','1','0','1','0');
INSERT INTO `glpi_profiles_users` VALUES ('141','150','1','0','1','0');
INSERT INTO `glpi_profiles_users` VALUES ('142','151','1','0','1','0');
INSERT INTO `glpi_profiles_users` VALUES ('143','152','1','0','1','0');
INSERT INTO `glpi_profiles_users` VALUES ('145','153','1','0','1','0');
INSERT INTO `glpi_profiles_users` VALUES ('146','154','1','0','1','0');
INSERT INTO `glpi_profiles_users` VALUES ('147','155','1','0','1','0');
INSERT INTO `glpi_profiles_users` VALUES ('148','156','1','0','1','0');
INSERT INTO `glpi_profiles_users` VALUES ('149','157','1','0','1','0');
INSERT INTO `glpi_profiles_users` VALUES ('150','158','1','0','1','0');
INSERT INTO `glpi_profiles_users` VALUES ('151','159','1','0','1','0');
INSERT INTO `glpi_profiles_users` VALUES ('152','160','1','0','1','0');
INSERT INTO `glpi_profiles_users` VALUES ('153','161','1','0','1','0');
INSERT INTO `glpi_profiles_users` VALUES ('154','162','1','0','1','0');
INSERT INTO `glpi_profiles_users` VALUES ('155','163','1','0','1','0');
INSERT INTO `glpi_profiles_users` VALUES ('156','164','1','0','1','0');
INSERT INTO `glpi_profiles_users` VALUES ('157','165','1','0','1','0');
INSERT INTO `glpi_profiles_users` VALUES ('158','166','1','0','1','0');
INSERT INTO `glpi_profiles_users` VALUES ('159','167','1','0','1','0');
INSERT INTO `glpi_profiles_users` VALUES ('160','168','1','0','1','0');
INSERT INTO `glpi_profiles_users` VALUES ('161','169','1','0','1','0');
INSERT INTO `glpi_profiles_users` VALUES ('162','170','1','0','1','0');
INSERT INTO `glpi_profiles_users` VALUES ('163','171','1','0','1','0');
INSERT INTO `glpi_profiles_users` VALUES ('164','172','1','0','1','0');
INSERT INTO `glpi_profiles_users` VALUES ('165','173','1','0','1','0');
INSERT INTO `glpi_profiles_users` VALUES ('166','174','1','0','1','0');
INSERT INTO `glpi_profiles_users` VALUES ('167','175','1','0','1','0');
INSERT INTO `glpi_profiles_users` VALUES ('168','176','1','0','1','0');
INSERT INTO `glpi_profiles_users` VALUES ('169','177','1','0','1','0');
INSERT INTO `glpi_profiles_users` VALUES ('170','178','1','0','1','0');
INSERT INTO `glpi_profiles_users` VALUES ('171','179','1','0','1','0');
INSERT INTO `glpi_profiles_users` VALUES ('172','180','1','0','1','0');
INSERT INTO `glpi_profiles_users` VALUES ('173','181','1','0','1','0');
INSERT INTO `glpi_profiles_users` VALUES ('174','182','1','0','1','0');
INSERT INTO `glpi_profiles_users` VALUES ('175','183','1','0','1','0');
INSERT INTO `glpi_profiles_users` VALUES ('176','184','1','0','1','0');
INSERT INTO `glpi_profiles_users` VALUES ('177','185','1','0','1','0');
INSERT INTO `glpi_profiles_users` VALUES ('178','186','1','0','1','0');
INSERT INTO `glpi_profiles_users` VALUES ('179','187','1','0','1','0');
INSERT INTO `glpi_profiles_users` VALUES ('180','188','1','0','1','0');
INSERT INTO `glpi_profiles_users` VALUES ('181','189','1','0','1','0');
INSERT INTO `glpi_profiles_users` VALUES ('182','190','1','0','1','0');
INSERT INTO `glpi_profiles_users` VALUES ('183','191','1','0','1','0');
INSERT INTO `glpi_profiles_users` VALUES ('184','192','1','0','1','0');
INSERT INTO `glpi_profiles_users` VALUES ('185','193','1','0','1','0');
INSERT INTO `glpi_profiles_users` VALUES ('186','194','1','0','1','0');
INSERT INTO `glpi_profiles_users` VALUES ('187','195','1','0','1','0');
INSERT INTO `glpi_profiles_users` VALUES ('188','196','1','0','1','0');
INSERT INTO `glpi_profiles_users` VALUES ('189','197','1','0','1','0');
INSERT INTO `glpi_profiles_users` VALUES ('190','198','1','0','1','0');
INSERT INTO `glpi_profiles_users` VALUES ('191','199','1','0','1','0');
INSERT INTO `glpi_profiles_users` VALUES ('192','200','1','0','1','0');
INSERT INTO `glpi_profiles_users` VALUES ('193','201','1','0','1','0');
INSERT INTO `glpi_profiles_users` VALUES ('194','202','1','0','1','0');
INSERT INTO `glpi_profiles_users` VALUES ('195','203','1','0','1','0');
INSERT INTO `glpi_profiles_users` VALUES ('196','204','1','0','1','0');
INSERT INTO `glpi_profiles_users` VALUES ('197','205','1','0','1','0');
INSERT INTO `glpi_profiles_users` VALUES ('198','206','1','0','1','0');
INSERT INTO `glpi_profiles_users` VALUES ('217','207','1','0','0','1');
INSERT INTO `glpi_profiles_users` VALUES ('200','208','1','0','0','1');
INSERT INTO `glpi_profiles_users` VALUES ('1358','209','1','0','0','1');
INSERT INTO `glpi_profiles_users` VALUES ('484','210','1','0','0','1');
INSERT INTO `glpi_profiles_users` VALUES ('451','211','1','0','0','1');
INSERT INTO `glpi_profiles_users` VALUES ('508','212','1','0','0','1');
INSERT INTO `glpi_profiles_users` VALUES ('488','213','1','0','0','1');
INSERT INTO `glpi_profiles_users` VALUES ('1275','214','1','0','0','1');
INSERT INTO `glpi_profiles_users` VALUES ('429','215','1','0','0','1');
INSERT INTO `glpi_profiles_users` VALUES ('418','216','1','0','0','1');
INSERT INTO `glpi_profiles_users` VALUES ('477','217','1','0','0','1');
INSERT INTO `glpi_profiles_users` VALUES ('310','218','1','0','0','1');
INSERT INTO `glpi_profiles_users` VALUES ('1368','219','1','0','0','1');
INSERT INTO `glpi_profiles_users` VALUES ('309','220','1','0','0','1');
INSERT INTO `glpi_profiles_users` VALUES ('527','221','1','0','0','1');
INSERT INTO `glpi_profiles_users` VALUES ('220','222','1','0','0','1');
INSERT INTO `glpi_profiles_users` VALUES ('224','223','1','0','0','1');
INSERT INTO `glpi_profiles_users` VALUES ('226','224','1','0','0','1');
INSERT INTO `glpi_profiles_users` VALUES ('634','225','1','0','0','1');
INSERT INTO `glpi_profiles_users` VALUES ('658','226','1','0','0','1');
INSERT INTO `glpi_profiles_users` VALUES ('1315','227','1','0','0','1');
INSERT INTO `glpi_profiles_users` VALUES ('1287','228','1','0','0','1');
INSERT INTO `glpi_profiles_users` VALUES ('1414','229','1','0','0','1');
INSERT INTO `glpi_profiles_users` VALUES ('1417','230','1','0','0','1');
INSERT INTO `glpi_profiles_users` VALUES ('1372','231','1','0','0','1');
INSERT INTO `glpi_profiles_users` VALUES ('1314','232','1','0','0','1');
INSERT INTO `glpi_profiles_users` VALUES ('1406','233','1','0','0','1');
INSERT INTO `glpi_profiles_users` VALUES ('248','234','1','0','0','1');
INSERT INTO `glpi_profiles_users` VALUES ('249','235','1','0','0','1');
INSERT INTO `glpi_profiles_users` VALUES ('250','236','1','0','0','1');
INSERT INTO `glpi_profiles_users` VALUES ('251','237','1','0','0','1');
INSERT INTO `glpi_profiles_users` VALUES ('252','238','1','0','0','1');
INSERT INTO `glpi_profiles_users` VALUES ('253','239','1','0','0','1');
INSERT INTO `glpi_profiles_users` VALUES ('254','240','1','0','0','1');
INSERT INTO `glpi_profiles_users` VALUES ('330','241','1','0','0','1');
INSERT INTO `glpi_profiles_users` VALUES ('256','242','1','0','0','1');
INSERT INTO `glpi_profiles_users` VALUES ('257','243','1','0','0','1');
INSERT INTO `glpi_profiles_users` VALUES ('399','244','1','0','0','1');
INSERT INTO `glpi_profiles_users` VALUES ('262','245','1','0','0','1');
INSERT INTO `glpi_profiles_users` VALUES ('260','246','1','0','0','1');
INSERT INTO `glpi_profiles_users` VALUES ('261','247','1','0','0','1');
INSERT INTO `glpi_profiles_users` VALUES ('1405','248','1','0','0','1');
INSERT INTO `glpi_profiles_users` VALUES ('1435','249','1','0','0','1');
INSERT INTO `glpi_profiles_users` VALUES ('1992','250','1','0','0','1');
INSERT INTO `glpi_profiles_users` VALUES ('1386','251','1','0','0','1');
INSERT INTO `glpi_profiles_users` VALUES ('1301','252','1','0','0','1');
INSERT INTO `glpi_profiles_users` VALUES ('1429','253','1','0','0','1');
INSERT INTO `glpi_profiles_users` VALUES ('1353','254','1','0','0','1');
INSERT INTO `glpi_profiles_users` VALUES ('270','255','1','0','0','1');
INSERT INTO `glpi_profiles_users` VALUES ('1989','256','1','0','0','1');
INSERT INTO `glpi_profiles_users` VALUES ('1297','257','1','0','0','1');
INSERT INTO `glpi_profiles_users` VALUES ('1348','258','1','0','0','1');
INSERT INTO `glpi_profiles_users` VALUES ('274','259','1','0','0','1');
INSERT INTO `glpi_profiles_users` VALUES ('288','260','1','0','0','1');
INSERT INTO `glpi_profiles_users` VALUES ('283','261','1','0','0','1');
INSERT INTO `glpi_profiles_users` VALUES ('1269','262','1','0','0','1');
INSERT INTO `glpi_profiles_users` VALUES ('278','263','1','0','0','1');
INSERT INTO `glpi_profiles_users` VALUES ('377','264','1','0','0','1');
INSERT INTO `glpi_profiles_users` VALUES ('289','265','1','0','0','1');
INSERT INTO `glpi_profiles_users` VALUES ('281','266','1','0','0','1');
INSERT INTO `glpi_profiles_users` VALUES ('282','267','1','0','0','1');
INSERT INTO `glpi_profiles_users` VALUES ('284','268','1','0','0','1');
INSERT INTO `glpi_profiles_users` VALUES ('285','269','1','0','0','1');
INSERT INTO `glpi_profiles_users` VALUES ('624','270','1','0','0','1');
INSERT INTO `glpi_profiles_users` VALUES ('290','271','1','0','0','0');
INSERT INTO `glpi_profiles_users` VALUES ('291','271','3','0','0','0');
INSERT INTO `glpi_profiles_users` VALUES ('295','272','1','0','0','1');
INSERT INTO `glpi_profiles_users` VALUES ('294','273','1','0','0','1');
INSERT INTO `glpi_profiles_users` VALUES ('333','274','1','0','0','1');
INSERT INTO `glpi_profiles_users` VALUES ('297','275','1','0','0','1');
INSERT INTO `glpi_profiles_users` VALUES ('298','276','1','0','0','1');
INSERT INTO `glpi_profiles_users` VALUES ('299','277','1','0','0','1');
INSERT INTO `glpi_profiles_users` VALUES ('300','278','1','0','0','1');
INSERT INTO `glpi_profiles_users` VALUES ('301','279','1','0','0','1');
INSERT INTO `glpi_profiles_users` VALUES ('302','280','1','0','0','1');
INSERT INTO `glpi_profiles_users` VALUES ('304','281','1','0','0','1');
INSERT INTO `glpi_profiles_users` VALUES ('305','282','1','0','0','1');
INSERT INTO `glpi_profiles_users` VALUES ('306','283','1','0','0','1');
INSERT INTO `glpi_profiles_users` VALUES ('307','284','1','0','0','1');
INSERT INTO `glpi_profiles_users` VALUES ('311','285','1','0','0','1');
INSERT INTO `glpi_profiles_users` VALUES ('609','286','1','0','0','1');
INSERT INTO `glpi_profiles_users` VALUES ('313','287','1','0','0','1');
INSERT INTO `glpi_profiles_users` VALUES ('314','288','1','0','0','1');
INSERT INTO `glpi_profiles_users` VALUES ('315','289','1','0','0','1');
INSERT INTO `glpi_profiles_users` VALUES ('316','290','1','0','0','1');
INSERT INTO `glpi_profiles_users` VALUES ('317','291','1','0','0','1');
INSERT INTO `glpi_profiles_users` VALUES ('318','292','1','0','0','1');
INSERT INTO `glpi_profiles_users` VALUES ('319','293','1','0','0','1');
INSERT INTO `glpi_profiles_users` VALUES ('320','294','1','0','0','1');
INSERT INTO `glpi_profiles_users` VALUES ('321','295','1','0','0','1');
INSERT INTO `glpi_profiles_users` VALUES ('322','296','1','0','0','1');
INSERT INTO `glpi_profiles_users` VALUES ('1339','297','1','0','0','1');
INSERT INTO `glpi_profiles_users` VALUES ('324','298','1','0','0','1');
INSERT INTO `glpi_profiles_users` VALUES ('325','299','1','0','0','1');
INSERT INTO `glpi_profiles_users` VALUES ('397','300','1','0','0','1');
INSERT INTO `glpi_profiles_users` VALUES ('1389','301','1','0','0','1');
INSERT INTO `glpi_profiles_users` VALUES ('485','302','1','0','0','1');
INSERT INTO `glpi_profiles_users` VALUES ('344','303','1','0','0','1');
INSERT INTO `glpi_profiles_users` VALUES ('1349','304','1','0','0','1');
INSERT INTO `glpi_profiles_users` VALUES ('349','305','1','0','0','1');
INSERT INTO `glpi_profiles_users` VALUES ('367','306','1','0','0','1');
INSERT INTO `glpi_profiles_users` VALUES ('573','307','1','0','0','1');
INSERT INTO `glpi_profiles_users` VALUES ('1304','308','1','0','0','1');
INSERT INTO `glpi_profiles_users` VALUES ('1261','309','1','0','0','1');
INSERT INTO `glpi_profiles_users` VALUES ('1263','310','1','0','0','1');
INSERT INTO `glpi_profiles_users` VALUES ('402','311','1','0','0','1');
INSERT INTO `glpi_profiles_users` VALUES ('1413','312','1','0','0','1');
INSERT INTO `glpi_profiles_users` VALUES ('388','313','1','0','0','1');
INSERT INTO `glpi_profiles_users` VALUES ('622','314','1','0','0','1');
INSERT INTO `glpi_profiles_users` VALUES ('378','315','1','0','0','1');
INSERT INTO `glpi_profiles_users` VALUES ('379','316','1','0','0','1');
INSERT INTO `glpi_profiles_users` VALUES ('1267','317','1','0','0','1');
INSERT INTO `glpi_profiles_users` VALUES ('381','318','1','0','0','1');
INSERT INTO `glpi_profiles_users` VALUES ('387','319','1','0','0','1');
INSERT INTO `glpi_profiles_users` VALUES ('390','320','1','0','0','1');
INSERT INTO `glpi_profiles_users` VALUES ('391','321','1','0','0','1');
INSERT INTO `glpi_profiles_users` VALUES ('403','322','1','0','0','1');
INSERT INTO `glpi_profiles_users` VALUES ('404','323','1','0','0','0');
INSERT INTO `glpi_profiles_users` VALUES ('1346','94','1','0','0','1');
INSERT INTO `glpi_profiles_users` VALUES ('407','324','1','0','0','0');
INSERT INTO `glpi_profiles_users` VALUES ('438','325','1','0','0','1');
INSERT INTO `glpi_profiles_users` VALUES ('684','326','1','0','0','1');
INSERT INTO `glpi_profiles_users` VALUES ('414','327','1','0','0','1');
INSERT INTO `glpi_profiles_users` VALUES ('1255','328','1','0','0','1');
INSERT INTO `glpi_profiles_users` VALUES ('504','329','1','0','0','1');
INSERT INTO `glpi_profiles_users` VALUES ('427','330','1','0','0','0');
INSERT INTO `glpi_profiles_users` VALUES ('1380','331','1','0','0','1');
INSERT INTO `glpi_profiles_users` VALUES ('436','332','1','0','0','1');
INSERT INTO `glpi_profiles_users` VALUES ('1424','333','1','0','0','1');
INSERT INTO `glpi_profiles_users` VALUES ('1416','334','1','0','0','1');
INSERT INTO `glpi_profiles_users` VALUES ('1334','335','1','0','0','1');
INSERT INTO `glpi_profiles_users` VALUES ('1340','336','1','0','0','1');
INSERT INTO `glpi_profiles_users` VALUES ('1347','337','1','0','0','1');
INSERT INTO `glpi_profiles_users` VALUES ('1256','338','1','0','0','1');
INSERT INTO `glpi_profiles_users` VALUES ('1432','339','1','0','0','1');
INSERT INTO `glpi_profiles_users` VALUES ('1360','340','1','0','0','1');
INSERT INTO `glpi_profiles_users` VALUES ('1407','341','1','0','0','1');
INSERT INTO `glpi_profiles_users` VALUES ('1359','342','1','0','0','1');
INSERT INTO `glpi_profiles_users` VALUES ('1341','343','1','0','0','1');
INSERT INTO `glpi_profiles_users` VALUES ('1253','344','1','0','0','1');
INSERT INTO `glpi_profiles_users` VALUES ('1351','345','1','0','0','1');
INSERT INTO `glpi_profiles_users` VALUES ('1421','346','1','0','0','1');
INSERT INTO `glpi_profiles_users` VALUES ('1299','347','1','0','0','1');
INSERT INTO `glpi_profiles_users` VALUES ('1397','348','1','0','0','1');
INSERT INTO `glpi_profiles_users` VALUES ('1320','349','1','0','0','1');
INSERT INTO `glpi_profiles_users` VALUES ('2052','350','4','0','0','0');
INSERT INTO `glpi_profiles_users` VALUES ('1356','351','1','0','0','1');
INSERT INTO `glpi_profiles_users` VALUES ('1323','352','1','0','0','1');
INSERT INTO `glpi_profiles_users` VALUES ('1335','353','1','0','0','1');
INSERT INTO `glpi_profiles_users` VALUES ('1419','354','1','0','0','1');
INSERT INTO `glpi_profiles_users` VALUES ('1333','355','1','0','0','1');
INSERT INTO `glpi_profiles_users` VALUES ('496','356','1','0','0','1');
INSERT INTO `glpi_profiles_users` VALUES ('1411','357','1','0','0','1');
INSERT INTO `glpi_profiles_users` VALUES ('1309','358','1','0','0','1');
INSERT INTO `glpi_profiles_users` VALUES ('499','359','1','0','0','1');
INSERT INTO `glpi_profiles_users` VALUES ('500','360','1','0','0','1');
INSERT INTO `glpi_profiles_users` VALUES ('501','361','1','0','0','1');
INSERT INTO `glpi_profiles_users` VALUES ('667','362','1','0','0','1');
INSERT INTO `glpi_profiles_users` VALUES ('1265','363','1','0','0','1');
INSERT INTO `glpi_profiles_users` VALUES ('1331','364','1','0','0','1');
INSERT INTO `glpi_profiles_users` VALUES ('506','365','1','0','0','1');
INSERT INTO `glpi_profiles_users` VALUES ('1272','366','1','0','0','1');
INSERT INTO `glpi_profiles_users` VALUES ('1363','367','1','0','0','1');
INSERT INTO `glpi_profiles_users` VALUES ('1337','368','1','0','0','1');
INSERT INTO `glpi_profiles_users` VALUES ('1327','369','1','0','0','1');
INSERT INTO `glpi_profiles_users` VALUES ('1438','370','1','0','0','1');
INSERT INTO `glpi_profiles_users` VALUES ('1370','371','1','0','0','1');
INSERT INTO `glpi_profiles_users` VALUES ('1336','372','1','0','0','1');
INSERT INTO `glpi_profiles_users` VALUES ('1344','373','1','0','0','1');
INSERT INTO `glpi_profiles_users` VALUES ('1291','374','1','0','0','1');
INSERT INTO `glpi_profiles_users` VALUES ('517','375','1','0','0','1');
INSERT INTO `glpi_profiles_users` VALUES ('1302','376','1','0','0','1');
INSERT INTO `glpi_profiles_users` VALUES ('520','377','1','0','0','1');
INSERT INTO `glpi_profiles_users` VALUES ('1324','378','1','0','0','1');
INSERT INTO `glpi_profiles_users` VALUES ('1310','379','1','0','0','1');
INSERT INTO `glpi_profiles_users` VALUES ('526','380','1','0','0','1');
INSERT INTO `glpi_profiles_users` VALUES ('2501','1470','6','0','0','0');
INSERT INTO `glpi_profiles_users` VALUES ('1404','122','1','0','0','1');
INSERT INTO `glpi_profiles_users` VALUES ('586','141','1','0','0','1');
INSERT INTO `glpi_profiles_users` VALUES ('1260','179','1','0','0','1');
INSERT INTO `glpi_profiles_users` VALUES ('2648','1334','1','0','0','1');
INSERT INTO `glpi_profiles_users` VALUES ('1378','381','1','0','0','1');
INSERT INTO `glpi_profiles_users` VALUES ('1400','382','1','0','0','1');
INSERT INTO `glpi_profiles_users` VALUES ('1437','71','1','0','0','1');
INSERT INTO `glpi_profiles_users` VALUES ('1292','383','1','0','0','1');
INSERT INTO `glpi_profiles_users` VALUES ('1410','384','1','0','0','1');
INSERT INTO `glpi_profiles_users` VALUES ('1371','181','1','0','0','1');
INSERT INTO `glpi_profiles_users` VALUES ('636','385','1','0','0','1');
INSERT INTO `glpi_profiles_users` VALUES ('1283','386','1','0','0','1');
INSERT INTO `glpi_profiles_users` VALUES ('1294','387','1','0','0','1');
INSERT INTO `glpi_profiles_users` VALUES ('1418','388','1','0','0','1');
INSERT INTO `glpi_profiles_users` VALUES ('1367','389','1','0','0','1');
INSERT INTO `glpi_profiles_users` VALUES ('2543','1493','6','0','0','1');
INSERT INTO `glpi_profiles_users` VALUES ('1342','391','1','0','0','1');
INSERT INTO `glpi_profiles_users` VALUES ('1257','152','1','0','0','1');
INSERT INTO `glpi_profiles_users` VALUES ('1401','392','1','0','0','1');
INSERT INTO `glpi_profiles_users` VALUES ('1362','393','1','0','0','1');
INSERT INTO `glpi_profiles_users` VALUES ('1355','394','1','0','0','1');
INSERT INTO `glpi_profiles_users` VALUES ('1392','395','1','0','0','1');
INSERT INTO `glpi_profiles_users` VALUES ('1295','396','1','0','0','1');
INSERT INTO `glpi_profiles_users` VALUES ('1276','397','1','0','0','1');
INSERT INTO `glpi_profiles_users` VALUES ('1427','398','1','0','0','1');
INSERT INTO `glpi_profiles_users` VALUES ('1279','399','1','0','0','1');
INSERT INTO `glpi_profiles_users` VALUES ('1433','76','1','0','0','1');
INSERT INTO `glpi_profiles_users` VALUES ('1316','129','1','0','0','1');
INSERT INTO `glpi_profiles_users` VALUES ('726','400','1','0','0','1');
INSERT INTO `glpi_profiles_users` VALUES ('1395','401','1','0','0','1');
INSERT INTO `glpi_profiles_users` VALUES ('1326','402','1','0','0','1');
INSERT INTO `glpi_profiles_users` VALUES ('1289','403','1','0','0','1');
INSERT INTO `glpi_profiles_users` VALUES ('1415','404','1','0','0','1');
INSERT INTO `glpi_profiles_users` VALUES ('1262','405','1','0','0','1');
INSERT INTO `glpi_profiles_users` VALUES ('1382','406','1','0','0','1');
INSERT INTO `glpi_profiles_users` VALUES ('2535','1487','6','0','0','1');
INSERT INTO `glpi_profiles_users` VALUES ('1352','407','1','0','0','1');
INSERT INTO `glpi_profiles_users` VALUES ('1288','198','1','0','0','1');
INSERT INTO `glpi_profiles_users` VALUES ('1982','408','1','0','0','1');
INSERT INTO `glpi_profiles_users` VALUES ('1375','409','1','0','0','1');
INSERT INTO `glpi_profiles_users` VALUES ('1412','410','1','0','0','1');
INSERT INTO `glpi_profiles_users` VALUES ('1422','411','1','0','0','1');
INSERT INTO `glpi_profiles_users` VALUES ('1268','412','1','0','0','1');
INSERT INTO `glpi_profiles_users` VALUES ('1379','413','1','0','0','1');
INSERT INTO `glpi_profiles_users` VALUES ('1296','414','1','0','0','1');
INSERT INTO `glpi_profiles_users` VALUES ('1284','415','1','0','0','1');
INSERT INTO `glpi_profiles_users` VALUES ('1306','416','1','0','0','1');
INSERT INTO `glpi_profiles_users` VALUES ('1285','417','1','0','0','1');
INSERT INTO `glpi_profiles_users` VALUES ('1282','418','1','0','0','1');
INSERT INTO `glpi_profiles_users` VALUES ('1430','419','1','0','0','1');
INSERT INTO `glpi_profiles_users` VALUES ('1254','420','1','0','0','1');
INSERT INTO `glpi_profiles_users` VALUES ('1987','421','1','0','0','1');
INSERT INTO `glpi_profiles_users` VALUES ('1307','422','1','0','0','1');
INSERT INTO `glpi_profiles_users` VALUES ('1343','423','1','0','0','1');
INSERT INTO `glpi_profiles_users` VALUES ('1278','424','1','0','0','1');
INSERT INTO `glpi_profiles_users` VALUES ('2651','1474','1','0','0','1');
INSERT INTO `glpi_profiles_users` VALUES ('1281','425','1','0','0','1');
INSERT INTO `glpi_profiles_users` VALUES ('1393','426','1','0','0','1');
INSERT INTO `glpi_profiles_users` VALUES ('1423','427','1','0','0','1');
INSERT INTO `glpi_profiles_users` VALUES ('1286','428','1','0','0','1');
INSERT INTO `glpi_profiles_users` VALUES ('1364','429','1','0','0','1');
INSERT INTO `glpi_profiles_users` VALUES ('1436','430','1','0','0','1');
INSERT INTO `glpi_profiles_users` VALUES ('1377','431','1','0','0','1');
INSERT INTO `glpi_profiles_users` VALUES ('1357','432','1','0','0','1');
INSERT INTO `glpi_profiles_users` VALUES ('1373','433','1','0','0','1');
INSERT INTO `glpi_profiles_users` VALUES ('1300','434','1','0','0','1');
INSERT INTO `glpi_profiles_users` VALUES ('1376','435','1','0','0','1');
INSERT INTO `glpi_profiles_users` VALUES ('1398','436','1','0','0','1');
INSERT INTO `glpi_profiles_users` VALUES ('1366','437','1','0','0','1');
INSERT INTO `glpi_profiles_users` VALUES ('1273','438','1','0','0','1');
INSERT INTO `glpi_profiles_users` VALUES ('1374','439','1','0','0','1');
INSERT INTO `glpi_profiles_users` VALUES ('1425','440','1','0','0','1');
INSERT INTO `glpi_profiles_users` VALUES ('1394','442','1','0','0','1');
INSERT INTO `glpi_profiles_users` VALUES ('1361','443','1','0','0','1');
INSERT INTO `glpi_profiles_users` VALUES ('1277','444','1','0','0','1');
INSERT INTO `glpi_profiles_users` VALUES ('1330','445','1','0','0','1');
INSERT INTO `glpi_profiles_users` VALUES ('1305','446','1','0','0','1');
INSERT INTO `glpi_profiles_users` VALUES ('1390','447','1','0','0','1');
INSERT INTO `glpi_profiles_users` VALUES ('1317','448','1','0','0','1');
INSERT INTO `glpi_profiles_users` VALUES ('1332','449','1','0','0','1');
INSERT INTO `glpi_profiles_users` VALUES ('1258','450','1','0','0','1');
INSERT INTO `glpi_profiles_users` VALUES ('2559','1501','6','0','0','1');
INSERT INTO `glpi_profiles_users` VALUES ('2521','1458','6','0','0','1');
INSERT INTO `glpi_profiles_users` VALUES ('1383','452','1','0','0','1');
INSERT INTO `glpi_profiles_users` VALUES ('1313','453','1','0','0','1');
INSERT INTO `glpi_profiles_users` VALUES ('1420','454','1','0','0','1');
INSERT INTO `glpi_profiles_users` VALUES ('1369','48','1','0','0','1');
INSERT INTO `glpi_profiles_users` VALUES ('1329','140','1','0','0','1');
INSERT INTO `glpi_profiles_users` VALUES ('1408','134','1','0','0','1');
INSERT INTO `glpi_profiles_users` VALUES ('1399','455','1','0','0','1');
INSERT INTO `glpi_profiles_users` VALUES ('1381','456','1','0','0','1');
INSERT INTO `glpi_profiles_users` VALUES ('1384','457','1','0','0','1');
INSERT INTO `glpi_profiles_users` VALUES ('1318','458','1','0','0','1');
INSERT INTO `glpi_profiles_users` VALUES ('1338','459','1','0','0','1');
INSERT INTO `glpi_profiles_users` VALUES ('1391','460','1','0','0','1');
INSERT INTO `glpi_profiles_users` VALUES ('1271','461','1','0','0','1');
INSERT INTO `glpi_profiles_users` VALUES ('1321','462','1','0','0','1');
INSERT INTO `glpi_profiles_users` VALUES ('1312','463','1','0','0','1');
INSERT INTO `glpi_profiles_users` VALUES ('1990','464','1','0','0','1');
INSERT INTO `glpi_profiles_users` VALUES ('1293','465','1','0','0','1');
INSERT INTO `glpi_profiles_users` VALUES ('1434','466','1','0','0','1');
INSERT INTO `glpi_profiles_users` VALUES ('1266','467','1','0','0','1');
INSERT INTO `glpi_profiles_users` VALUES ('1345','468','1','0','0','1');
INSERT INTO `glpi_profiles_users` VALUES ('1328','469','1','0','0','1');
INSERT INTO `glpi_profiles_users` VALUES ('1365','470','1','0','0','1');
INSERT INTO `glpi_profiles_users` VALUES ('1311','471','1','0','0','1');
INSERT INTO `glpi_profiles_users` VALUES ('1428','472','1','0','0','1');
INSERT INTO `glpi_profiles_users` VALUES ('1322','473','1','0','0','1');
INSERT INTO `glpi_profiles_users` VALUES ('1350','474','1','0','0','1');
INSERT INTO `glpi_profiles_users` VALUES ('1403','475','1','0','0','1');
INSERT INTO `glpi_profiles_users` VALUES ('1290','476','1','0','0','1');
INSERT INTO `glpi_profiles_users` VALUES ('1298','477','1','0','0','1');
INSERT INTO `glpi_profiles_users` VALUES ('1308','478','1','0','0','1');
INSERT INTO `glpi_profiles_users` VALUES ('1264','479','1','0','0','1');
INSERT INTO `glpi_profiles_users` VALUES ('2571','1509','6','0','0','1');
INSERT INTO `glpi_profiles_users` VALUES ('1439','480','1','0','0','1');
INSERT INTO `glpi_profiles_users` VALUES ('1440','481','1','0','0','1');
INSERT INTO `glpi_profiles_users` VALUES ('1441','482','1','0','0','1');
INSERT INTO `glpi_profiles_users` VALUES ('1442','483','1','0','0','1');
INSERT INTO `glpi_profiles_users` VALUES ('1443','484','1','0','0','1');
INSERT INTO `glpi_profiles_users` VALUES ('1444','485','1','0','0','1');
INSERT INTO `glpi_profiles_users` VALUES ('1445','486','1','0','0','1');
INSERT INTO `glpi_profiles_users` VALUES ('1446','487','1','0','0','1');
INSERT INTO `glpi_profiles_users` VALUES ('1447','488','1','0','0','1');
INSERT INTO `glpi_profiles_users` VALUES ('1448','489','1','0','0','1');
INSERT INTO `glpi_profiles_users` VALUES ('1449','490','1','0','0','1');
INSERT INTO `glpi_profiles_users` VALUES ('1450','491','1','0','0','1');
INSERT INTO `glpi_profiles_users` VALUES ('1451','492','1','0','0','1');
INSERT INTO `glpi_profiles_users` VALUES ('1452','493','1','0','0','1');
INSERT INTO `glpi_profiles_users` VALUES ('1453','494','1','0','0','1');
INSERT INTO `glpi_profiles_users` VALUES ('1454','495','1','0','0','1');
INSERT INTO `glpi_profiles_users` VALUES ('1455','496','1','0','0','1');
INSERT INTO `glpi_profiles_users` VALUES ('1456','497','1','0','0','1');
INSERT INTO `glpi_profiles_users` VALUES ('1457','498','1','0','0','1');
INSERT INTO `glpi_profiles_users` VALUES ('1458','499','1','0','0','1');
INSERT INTO `glpi_profiles_users` VALUES ('1459','500','1','0','0','1');
INSERT INTO `glpi_profiles_users` VALUES ('1460','501','1','0','0','1');
INSERT INTO `glpi_profiles_users` VALUES ('1461','502','1','0','0','1');
INSERT INTO `glpi_profiles_users` VALUES ('1462','503','1','0','0','1');
INSERT INTO `glpi_profiles_users` VALUES ('1463','504','1','0','0','1');
INSERT INTO `glpi_profiles_users` VALUES ('1464','505','1','0','0','1');
INSERT INTO `glpi_profiles_users` VALUES ('1465','506','1','0','0','1');
INSERT INTO `glpi_profiles_users` VALUES ('1466','507','1','0','0','1');
INSERT INTO `glpi_profiles_users` VALUES ('1467','508','1','0','0','1');
INSERT INTO `glpi_profiles_users` VALUES ('2589','1518','6','0','0','1');
INSERT INTO `glpi_profiles_users` VALUES ('1469','510','1','0','0','1');
INSERT INTO `glpi_profiles_users` VALUES ('1470','511','1','0','0','1');
INSERT INTO `glpi_profiles_users` VALUES ('1471','512','1','0','0','1');
INSERT INTO `glpi_profiles_users` VALUES ('1472','513','1','0','0','1');
INSERT INTO `glpi_profiles_users` VALUES ('1981','514','1','0','0','1');
INSERT INTO `glpi_profiles_users` VALUES ('1474','515','1','0','0','1');
INSERT INTO `glpi_profiles_users` VALUES ('1475','516','1','0','0','1');
INSERT INTO `glpi_profiles_users` VALUES ('1476','517','1','0','0','1');
INSERT INTO `glpi_profiles_users` VALUES ('1477','518','1','0','0','1');
INSERT INTO `glpi_profiles_users` VALUES ('1478','519','1','0','0','1');
INSERT INTO `glpi_profiles_users` VALUES ('1479','520','1','0','0','1');
INSERT INTO `glpi_profiles_users` VALUES ('1480','521','1','0','0','1');
INSERT INTO `glpi_profiles_users` VALUES ('1983','522','1','0','0','1');
INSERT INTO `glpi_profiles_users` VALUES ('1482','523','1','0','0','1');
INSERT INTO `glpi_profiles_users` VALUES ('1483','524','1','0','0','1');
INSERT INTO `glpi_profiles_users` VALUES ('1484','525','1','0','0','1');
INSERT INTO `glpi_profiles_users` VALUES ('1485','526','1','0','0','1');
INSERT INTO `glpi_profiles_users` VALUES ('1486','527','1','0','0','1');
INSERT INTO `glpi_profiles_users` VALUES ('1487','528','1','0','0','1');
INSERT INTO `glpi_profiles_users` VALUES ('1488','529','1','0','0','1');
INSERT INTO `glpi_profiles_users` VALUES ('1489','530','1','0','0','1');
INSERT INTO `glpi_profiles_users` VALUES ('1490','531','1','0','0','1');
INSERT INTO `glpi_profiles_users` VALUES ('1491','532','1','0','0','1');
INSERT INTO `glpi_profiles_users` VALUES ('1492','533','1','0','0','1');
INSERT INTO `glpi_profiles_users` VALUES ('1493','534','1','0','0','1');
INSERT INTO `glpi_profiles_users` VALUES ('1494','535','1','0','0','1');
INSERT INTO `glpi_profiles_users` VALUES ('1495','536','1','0','0','1');
INSERT INTO `glpi_profiles_users` VALUES ('1496','537','1','0','0','1');
INSERT INTO `glpi_profiles_users` VALUES ('1497','538','1','0','0','1');
INSERT INTO `glpi_profiles_users` VALUES ('1498','539','1','0','0','1');
INSERT INTO `glpi_profiles_users` VALUES ('1499','540','1','0','0','1');
INSERT INTO `glpi_profiles_users` VALUES ('1500','541','1','0','0','1');
INSERT INTO `glpi_profiles_users` VALUES ('1501','542','1','0','0','1');
INSERT INTO `glpi_profiles_users` VALUES ('1502','543','1','0','0','1');
INSERT INTO `glpi_profiles_users` VALUES ('1503','544','1','0','0','1');
INSERT INTO `glpi_profiles_users` VALUES ('1505','546','1','0','0','1');
INSERT INTO `glpi_profiles_users` VALUES ('1506','547','1','0','0','1');
INSERT INTO `glpi_profiles_users` VALUES ('1507','548','1','0','0','1');
INSERT INTO `glpi_profiles_users` VALUES ('1508','549','1','0','0','1');
INSERT INTO `glpi_profiles_users` VALUES ('1509','550','1','0','0','1');
INSERT INTO `glpi_profiles_users` VALUES ('1510','551','1','0','0','1');
INSERT INTO `glpi_profiles_users` VALUES ('1511','552','1','0','0','1');
INSERT INTO `glpi_profiles_users` VALUES ('1512','553','1','0','0','1');
INSERT INTO `glpi_profiles_users` VALUES ('1513','554','1','0','0','1');
INSERT INTO `glpi_profiles_users` VALUES ('1514','555','1','0','0','1');
INSERT INTO `glpi_profiles_users` VALUES ('1515','556','1','0','0','1');
INSERT INTO `glpi_profiles_users` VALUES ('1516','557','1','0','0','1');
INSERT INTO `glpi_profiles_users` VALUES ('1517','558','1','0','0','1');
INSERT INTO `glpi_profiles_users` VALUES ('1518','559','1','0','0','1');
INSERT INTO `glpi_profiles_users` VALUES ('1519','560','1','0','0','1');
INSERT INTO `glpi_profiles_users` VALUES ('1520','561','1','0','0','1');
INSERT INTO `glpi_profiles_users` VALUES ('1521','562','1','0','0','1');
INSERT INTO `glpi_profiles_users` VALUES ('1522','563','1','0','0','1');
INSERT INTO `glpi_profiles_users` VALUES ('1523','564','1','0','0','1');
INSERT INTO `glpi_profiles_users` VALUES ('1524','565','1','0','0','1');
INSERT INTO `glpi_profiles_users` VALUES ('1525','566','1','0','0','1');
INSERT INTO `glpi_profiles_users` VALUES ('1526','567','1','0','0','1');
INSERT INTO `glpi_profiles_users` VALUES ('1527','568','1','0','0','1');
INSERT INTO `glpi_profiles_users` VALUES ('1528','569','1','0','0','1');
INSERT INTO `glpi_profiles_users` VALUES ('1529','570','1','0','0','1');
INSERT INTO `glpi_profiles_users` VALUES ('1530','571','1','0','0','1');
INSERT INTO `glpi_profiles_users` VALUES ('1531','572','1','0','0','1');
INSERT INTO `glpi_profiles_users` VALUES ('1984','573','1','0','0','1');
INSERT INTO `glpi_profiles_users` VALUES ('1533','574','1','0','0','1');
INSERT INTO `glpi_profiles_users` VALUES ('1534','575','1','0','0','1');
INSERT INTO `glpi_profiles_users` VALUES ('1535','576','1','0','0','1');
INSERT INTO `glpi_profiles_users` VALUES ('1536','577','1','0','0','1');
INSERT INTO `glpi_profiles_users` VALUES ('1537','578','1','0','0','1');
INSERT INTO `glpi_profiles_users` VALUES ('1538','579','1','0','0','1');
INSERT INTO `glpi_profiles_users` VALUES ('1539','580','1','0','0','1');
INSERT INTO `glpi_profiles_users` VALUES ('1540','581','1','0','0','1');
INSERT INTO `glpi_profiles_users` VALUES ('1541','582','1','0','0','1');
INSERT INTO `glpi_profiles_users` VALUES ('1542','583','1','0','0','1');
INSERT INTO `glpi_profiles_users` VALUES ('1543','584','1','0','0','1');
INSERT INTO `glpi_profiles_users` VALUES ('1544','585','1','0','0','1');
INSERT INTO `glpi_profiles_users` VALUES ('1545','586','1','0','0','1');
INSERT INTO `glpi_profiles_users` VALUES ('1546','587','1','0','0','1');
INSERT INTO `glpi_profiles_users` VALUES ('1547','588','1','0','0','1');
INSERT INTO `glpi_profiles_users` VALUES ('1548','589','1','0','0','1');
INSERT INTO `glpi_profiles_users` VALUES ('1549','590','1','0','0','1');
INSERT INTO `glpi_profiles_users` VALUES ('1550','591','1','0','0','1');
INSERT INTO `glpi_profiles_users` VALUES ('1551','592','1','0','0','1');
INSERT INTO `glpi_profiles_users` VALUES ('1552','593','1','0','0','1');
INSERT INTO `glpi_profiles_users` VALUES ('1553','594','1','0','0','1');
INSERT INTO `glpi_profiles_users` VALUES ('1554','595','1','0','0','1');
INSERT INTO `glpi_profiles_users` VALUES ('1555','596','1','0','0','1');
INSERT INTO `glpi_profiles_users` VALUES ('1556','597','1','0','0','1');
INSERT INTO `glpi_profiles_users` VALUES ('1557','598','1','0','0','1');
INSERT INTO `glpi_profiles_users` VALUES ('1558','599','1','0','0','1');
INSERT INTO `glpi_profiles_users` VALUES ('1559','600','1','0','0','1');
INSERT INTO `glpi_profiles_users` VALUES ('1560','601','1','0','0','1');
INSERT INTO `glpi_profiles_users` VALUES ('1561','602','1','0','0','1');
INSERT INTO `glpi_profiles_users` VALUES ('1562','603','1','0','0','1');
INSERT INTO `glpi_profiles_users` VALUES ('1563','604','1','0','0','1');
INSERT INTO `glpi_profiles_users` VALUES ('1564','605','1','0','0','1');
INSERT INTO `glpi_profiles_users` VALUES ('1565','606','1','0','0','1');
INSERT INTO `glpi_profiles_users` VALUES ('1566','607','1','0','0','1');
INSERT INTO `glpi_profiles_users` VALUES ('1567','608','1','0','0','1');
INSERT INTO `glpi_profiles_users` VALUES ('1568','609','1','0','0','1');
INSERT INTO `glpi_profiles_users` VALUES ('1569','610','1','0','0','1');
INSERT INTO `glpi_profiles_users` VALUES ('1570','611','1','0','0','1');
INSERT INTO `glpi_profiles_users` VALUES ('1571','612','1','0','0','1');
INSERT INTO `glpi_profiles_users` VALUES ('1572','613','1','0','0','1');
INSERT INTO `glpi_profiles_users` VALUES ('1573','614','1','0','0','1');
INSERT INTO `glpi_profiles_users` VALUES ('1574','615','1','0','0','1');
INSERT INTO `glpi_profiles_users` VALUES ('1575','616','1','0','0','1');
INSERT INTO `glpi_profiles_users` VALUES ('1576','617','1','0','0','1');
INSERT INTO `glpi_profiles_users` VALUES ('1577','618','1','0','0','1');
INSERT INTO `glpi_profiles_users` VALUES ('1578','619','1','0','0','1');
INSERT INTO `glpi_profiles_users` VALUES ('1579','620','1','0','0','1');
INSERT INTO `glpi_profiles_users` VALUES ('1580','621','1','0','0','1');
INSERT INTO `glpi_profiles_users` VALUES ('1581','622','1','0','0','1');
INSERT INTO `glpi_profiles_users` VALUES ('1582','623','1','0','0','1');
INSERT INTO `glpi_profiles_users` VALUES ('1583','624','1','0','0','1');
INSERT INTO `glpi_profiles_users` VALUES ('1584','625','1','0','0','1');
INSERT INTO `glpi_profiles_users` VALUES ('1585','626','1','0','0','1');
INSERT INTO `glpi_profiles_users` VALUES ('1586','627','1','0','0','1');
INSERT INTO `glpi_profiles_users` VALUES ('1587','628','1','0','0','1');
INSERT INTO `glpi_profiles_users` VALUES ('1588','629','1','0','0','1');
INSERT INTO `glpi_profiles_users` VALUES ('1589','630','1','0','0','1');
INSERT INTO `glpi_profiles_users` VALUES ('1590','631','1','0','0','1');
INSERT INTO `glpi_profiles_users` VALUES ('1591','632','1','0','0','1');
INSERT INTO `glpi_profiles_users` VALUES ('1592','633','1','0','0','1');
INSERT INTO `glpi_profiles_users` VALUES ('1593','634','1','0','0','1');
INSERT INTO `glpi_profiles_users` VALUES ('1594','635','1','0','0','1');
INSERT INTO `glpi_profiles_users` VALUES ('1595','636','1','0','0','1');
INSERT INTO `glpi_profiles_users` VALUES ('1596','637','1','0','0','1');
INSERT INTO `glpi_profiles_users` VALUES ('1597','638','1','0','0','1');
INSERT INTO `glpi_profiles_users` VALUES ('1598','639','1','0','0','1');
INSERT INTO `glpi_profiles_users` VALUES ('1599','640','1','0','0','1');
INSERT INTO `glpi_profiles_users` VALUES ('1600','641','1','0','0','1');
INSERT INTO `glpi_profiles_users` VALUES ('1601','642','1','0','0','1');
INSERT INTO `glpi_profiles_users` VALUES ('1602','643','1','0','0','1');
INSERT INTO `glpi_profiles_users` VALUES ('1603','644','1','0','0','1');
INSERT INTO `glpi_profiles_users` VALUES ('1604','645','1','0','0','1');
INSERT INTO `glpi_profiles_users` VALUES ('1605','646','1','0','0','1');
INSERT INTO `glpi_profiles_users` VALUES ('1606','647','1','0','0','1');
INSERT INTO `glpi_profiles_users` VALUES ('1607','648','1','0','0','1');
INSERT INTO `glpi_profiles_users` VALUES ('1608','649','1','0','0','1');
INSERT INTO `glpi_profiles_users` VALUES ('1609','650','1','0','0','1');
INSERT INTO `glpi_profiles_users` VALUES ('1610','651','1','0','0','1');
INSERT INTO `glpi_profiles_users` VALUES ('1611','652','1','0','0','1');
INSERT INTO `glpi_profiles_users` VALUES ('1612','653','1','0','0','1');
INSERT INTO `glpi_profiles_users` VALUES ('1613','654','1','0','0','1');
INSERT INTO `glpi_profiles_users` VALUES ('1614','655','1','0','0','1');
INSERT INTO `glpi_profiles_users` VALUES ('1615','656','1','0','0','1');
INSERT INTO `glpi_profiles_users` VALUES ('1616','657','1','0','0','1');
INSERT INTO `glpi_profiles_users` VALUES ('1617','658','1','0','0','1');
INSERT INTO `glpi_profiles_users` VALUES ('1618','659','1','0','0','1');
INSERT INTO `glpi_profiles_users` VALUES ('1619','660','1','0','0','1');
INSERT INTO `glpi_profiles_users` VALUES ('1620','661','1','0','0','1');
INSERT INTO `glpi_profiles_users` VALUES ('1621','662','1','0','0','1');
INSERT INTO `glpi_profiles_users` VALUES ('1622','663','1','0','0','1');
INSERT INTO `glpi_profiles_users` VALUES ('1623','664','1','0','0','1');
INSERT INTO `glpi_profiles_users` VALUES ('1624','665','1','0','0','1');
INSERT INTO `glpi_profiles_users` VALUES ('1625','666','1','0','0','1');
INSERT INTO `glpi_profiles_users` VALUES ('1626','667','1','0','0','1');
INSERT INTO `glpi_profiles_users` VALUES ('1627','668','1','0','0','1');
INSERT INTO `glpi_profiles_users` VALUES ('1628','669','1','0','0','1');
INSERT INTO `glpi_profiles_users` VALUES ('1629','670','1','0','0','1');
INSERT INTO `glpi_profiles_users` VALUES ('1630','671','1','0','0','1');
INSERT INTO `glpi_profiles_users` VALUES ('1631','672','1','0','0','1');
INSERT INTO `glpi_profiles_users` VALUES ('1632','673','1','0','0','1');
INSERT INTO `glpi_profiles_users` VALUES ('1633','674','1','0','0','1');
INSERT INTO `glpi_profiles_users` VALUES ('1634','675','1','0','0','1');
INSERT INTO `glpi_profiles_users` VALUES ('1635','676','1','0','0','1');
INSERT INTO `glpi_profiles_users` VALUES ('1636','677','1','0','0','1');
INSERT INTO `glpi_profiles_users` VALUES ('1637','678','1','0','0','1');
INSERT INTO `glpi_profiles_users` VALUES ('1638','679','1','0','0','1');
INSERT INTO `glpi_profiles_users` VALUES ('1639','680','1','0','0','1');
INSERT INTO `glpi_profiles_users` VALUES ('1640','681','1','0','0','1');
INSERT INTO `glpi_profiles_users` VALUES ('1641','682','1','0','0','1');
INSERT INTO `glpi_profiles_users` VALUES ('1642','683','1','0','0','1');
INSERT INTO `glpi_profiles_users` VALUES ('1643','684','1','0','0','1');
INSERT INTO `glpi_profiles_users` VALUES ('2623','1534','6','0','0','1');
INSERT INTO `glpi_profiles_users` VALUES ('1645','686','1','0','0','1');
INSERT INTO `glpi_profiles_users` VALUES ('1646','687','1','0','0','1');
INSERT INTO `glpi_profiles_users` VALUES ('1647','688','1','0','0','1');
INSERT INTO `glpi_profiles_users` VALUES ('1648','689','1','0','0','1');
INSERT INTO `glpi_profiles_users` VALUES ('1649','690','1','0','0','1');
INSERT INTO `glpi_profiles_users` VALUES ('1650','691','1','0','0','1');
INSERT INTO `glpi_profiles_users` VALUES ('1651','692','1','0','0','1');
INSERT INTO `glpi_profiles_users` VALUES ('1652','693','1','0','0','1');
INSERT INTO `glpi_profiles_users` VALUES ('1653','694','1','0','0','1');
INSERT INTO `glpi_profiles_users` VALUES ('1654','695','1','0','0','1');
INSERT INTO `glpi_profiles_users` VALUES ('1655','696','1','0','0','1');
INSERT INTO `glpi_profiles_users` VALUES ('1656','697','1','0','0','1');
INSERT INTO `glpi_profiles_users` VALUES ('1657','698','1','0','0','1');
INSERT INTO `glpi_profiles_users` VALUES ('1658','699','1','0','0','1');
INSERT INTO `glpi_profiles_users` VALUES ('1659','700','1','0','0','1');
INSERT INTO `glpi_profiles_users` VALUES ('1660','701','1','0','0','1');
INSERT INTO `glpi_profiles_users` VALUES ('1661','702','1','0','0','1');
INSERT INTO `glpi_profiles_users` VALUES ('1662','703','1','0','0','1');
INSERT INTO `glpi_profiles_users` VALUES ('1663','704','1','0','0','1');
INSERT INTO `glpi_profiles_users` VALUES ('1664','705','1','0','0','1');
INSERT INTO `glpi_profiles_users` VALUES ('1665','706','1','0','0','1');
INSERT INTO `glpi_profiles_users` VALUES ('1666','707','1','0','0','1');
INSERT INTO `glpi_profiles_users` VALUES ('1667','708','1','0','0','1');
INSERT INTO `glpi_profiles_users` VALUES ('1668','709','1','0','0','1');
INSERT INTO `glpi_profiles_users` VALUES ('1669','710','1','0','0','1');
INSERT INTO `glpi_profiles_users` VALUES ('1670','711','1','0','0','1');
INSERT INTO `glpi_profiles_users` VALUES ('1671','712','1','0','0','1');
INSERT INTO `glpi_profiles_users` VALUES ('1672','713','1','0','0','1');
INSERT INTO `glpi_profiles_users` VALUES ('1673','714','1','0','0','1');
INSERT INTO `glpi_profiles_users` VALUES ('1674','715','1','0','0','1');
INSERT INTO `glpi_profiles_users` VALUES ('1675','716','1','0','0','1');
INSERT INTO `glpi_profiles_users` VALUES ('1676','717','1','0','0','1');
INSERT INTO `glpi_profiles_users` VALUES ('1677','718','1','0','0','1');
INSERT INTO `glpi_profiles_users` VALUES ('1678','719','1','0','0','1');
INSERT INTO `glpi_profiles_users` VALUES ('1679','720','1','0','0','1');
INSERT INTO `glpi_profiles_users` VALUES ('1680','721','1','0','0','1');
INSERT INTO `glpi_profiles_users` VALUES ('1681','722','1','0','0','1');
INSERT INTO `glpi_profiles_users` VALUES ('1682','723','1','0','0','1');
INSERT INTO `glpi_profiles_users` VALUES ('1683','724','1','0','0','1');
INSERT INTO `glpi_profiles_users` VALUES ('1684','725','1','0','0','1');
INSERT INTO `glpi_profiles_users` VALUES ('1685','726','1','0','0','1');
INSERT INTO `glpi_profiles_users` VALUES ('1686','727','1','0','0','1');
INSERT INTO `glpi_profiles_users` VALUES ('1687','728','1','0','0','1');
INSERT INTO `glpi_profiles_users` VALUES ('1688','729','1','0','0','1');
INSERT INTO `glpi_profiles_users` VALUES ('1689','730','1','0','0','1');
INSERT INTO `glpi_profiles_users` VALUES ('1690','731','1','0','0','1');
INSERT INTO `glpi_profiles_users` VALUES ('1691','732','1','0','0','1');
INSERT INTO `glpi_profiles_users` VALUES ('1692','733','1','0','0','1');
INSERT INTO `glpi_profiles_users` VALUES ('1693','734','1','0','0','1');
INSERT INTO `glpi_profiles_users` VALUES ('1694','735','1','0','0','1');
INSERT INTO `glpi_profiles_users` VALUES ('1695','736','1','0','0','1');
INSERT INTO `glpi_profiles_users` VALUES ('1696','737','1','0','0','1');
INSERT INTO `glpi_profiles_users` VALUES ('1697','738','1','0','0','1');
INSERT INTO `glpi_profiles_users` VALUES ('1698','739','1','0','0','1');
INSERT INTO `glpi_profiles_users` VALUES ('1699','740','1','0','0','1');
INSERT INTO `glpi_profiles_users` VALUES ('1700','741','1','0','0','1');
INSERT INTO `glpi_profiles_users` VALUES ('1701','742','1','0','0','1');
INSERT INTO `glpi_profiles_users` VALUES ('1702','743','1','0','0','1');
INSERT INTO `glpi_profiles_users` VALUES ('1703','744','1','0','0','1');
INSERT INTO `glpi_profiles_users` VALUES ('1704','745','1','0','0','1');
INSERT INTO `glpi_profiles_users` VALUES ('1705','746','1','0','0','1');
INSERT INTO `glpi_profiles_users` VALUES ('1706','747','1','0','0','1');
INSERT INTO `glpi_profiles_users` VALUES ('1707','748','1','0','0','1');
INSERT INTO `glpi_profiles_users` VALUES ('2561','545','6','0','0','1');
INSERT INTO `glpi_profiles_users` VALUES ('1709','750','1','0','0','1');
INSERT INTO `glpi_profiles_users` VALUES ('1710','751','1','0','0','1');
INSERT INTO `glpi_profiles_users` VALUES ('1711','752','1','0','0','1');
INSERT INTO `glpi_profiles_users` VALUES ('1712','753','1','0','0','1');
INSERT INTO `glpi_profiles_users` VALUES ('1713','754','1','0','0','1');
INSERT INTO `glpi_profiles_users` VALUES ('1714','755','1','0','0','1');
INSERT INTO `glpi_profiles_users` VALUES ('1715','756','1','0','0','1');
INSERT INTO `glpi_profiles_users` VALUES ('1716','757','1','0','0','1');
INSERT INTO `glpi_profiles_users` VALUES ('1717','758','1','0','0','1');
INSERT INTO `glpi_profiles_users` VALUES ('1718','759','1','0','0','1');
INSERT INTO `glpi_profiles_users` VALUES ('1719','760','1','0','0','1');
INSERT INTO `glpi_profiles_users` VALUES ('1720','761','1','0','0','1');
INSERT INTO `glpi_profiles_users` VALUES ('1721','762','1','0','0','1');
INSERT INTO `glpi_profiles_users` VALUES ('1722','763','1','0','0','1');
INSERT INTO `glpi_profiles_users` VALUES ('1723','764','1','0','0','1');
INSERT INTO `glpi_profiles_users` VALUES ('1724','765','1','0','0','1');
INSERT INTO `glpi_profiles_users` VALUES ('1725','766','1','0','0','1');
INSERT INTO `glpi_profiles_users` VALUES ('1726','767','1','0','0','1');
INSERT INTO `glpi_profiles_users` VALUES ('1727','768','1','0','0','1');
INSERT INTO `glpi_profiles_users` VALUES ('1728','769','1','0','0','1');
INSERT INTO `glpi_profiles_users` VALUES ('1729','770','1','0','0','1');
INSERT INTO `glpi_profiles_users` VALUES ('1730','771','1','0','0','1');
INSERT INTO `glpi_profiles_users` VALUES ('1731','772','1','0','0','1');
INSERT INTO `glpi_profiles_users` VALUES ('1732','773','1','0','0','1');
INSERT INTO `glpi_profiles_users` VALUES ('1733','774','1','0','0','1');
INSERT INTO `glpi_profiles_users` VALUES ('1734','775','1','0','0','1');
INSERT INTO `glpi_profiles_users` VALUES ('1735','776','1','0','0','1');
INSERT INTO `glpi_profiles_users` VALUES ('1736','777','1','0','0','1');
INSERT INTO `glpi_profiles_users` VALUES ('1737','778','1','0','0','1');
INSERT INTO `glpi_profiles_users` VALUES ('1738','779','1','0','0','1');
INSERT INTO `glpi_profiles_users` VALUES ('1739','780','1','0','0','1');
INSERT INTO `glpi_profiles_users` VALUES ('1740','781','1','0','0','1');
INSERT INTO `glpi_profiles_users` VALUES ('1741','782','1','0','0','1');
INSERT INTO `glpi_profiles_users` VALUES ('1742','783','1','0','0','1');
INSERT INTO `glpi_profiles_users` VALUES ('1985','784','1','0','0','1');
INSERT INTO `glpi_profiles_users` VALUES ('1744','785','1','0','0','1');
INSERT INTO `glpi_profiles_users` VALUES ('1745','786','1','0','0','1');
INSERT INTO `glpi_profiles_users` VALUES ('1746','787','1','0','0','1');
INSERT INTO `glpi_profiles_users` VALUES ('1747','788','1','0','0','1');
INSERT INTO `glpi_profiles_users` VALUES ('1986','789','1','0','0','1');
INSERT INTO `glpi_profiles_users` VALUES ('1749','790','1','0','0','1');
INSERT INTO `glpi_profiles_users` VALUES ('1750','791','1','0','0','1');
INSERT INTO `glpi_profiles_users` VALUES ('1751','792','1','0','0','1');
INSERT INTO `glpi_profiles_users` VALUES ('1752','793','1','0','0','1');
INSERT INTO `glpi_profiles_users` VALUES ('1753','794','1','0','0','1');
INSERT INTO `glpi_profiles_users` VALUES ('1754','795','1','0','0','1');
INSERT INTO `glpi_profiles_users` VALUES ('1755','796','1','0','0','1');
INSERT INTO `glpi_profiles_users` VALUES ('1756','797','1','0','0','1');
INSERT INTO `glpi_profiles_users` VALUES ('1757','798','1','0','0','1');
INSERT INTO `glpi_profiles_users` VALUES ('1758','799','1','0','0','1');
INSERT INTO `glpi_profiles_users` VALUES ('1759','800','1','0','0','1');
INSERT INTO `glpi_profiles_users` VALUES ('1760','801','1','0','0','1');
INSERT INTO `glpi_profiles_users` VALUES ('1761','802','1','0','0','1');
INSERT INTO `glpi_profiles_users` VALUES ('1762','803','1','0','0','1');
INSERT INTO `glpi_profiles_users` VALUES ('1763','804','1','0','0','1');
INSERT INTO `glpi_profiles_users` VALUES ('1764','805','1','0','0','1');
INSERT INTO `glpi_profiles_users` VALUES ('1765','806','1','0','0','1');
INSERT INTO `glpi_profiles_users` VALUES ('1766','807','1','0','0','1');
INSERT INTO `glpi_profiles_users` VALUES ('1767','808','1','0','0','1');
INSERT INTO `glpi_profiles_users` VALUES ('1768','809','1','0','0','1');
INSERT INTO `glpi_profiles_users` VALUES ('1769','810','1','0','0','1');
INSERT INTO `glpi_profiles_users` VALUES ('1770','811','1','0','0','1');
INSERT INTO `glpi_profiles_users` VALUES ('1771','812','1','0','0','1');
INSERT INTO `glpi_profiles_users` VALUES ('1772','813','1','0','0','1');
INSERT INTO `glpi_profiles_users` VALUES ('1773','814','1','0','0','1');
INSERT INTO `glpi_profiles_users` VALUES ('1774','815','1','0','0','1');
INSERT INTO `glpi_profiles_users` VALUES ('1775','816','1','0','0','1');
INSERT INTO `glpi_profiles_users` VALUES ('1776','817','1','0','0','1');
INSERT INTO `glpi_profiles_users` VALUES ('1777','818','1','0','0','1');
INSERT INTO `glpi_profiles_users` VALUES ('1778','819','1','0','0','1');
INSERT INTO `glpi_profiles_users` VALUES ('1779','820','1','0','0','1');
INSERT INTO `glpi_profiles_users` VALUES ('1780','821','1','0','0','1');
INSERT INTO `glpi_profiles_users` VALUES ('1781','822','1','0','0','1');
INSERT INTO `glpi_profiles_users` VALUES ('1782','823','1','0','0','1');
INSERT INTO `glpi_profiles_users` VALUES ('1783','824','1','0','0','1');
INSERT INTO `glpi_profiles_users` VALUES ('1784','825','1','0','0','1');
INSERT INTO `glpi_profiles_users` VALUES ('1785','826','1','0','0','1');
INSERT INTO `glpi_profiles_users` VALUES ('1786','827','1','0','0','1');
INSERT INTO `glpi_profiles_users` VALUES ('1787','828','1','0','0','1');
INSERT INTO `glpi_profiles_users` VALUES ('1788','829','1','0','0','1');
INSERT INTO `glpi_profiles_users` VALUES ('1789','830','1','0','0','1');
INSERT INTO `glpi_profiles_users` VALUES ('1790','831','1','0','0','1');
INSERT INTO `glpi_profiles_users` VALUES ('1791','832','1','0','0','1');
INSERT INTO `glpi_profiles_users` VALUES ('1792','833','1','0','0','1');
INSERT INTO `glpi_profiles_users` VALUES ('1793','834','1','0','0','1');
INSERT INTO `glpi_profiles_users` VALUES ('1794','835','1','0','0','1');
INSERT INTO `glpi_profiles_users` VALUES ('1795','836','1','0','0','1');
INSERT INTO `glpi_profiles_users` VALUES ('1796','837','1','0','0','1');
INSERT INTO `glpi_profiles_users` VALUES ('1797','838','1','0','0','1');
INSERT INTO `glpi_profiles_users` VALUES ('1798','839','1','0','0','1');
INSERT INTO `glpi_profiles_users` VALUES ('1799','840','1','0','0','1');
INSERT INTO `glpi_profiles_users` VALUES ('1800','841','1','0','0','1');
INSERT INTO `glpi_profiles_users` VALUES ('1801','842','1','0','0','1');
INSERT INTO `glpi_profiles_users` VALUES ('1802','843','1','0','0','1');
INSERT INTO `glpi_profiles_users` VALUES ('1988','844','1','0','0','1');
INSERT INTO `glpi_profiles_users` VALUES ('1804','845','1','0','0','1');
INSERT INTO `glpi_profiles_users` VALUES ('1805','846','1','0','0','1');
INSERT INTO `glpi_profiles_users` VALUES ('1806','847','1','0','0','1');
INSERT INTO `glpi_profiles_users` VALUES ('1807','848','1','0','0','1');
INSERT INTO `glpi_profiles_users` VALUES ('1808','849','1','0','0','1');
INSERT INTO `glpi_profiles_users` VALUES ('1809','850','1','0','0','1');
INSERT INTO `glpi_profiles_users` VALUES ('1810','851','1','0','0','1');
INSERT INTO `glpi_profiles_users` VALUES ('1811','852','1','0','0','1');
INSERT INTO `glpi_profiles_users` VALUES ('1812','853','1','0','0','1');
INSERT INTO `glpi_profiles_users` VALUES ('1813','854','1','0','0','1');
INSERT INTO `glpi_profiles_users` VALUES ('1814','855','1','0','0','1');
INSERT INTO `glpi_profiles_users` VALUES ('1815','856','1','0','0','1');
INSERT INTO `glpi_profiles_users` VALUES ('1816','857','1','0','0','1');
INSERT INTO `glpi_profiles_users` VALUES ('1817','858','1','0','0','1');
INSERT INTO `glpi_profiles_users` VALUES ('1818','859','1','0','0','1');
INSERT INTO `glpi_profiles_users` VALUES ('1819','860','1','0','0','1');
INSERT INTO `glpi_profiles_users` VALUES ('1820','861','1','0','0','1');
INSERT INTO `glpi_profiles_users` VALUES ('1821','862','1','0','0','1');
INSERT INTO `glpi_profiles_users` VALUES ('1822','863','1','0','0','1');
INSERT INTO `glpi_profiles_users` VALUES ('1823','864','1','0','0','1');
INSERT INTO `glpi_profiles_users` VALUES ('1824','865','1','0','0','1');
INSERT INTO `glpi_profiles_users` VALUES ('1825','866','1','0','0','1');
INSERT INTO `glpi_profiles_users` VALUES ('1826','867','1','0','0','1');
INSERT INTO `glpi_profiles_users` VALUES ('1827','868','1','0','0','1');
INSERT INTO `glpi_profiles_users` VALUES ('1828','869','1','0','0','1');
INSERT INTO `glpi_profiles_users` VALUES ('1829','870','1','0','0','1');
INSERT INTO `glpi_profiles_users` VALUES ('1830','871','1','0','0','1');
INSERT INTO `glpi_profiles_users` VALUES ('1831','872','1','0','0','1');
INSERT INTO `glpi_profiles_users` VALUES ('1832','873','1','0','0','1');
INSERT INTO `glpi_profiles_users` VALUES ('1833','874','1','0','0','1');
INSERT INTO `glpi_profiles_users` VALUES ('1834','875','1','0','0','1');
INSERT INTO `glpi_profiles_users` VALUES ('1835','876','1','0','0','1');
INSERT INTO `glpi_profiles_users` VALUES ('1836','877','1','0','0','1');
INSERT INTO `glpi_profiles_users` VALUES ('1837','878','1','0','0','1');
INSERT INTO `glpi_profiles_users` VALUES ('1838','879','1','0','0','1');
INSERT INTO `glpi_profiles_users` VALUES ('1839','880','1','0','0','1');
INSERT INTO `glpi_profiles_users` VALUES ('1840','881','1','0','0','1');
INSERT INTO `glpi_profiles_users` VALUES ('1841','882','1','0','0','1');
INSERT INTO `glpi_profiles_users` VALUES ('1842','883','1','0','0','1');
INSERT INTO `glpi_profiles_users` VALUES ('1843','884','1','0','0','1');
INSERT INTO `glpi_profiles_users` VALUES ('1844','885','1','0','0','1');
INSERT INTO `glpi_profiles_users` VALUES ('2554','1497','6','0','0','1');
INSERT INTO `glpi_profiles_users` VALUES ('1846','887','1','0','0','1');
INSERT INTO `glpi_profiles_users` VALUES ('1847','888','1','0','0','1');
INSERT INTO `glpi_profiles_users` VALUES ('1848','889','1','0','0','1');
INSERT INTO `glpi_profiles_users` VALUES ('1849','890','1','0','0','1');
INSERT INTO `glpi_profiles_users` VALUES ('1850','891','1','0','0','1');
INSERT INTO `glpi_profiles_users` VALUES ('1851','892','1','0','0','1');
INSERT INTO `glpi_profiles_users` VALUES ('1852','893','1','0','0','1');
INSERT INTO `glpi_profiles_users` VALUES ('1853','894','1','0','0','1');
INSERT INTO `glpi_profiles_users` VALUES ('1854','895','1','0','0','1');
INSERT INTO `glpi_profiles_users` VALUES ('1855','896','1','0','0','1');
INSERT INTO `glpi_profiles_users` VALUES ('1991','897','1','0','0','1');
INSERT INTO `glpi_profiles_users` VALUES ('1857','898','1','0','0','1');
INSERT INTO `glpi_profiles_users` VALUES ('1858','899','1','0','0','1');
INSERT INTO `glpi_profiles_users` VALUES ('2597','1524','6','0','0','1');
INSERT INTO `glpi_profiles_users` VALUES ('1860','901','1','0','0','1');
INSERT INTO `glpi_profiles_users` VALUES ('1861','902','1','0','0','1');
INSERT INTO `glpi_profiles_users` VALUES ('1862','903','1','0','0','1');
INSERT INTO `glpi_profiles_users` VALUES ('1863','904','1','0','0','1');
INSERT INTO `glpi_profiles_users` VALUES ('1864','905','1','0','0','1');
INSERT INTO `glpi_profiles_users` VALUES ('1865','906','1','0','0','1');
INSERT INTO `glpi_profiles_users` VALUES ('1866','907','1','0','0','1');
INSERT INTO `glpi_profiles_users` VALUES ('1867','908','1','0','0','1');
INSERT INTO `glpi_profiles_users` VALUES ('1868','909','1','0','0','1');
INSERT INTO `glpi_profiles_users` VALUES ('1869','910','1','0','0','1');
INSERT INTO `glpi_profiles_users` VALUES ('1870','911','1','0','0','1');
INSERT INTO `glpi_profiles_users` VALUES ('1871','912','1','0','0','1');
INSERT INTO `glpi_profiles_users` VALUES ('1872','913','1','0','0','1');
INSERT INTO `glpi_profiles_users` VALUES ('1873','914','1','0','0','1');
INSERT INTO `glpi_profiles_users` VALUES ('1874','915','1','0','0','1');
INSERT INTO `glpi_profiles_users` VALUES ('1875','916','1','0','0','1');
INSERT INTO `glpi_profiles_users` VALUES ('1876','917','1','0','0','1');
INSERT INTO `glpi_profiles_users` VALUES ('1877','918','1','0','0','1');
INSERT INTO `glpi_profiles_users` VALUES ('1878','919','1','0','0','1');
INSERT INTO `glpi_profiles_users` VALUES ('1879','920','1','0','0','1');
INSERT INTO `glpi_profiles_users` VALUES ('1880','921','1','0','0','1');
INSERT INTO `glpi_profiles_users` VALUES ('1881','922','1','0','0','1');
INSERT INTO `glpi_profiles_users` VALUES ('1882','923','1','0','0','1');
INSERT INTO `glpi_profiles_users` VALUES ('1883','924','1','0','0','1');
INSERT INTO `glpi_profiles_users` VALUES ('1884','925','1','0','0','1');
INSERT INTO `glpi_profiles_users` VALUES ('1885','926','1','0','0','1');
INSERT INTO `glpi_profiles_users` VALUES ('1886','927','1','0','0','1');
INSERT INTO `glpi_profiles_users` VALUES ('1887','928','1','0','0','1');
INSERT INTO `glpi_profiles_users` VALUES ('1888','929','1','0','0','1');
INSERT INTO `glpi_profiles_users` VALUES ('1889','930','1','0','0','1');
INSERT INTO `glpi_profiles_users` VALUES ('1890','931','1','0','0','1');
INSERT INTO `glpi_profiles_users` VALUES ('1891','932','1','0','0','1');
INSERT INTO `glpi_profiles_users` VALUES ('1892','933','1','0','0','1');
INSERT INTO `glpi_profiles_users` VALUES ('1893','934','1','0','0','1');
INSERT INTO `glpi_profiles_users` VALUES ('1894','935','1','0','0','1');
INSERT INTO `glpi_profiles_users` VALUES ('1895','936','1','0','0','1');
INSERT INTO `glpi_profiles_users` VALUES ('1896','937','1','0','0','1');
INSERT INTO `glpi_profiles_users` VALUES ('1897','938','1','0','0','1');
INSERT INTO `glpi_profiles_users` VALUES ('1898','939','1','0','0','1');
INSERT INTO `glpi_profiles_users` VALUES ('1899','940','1','0','0','1');
INSERT INTO `glpi_profiles_users` VALUES ('1900','941','1','0','0','1');
INSERT INTO `glpi_profiles_users` VALUES ('1901','942','1','0','0','1');
INSERT INTO `glpi_profiles_users` VALUES ('1902','943','1','0','0','1');
INSERT INTO `glpi_profiles_users` VALUES ('1903','944','1','0','0','1');
INSERT INTO `glpi_profiles_users` VALUES ('1904','945','1','0','0','1');
INSERT INTO `glpi_profiles_users` VALUES ('1905','946','1','0','0','1');
INSERT INTO `glpi_profiles_users` VALUES ('1906','947','1','0','0','1');
INSERT INTO `glpi_profiles_users` VALUES ('1907','948','1','0','0','1');
INSERT INTO `glpi_profiles_users` VALUES ('1908','949','1','0','0','1');
INSERT INTO `glpi_profiles_users` VALUES ('1909','950','1','0','0','1');
INSERT INTO `glpi_profiles_users` VALUES ('1910','951','1','0','0','1');
INSERT INTO `glpi_profiles_users` VALUES ('1911','952','1','0','0','1');
INSERT INTO `glpi_profiles_users` VALUES ('1912','953','1','0','0','1');
INSERT INTO `glpi_profiles_users` VALUES ('1913','954','1','0','0','1');
INSERT INTO `glpi_profiles_users` VALUES ('1914','955','1','0','0','1');
INSERT INTO `glpi_profiles_users` VALUES ('1915','956','1','0','0','1');
INSERT INTO `glpi_profiles_users` VALUES ('1916','957','1','0','0','1');
INSERT INTO `glpi_profiles_users` VALUES ('1917','958','1','0','0','1');
INSERT INTO `glpi_profiles_users` VALUES ('1918','959','1','0','0','1');
INSERT INTO `glpi_profiles_users` VALUES ('1919','960','1','0','0','1');
INSERT INTO `glpi_profiles_users` VALUES ('1920','961','1','0','0','1');
INSERT INTO `glpi_profiles_users` VALUES ('1921','962','1','0','0','1');
INSERT INTO `glpi_profiles_users` VALUES ('1922','963','1','0','0','1');
INSERT INTO `glpi_profiles_users` VALUES ('1923','964','1','0','0','1');
INSERT INTO `glpi_profiles_users` VALUES ('1924','965','1','0','0','1');
INSERT INTO `glpi_profiles_users` VALUES ('1925','966','1','0','0','1');
INSERT INTO `glpi_profiles_users` VALUES ('1926','967','1','0','0','1');
INSERT INTO `glpi_profiles_users` VALUES ('1927','968','1','0','0','1');
INSERT INTO `glpi_profiles_users` VALUES ('1928','969','1','0','0','1');
INSERT INTO `glpi_profiles_users` VALUES ('1929','970','1','0','0','1');
INSERT INTO `glpi_profiles_users` VALUES ('1930','971','1','0','0','1');
INSERT INTO `glpi_profiles_users` VALUES ('1931','972','1','0','0','1');
INSERT INTO `glpi_profiles_users` VALUES ('1932','973','1','0','0','1');
INSERT INTO `glpi_profiles_users` VALUES ('1933','974','1','0','0','1');
INSERT INTO `glpi_profiles_users` VALUES ('1934','975','1','0','0','1');
INSERT INTO `glpi_profiles_users` VALUES ('1935','976','1','0','0','1');
INSERT INTO `glpi_profiles_users` VALUES ('1936','977','1','0','0','1');
INSERT INTO `glpi_profiles_users` VALUES ('1937','978','1','0','0','1');
INSERT INTO `glpi_profiles_users` VALUES ('1938','979','1','0','0','1');
INSERT INTO `glpi_profiles_users` VALUES ('1939','980','1','0','0','1');
INSERT INTO `glpi_profiles_users` VALUES ('1940','981','1','0','0','1');
INSERT INTO `glpi_profiles_users` VALUES ('1941','982','1','0','0','1');
INSERT INTO `glpi_profiles_users` VALUES ('1942','983','1','0','0','1');
INSERT INTO `glpi_profiles_users` VALUES ('1943','984','1','0','0','1');
INSERT INTO `glpi_profiles_users` VALUES ('1944','985','1','0','0','1');
INSERT INTO `glpi_profiles_users` VALUES ('1945','986','1','0','0','1');
INSERT INTO `glpi_profiles_users` VALUES ('1946','987','1','0','0','1');
INSERT INTO `glpi_profiles_users` VALUES ('1947','988','1','0','0','1');
INSERT INTO `glpi_profiles_users` VALUES ('1948','989','1','0','0','1');
INSERT INTO `glpi_profiles_users` VALUES ('2579','1057','6','0','0','1');
INSERT INTO `glpi_profiles_users` VALUES ('1950','991','1','0','0','1');
INSERT INTO `glpi_profiles_users` VALUES ('1951','992','1','0','0','1');
INSERT INTO `glpi_profiles_users` VALUES ('1952','993','1','0','0','1');
INSERT INTO `glpi_profiles_users` VALUES ('1953','994','1','0','0','1');
INSERT INTO `glpi_profiles_users` VALUES ('1954','995','1','0','0','1');
INSERT INTO `glpi_profiles_users` VALUES ('1955','996','1','0','0','1');
INSERT INTO `glpi_profiles_users` VALUES ('1956','997','1','0','0','1');
INSERT INTO `glpi_profiles_users` VALUES ('1957','998','1','0','0','1');
INSERT INTO `glpi_profiles_users` VALUES ('1958','999','1','0','0','1');
INSERT INTO `glpi_profiles_users` VALUES ('1959','1000','1','0','0','1');
INSERT INTO `glpi_profiles_users` VALUES ('1960','1001','1','0','0','1');
INSERT INTO `glpi_profiles_users` VALUES ('1961','1002','1','0','0','1');
INSERT INTO `glpi_profiles_users` VALUES ('1962','1003','1','0','0','1');
INSERT INTO `glpi_profiles_users` VALUES ('1963','1004','1','0','0','1');
INSERT INTO `glpi_profiles_users` VALUES ('1964','1005','1','0','0','1');
INSERT INTO `glpi_profiles_users` VALUES ('1965','1006','1','0','0','1');
INSERT INTO `glpi_profiles_users` VALUES ('1966','1007','1','0','0','1');
INSERT INTO `glpi_profiles_users` VALUES ('1967','1008','1','0','0','1');
INSERT INTO `glpi_profiles_users` VALUES ('1968','1009','1','0','0','1');
INSERT INTO `glpi_profiles_users` VALUES ('1969','1010','1','0','0','1');
INSERT INTO `glpi_profiles_users` VALUES ('1970','1011','1','0','0','1');
INSERT INTO `glpi_profiles_users` VALUES ('1971','1012','1','0','0','1');
INSERT INTO `glpi_profiles_users` VALUES ('1972','1013','1','0','0','1');
INSERT INTO `glpi_profiles_users` VALUES ('1973','1014','1','0','0','1');
INSERT INTO `glpi_profiles_users` VALUES ('1974','1015','1','0','0','1');
INSERT INTO `glpi_profiles_users` VALUES ('1975','1016','1','0','0','1');
INSERT INTO `glpi_profiles_users` VALUES ('1976','1017','1','0','0','1');
INSERT INTO `glpi_profiles_users` VALUES ('1977','1018','1','0','0','1');
INSERT INTO `glpi_profiles_users` VALUES ('1978','1019','1','0','0','1');
INSERT INTO `glpi_profiles_users` VALUES ('1979','1020','1','0','0','1');
INSERT INTO `glpi_profiles_users` VALUES ('1980','1021','1','0','0','1');
INSERT INTO `glpi_profiles_users` VALUES ('2009','1022','1','0','0','1');
INSERT INTO `glpi_profiles_users` VALUES ('2010','1023','1','0','0','1');
INSERT INTO `glpi_profiles_users` VALUES ('2011','1024','1','0','0','1');
INSERT INTO `glpi_profiles_users` VALUES ('2012','1025','1','0','0','1');
INSERT INTO `glpi_profiles_users` VALUES ('2013','1026','1','0','0','1');
INSERT INTO `glpi_profiles_users` VALUES ('2014','1027','1','0','0','1');
INSERT INTO `glpi_profiles_users` VALUES ('2015','1028','1','0','0','1');
INSERT INTO `glpi_profiles_users` VALUES ('2016','1029','1','0','0','1');
INSERT INTO `glpi_profiles_users` VALUES ('2017','1030','1','0','0','1');
INSERT INTO `glpi_profiles_users` VALUES ('2018','1031','1','0','0','1');
INSERT INTO `glpi_profiles_users` VALUES ('2019','1032','1','0','0','1');
INSERT INTO `glpi_profiles_users` VALUES ('2020','1033','1','0','0','1');
INSERT INTO `glpi_profiles_users` VALUES ('2021','1034','1','0','0','1');
INSERT INTO `glpi_profiles_users` VALUES ('2022','1035','1','0','0','1');
INSERT INTO `glpi_profiles_users` VALUES ('2023','1036','1','0','0','1');
INSERT INTO `glpi_profiles_users` VALUES ('2024','1037','1','0','0','1');
INSERT INTO `glpi_profiles_users` VALUES ('2025','1038','1','0','0','1');
INSERT INTO `glpi_profiles_users` VALUES ('2026','1039','1','0','0','1');
INSERT INTO `glpi_profiles_users` VALUES ('2027','1040','1','0','0','1');
INSERT INTO `glpi_profiles_users` VALUES ('2028','1041','1','0','0','1');
INSERT INTO `glpi_profiles_users` VALUES ('2029','1042','1','0','0','1');
INSERT INTO `glpi_profiles_users` VALUES ('2030','1043','1','0','0','1');
INSERT INTO `glpi_profiles_users` VALUES ('2031','1044','1','0','0','1');
INSERT INTO `glpi_profiles_users` VALUES ('2032','1045','1','0','0','1');
INSERT INTO `glpi_profiles_users` VALUES ('2033','1046','1','0','0','1');
INSERT INTO `glpi_profiles_users` VALUES ('2034','1047','1','0','0','1');
INSERT INTO `glpi_profiles_users` VALUES ('2035','1048','1','0','0','1');
INSERT INTO `glpi_profiles_users` VALUES ('2036','1049','1','0','0','1');
INSERT INTO `glpi_profiles_users` VALUES ('2037','1050','1','0','0','1');
INSERT INTO `glpi_profiles_users` VALUES ('2038','1051','1','0','0','1');
INSERT INTO `glpi_profiles_users` VALUES ('2039','1052','1','0','0','1');
INSERT INTO `glpi_profiles_users` VALUES ('2040','1053','1','0','0','1');
INSERT INTO `glpi_profiles_users` VALUES ('2041','1054','1','0','0','1');
INSERT INTO `glpi_profiles_users` VALUES ('2042','1055','1','0','0','1');
INSERT INTO `glpi_profiles_users` VALUES ('2043','395','4','0','0','0');
INSERT INTO `glpi_profiles_users` VALUES ('2044','1056','1','0','0','1');
INSERT INTO `glpi_profiles_users` VALUES ('2045','363','4','0','1','0');
INSERT INTO `glpi_profiles_users` VALUES ('2580','1512','6','0','0','1');
INSERT INTO `glpi_profiles_users` VALUES ('2047','1058','1','0','0','1');
INSERT INTO `glpi_profiles_users` VALUES ('2048','1059','1','0','0','1');
INSERT INTO `glpi_profiles_users` VALUES ('2049','1060','1','0','0','1');
INSERT INTO `glpi_profiles_users` VALUES ('2050','1061','1','0','0','1');
INSERT INTO `glpi_profiles_users` VALUES ('2053','350','1','0','0','1');
INSERT INTO `glpi_profiles_users` VALUES ('2054','1062','1','0','0','1');
INSERT INTO `glpi_profiles_users` VALUES ('2055','1063','1','0','0','1');
INSERT INTO `glpi_profiles_users` VALUES ('2056','1064','1','0','0','1');
INSERT INTO `glpi_profiles_users` VALUES ('2057','1065','1','0','0','1');
INSERT INTO `glpi_profiles_users` VALUES ('2058','1066','1','0','0','1');
INSERT INTO `glpi_profiles_users` VALUES ('2059','1067','1','0','0','1');
INSERT INTO `glpi_profiles_users` VALUES ('2652','1491','1','0','0','1');
INSERT INTO `glpi_profiles_users` VALUES ('2061','1069','1','0','0','1');
INSERT INTO `glpi_profiles_users` VALUES ('2062','1070','1','0','0','1');
INSERT INTO `glpi_profiles_users` VALUES ('2063','1071','1','0','0','1');
INSERT INTO `glpi_profiles_users` VALUES ('2064','1072','1','0','0','1');
INSERT INTO `glpi_profiles_users` VALUES ('2065','1073','1','0','0','1');
INSERT INTO `glpi_profiles_users` VALUES ('2066','1074','1','0','0','1');
INSERT INTO `glpi_profiles_users` VALUES ('2067','1075','1','0','0','1');
INSERT INTO `glpi_profiles_users` VALUES ('2068','1076','1','0','0','1');
INSERT INTO `glpi_profiles_users` VALUES ('2069','1077','1','0','0','1');
INSERT INTO `glpi_profiles_users` VALUES ('2070','1078','1','0','0','1');
INSERT INTO `glpi_profiles_users` VALUES ('2071','1079','1','0','0','1');
INSERT INTO `glpi_profiles_users` VALUES ('2072','1080','1','0','0','1');
INSERT INTO `glpi_profiles_users` VALUES ('2073','1081','1','0','0','1');
INSERT INTO `glpi_profiles_users` VALUES ('2074','1082','1','0','0','1');
INSERT INTO `glpi_profiles_users` VALUES ('2075','1083','1','0','0','1');
INSERT INTO `glpi_profiles_users` VALUES ('2076','1084','1','0','0','1');
INSERT INTO `glpi_profiles_users` VALUES ('2077','1085','1','0','0','1');
INSERT INTO `glpi_profiles_users` VALUES ('2078','1086','1','0','0','1');
INSERT INTO `glpi_profiles_users` VALUES ('2079','1087','1','0','0','1');
INSERT INTO `glpi_profiles_users` VALUES ('2080','1088','1','0','0','1');
INSERT INTO `glpi_profiles_users` VALUES ('2081','1089','1','0','0','1');
INSERT INTO `glpi_profiles_users` VALUES ('2082','1090','1','0','0','1');
INSERT INTO `glpi_profiles_users` VALUES ('2083','1091','1','0','0','1');
INSERT INTO `glpi_profiles_users` VALUES ('2084','1092','1','0','0','1');
INSERT INTO `glpi_profiles_users` VALUES ('2085','1093','1','0','0','1');
INSERT INTO `glpi_profiles_users` VALUES ('2086','1094','1','0','0','1');
INSERT INTO `glpi_profiles_users` VALUES ('2087','1095','1','0','0','1');
INSERT INTO `glpi_profiles_users` VALUES ('2088','1096','1','0','0','1');
INSERT INTO `glpi_profiles_users` VALUES ('2089','1097','1','0','0','1');
INSERT INTO `glpi_profiles_users` VALUES ('2090','1098','1','0','0','1');
INSERT INTO `glpi_profiles_users` VALUES ('2091','1098','3','0','0','0');
INSERT INTO `glpi_profiles_users` VALUES ('2092','1098','3','0','0','0');
INSERT INTO `glpi_profiles_users` VALUES ('2093','1099','1','0','0','1');
INSERT INTO `glpi_profiles_users` VALUES ('2094','1100','1','0','0','1');
INSERT INTO `glpi_profiles_users` VALUES ('2095','1101','1','0','0','1');
INSERT INTO `glpi_profiles_users` VALUES ('2096','1102','1','0','0','1');
INSERT INTO `glpi_profiles_users` VALUES ('2097','1103','1','0','0','1');
INSERT INTO `glpi_profiles_users` VALUES ('2098','1104','1','0','0','1');
INSERT INTO `glpi_profiles_users` VALUES ('2099','1105','1','0','0','1');
INSERT INTO `glpi_profiles_users` VALUES ('2100','1106','1','0','0','1');
INSERT INTO `glpi_profiles_users` VALUES ('2101','1107','1','0','0','1');
INSERT INTO `glpi_profiles_users` VALUES ('2102','1108','1','0','0','1');
INSERT INTO `glpi_profiles_users` VALUES ('2103','1109','1','0','0','1');
INSERT INTO `glpi_profiles_users` VALUES ('2104','1110','1','0','0','1');
INSERT INTO `glpi_profiles_users` VALUES ('2105','1111','1','0','0','1');
INSERT INTO `glpi_profiles_users` VALUES ('2106','1112','6','0','0','0');
INSERT INTO `glpi_profiles_users` VALUES ('2107','1113','1','0','0','1');
INSERT INTO `glpi_profiles_users` VALUES ('2108','1114','1','0','0','1');
INSERT INTO `glpi_profiles_users` VALUES ('2109','1115','1','0','0','1');
INSERT INTO `glpi_profiles_users` VALUES ('2110','1116','1','0','0','1');
INSERT INTO `glpi_profiles_users` VALUES ('2111','1112','3','0','0','0');
INSERT INTO `glpi_profiles_users` VALUES ('2112','1117','1','0','0','1');
INSERT INTO `glpi_profiles_users` VALUES ('2113','1118','1','0','0','1');
INSERT INTO `glpi_profiles_users` VALUES ('2114','1119','1','0','0','1');
INSERT INTO `glpi_profiles_users` VALUES ('2115','1120','1','0','0','1');
INSERT INTO `glpi_profiles_users` VALUES ('2116','1121','1','0','0','1');
INSERT INTO `glpi_profiles_users` VALUES ('2117','1122','1','0','0','1');
INSERT INTO `glpi_profiles_users` VALUES ('2118','1123','1','0','0','1');
INSERT INTO `glpi_profiles_users` VALUES ('2119','1124','1','0','0','1');
INSERT INTO `glpi_profiles_users` VALUES ('2120','1125','1','0','0','1');
INSERT INTO `glpi_profiles_users` VALUES ('2121','1126','1','0','0','1');
INSERT INTO `glpi_profiles_users` VALUES ('2122','1127','1','0','0','1');
INSERT INTO `glpi_profiles_users` VALUES ('2123','1128','1','0','0','1');
INSERT INTO `glpi_profiles_users` VALUES ('2124','1129','1','0','0','1');
INSERT INTO `glpi_profiles_users` VALUES ('2125','1130','1','0','0','1');
INSERT INTO `glpi_profiles_users` VALUES ('2126','1131','1','0','0','1');
INSERT INTO `glpi_profiles_users` VALUES ('2127','1132','1','0','0','1');
INSERT INTO `glpi_profiles_users` VALUES ('2128','1133','1','0','0','1');
INSERT INTO `glpi_profiles_users` VALUES ('2129','1134','1','0','0','1');
INSERT INTO `glpi_profiles_users` VALUES ('2130','1135','1','0','0','1');
INSERT INTO `glpi_profiles_users` VALUES ('2131','1136','1','0','0','1');
INSERT INTO `glpi_profiles_users` VALUES ('2132','1137','1','0','0','1');
INSERT INTO `glpi_profiles_users` VALUES ('2133','1138','1','0','0','1');
INSERT INTO `glpi_profiles_users` VALUES ('2134','1139','1','0','0','1');
INSERT INTO `glpi_profiles_users` VALUES ('2135','1140','1','0','0','1');
INSERT INTO `glpi_profiles_users` VALUES ('2136','1141','1','0','0','1');
INSERT INTO `glpi_profiles_users` VALUES ('2137','1142','1','0','0','1');
INSERT INTO `glpi_profiles_users` VALUES ('2138','1143','1','0','0','1');
INSERT INTO `glpi_profiles_users` VALUES ('2139','1144','1','0','0','1');
INSERT INTO `glpi_profiles_users` VALUES ('2140','1145','1','0','0','1');
INSERT INTO `glpi_profiles_users` VALUES ('2141','1146','1','0','0','1');
INSERT INTO `glpi_profiles_users` VALUES ('2142','1110','5','0','0','0');
INSERT INTO `glpi_profiles_users` VALUES ('2143','1147','1','0','0','1');
INSERT INTO `glpi_profiles_users` VALUES ('2144','1148','1','0','0','1');
INSERT INTO `glpi_profiles_users` VALUES ('2718','1238','1','0','0','1');
INSERT INTO `glpi_profiles_users` VALUES ('2146','1150','1','0','0','1');
INSERT INTO `glpi_profiles_users` VALUES ('2147','1151','1','0','0','1');
INSERT INTO `glpi_profiles_users` VALUES ('2148','1152','1','0','0','1');
INSERT INTO `glpi_profiles_users` VALUES ('2149','1153','1','0','0','1');
INSERT INTO `glpi_profiles_users` VALUES ('2150','1154','1','0','0','1');
INSERT INTO `glpi_profiles_users` VALUES ('2151','1155','1','0','0','1');
INSERT INTO `glpi_profiles_users` VALUES ('2152','1145','3','0','0','0');
INSERT INTO `glpi_profiles_users` VALUES ('2153','1156','1','0','0','0');
INSERT INTO `glpi_profiles_users` VALUES ('2155','1156','3','0','0','0');
INSERT INTO `glpi_profiles_users` VALUES ('2156','1157','1','0','0','1');
INSERT INTO `glpi_profiles_users` VALUES ('2157','1158','1','0','0','1');
INSERT INTO `glpi_profiles_users` VALUES ('2158','1159','1','0','0','1');
INSERT INTO `glpi_profiles_users` VALUES ('2159','1160','1','0','0','1');
INSERT INTO `glpi_profiles_users` VALUES ('2160','1161','1','0','0','1');
INSERT INTO `glpi_profiles_users` VALUES ('2161','1162','1','0','0','1');
INSERT INTO `glpi_profiles_users` VALUES ('2162','1163','1','0','0','1');
INSERT INTO `glpi_profiles_users` VALUES ('2163','1164','1','0','0','1');
INSERT INTO `glpi_profiles_users` VALUES ('2164','1165','1','0','0','1');
INSERT INTO `glpi_profiles_users` VALUES ('2165','1166','1','0','0','1');
INSERT INTO `glpi_profiles_users` VALUES ('2166','1167','1','0','0','1');
INSERT INTO `glpi_profiles_users` VALUES ('2167','1168','1','0','0','1');
INSERT INTO `glpi_profiles_users` VALUES ('2168','1169','1','0','0','1');
INSERT INTO `glpi_profiles_users` VALUES ('2169','1170','1','0','0','1');
INSERT INTO `glpi_profiles_users` VALUES ('2170','1171','1','0','0','1');
INSERT INTO `glpi_profiles_users` VALUES ('2171','1172','1','0','0','1');
INSERT INTO `glpi_profiles_users` VALUES ('2172','1173','1','0','0','1');
INSERT INTO `glpi_profiles_users` VALUES ('2173','1174','1','0','0','1');
INSERT INTO `glpi_profiles_users` VALUES ('2174','1175','1','0','0','1');
INSERT INTO `glpi_profiles_users` VALUES ('2175','1176','1','0','0','1');
INSERT INTO `glpi_profiles_users` VALUES ('2176','1177','1','0','0','1');
INSERT INTO `glpi_profiles_users` VALUES ('2177','1178','1','0','0','1');
INSERT INTO `glpi_profiles_users` VALUES ('2178','1179','1','0','0','1');
INSERT INTO `glpi_profiles_users` VALUES ('2179','1180','1','0','0','1');
INSERT INTO `glpi_profiles_users` VALUES ('2180','1181','1','0','0','1');
INSERT INTO `glpi_profiles_users` VALUES ('2181','1182','1','0','0','1');
INSERT INTO `glpi_profiles_users` VALUES ('2182','1183','1','0','0','1');
INSERT INTO `glpi_profiles_users` VALUES ('2183','1184','1','0','0','1');
INSERT INTO `glpi_profiles_users` VALUES ('2184','1185','1','0','0','1');
INSERT INTO `glpi_profiles_users` VALUES ('2185','1186','1','0','0','1');
INSERT INTO `glpi_profiles_users` VALUES ('2186','1187','1','0','0','1');
INSERT INTO `glpi_profiles_users` VALUES ('2187','1188','1','0','0','1');
INSERT INTO `glpi_profiles_users` VALUES ('2188','1189','1','0','0','1');
INSERT INTO `glpi_profiles_users` VALUES ('2189','1190','1','0','0','1');
INSERT INTO `glpi_profiles_users` VALUES ('2190','1191','1','0','0','1');
INSERT INTO `glpi_profiles_users` VALUES ('2191','1192','1','0','0','1');
INSERT INTO `glpi_profiles_users` VALUES ('2192','1193','1','0','0','1');
INSERT INTO `glpi_profiles_users` VALUES ('2193','1194','1','0','0','1');
INSERT INTO `glpi_profiles_users` VALUES ('2194','1195','1','0','0','1');
INSERT INTO `glpi_profiles_users` VALUES ('2195','1196','1','0','0','1');
INSERT INTO `glpi_profiles_users` VALUES ('2196','1197','1','0','0','1');
INSERT INTO `glpi_profiles_users` VALUES ('2197','1198','1','0','0','1');
INSERT INTO `glpi_profiles_users` VALUES ('2198','1199','1','0','0','1');
INSERT INTO `glpi_profiles_users` VALUES ('2199','1200','1','0','0','1');
INSERT INTO `glpi_profiles_users` VALUES ('2200','1201','1','0','0','1');
INSERT INTO `glpi_profiles_users` VALUES ('2201','1202','1','0','0','1');
INSERT INTO `glpi_profiles_users` VALUES ('2202','1112','3','0','0','0');
INSERT INTO `glpi_profiles_users` VALUES ('2203','1112','3','0','0','0');
INSERT INTO `glpi_profiles_users` VALUES ('2204','1112','3','0','1','0');
INSERT INTO `glpi_profiles_users` VALUES ('2205','1098','3','0','0','0');
INSERT INTO `glpi_profiles_users` VALUES ('2206','1098','1','0','0','0');
INSERT INTO `glpi_profiles_users` VALUES ('2207','1203','1','0','0','1');
INSERT INTO `glpi_profiles_users` VALUES ('2208','1204','1','0','0','1');
INSERT INTO `glpi_profiles_users` VALUES ('2209','1205','1','0','0','1');
INSERT INTO `glpi_profiles_users` VALUES ('2210','1206','1','0','0','1');
INSERT INTO `glpi_profiles_users` VALUES ('2211','1207','1','0','0','1');
INSERT INTO `glpi_profiles_users` VALUES ('2212','1207','3','0','0','0');
INSERT INTO `glpi_profiles_users` VALUES ('2213','1208','1','0','0','1');
INSERT INTO `glpi_profiles_users` VALUES ('2214','1209','1','0','0','1');
INSERT INTO `glpi_profiles_users` VALUES ('2215','1210','1','0','0','1');
INSERT INTO `glpi_profiles_users` VALUES ('2216','1210','3','0','0','0');
INSERT INTO `glpi_profiles_users` VALUES ('2217','1210','3','0','0','0');
INSERT INTO `glpi_profiles_users` VALUES ('2218','1211','1','0','0','1');
INSERT INTO `glpi_profiles_users` VALUES ('2219','1212','1','0','0','1');
INSERT INTO `glpi_profiles_users` VALUES ('2220','1213','1','0','0','1');
INSERT INTO `glpi_profiles_users` VALUES ('2221','1214','1','0','0','1');
INSERT INTO `glpi_profiles_users` VALUES ('2222','1216','1','0','0','1');
INSERT INTO `glpi_profiles_users` VALUES ('2223','1215','1','0','0','1');
INSERT INTO `glpi_profiles_users` VALUES ('2224','1217','1','0','0','1');
INSERT INTO `glpi_profiles_users` VALUES ('2225','1218','1','0','0','1');
INSERT INTO `glpi_profiles_users` VALUES ('2226','1219','1','0','0','1');
INSERT INTO `glpi_profiles_users` VALUES ('2227','1220','1','0','0','1');
INSERT INTO `glpi_profiles_users` VALUES ('2228','1221','1','0','0','1');
INSERT INTO `glpi_profiles_users` VALUES ('2229','1222','1','0','0','1');
INSERT INTO `glpi_profiles_users` VALUES ('2230','1223','1','0','0','1');
INSERT INTO `glpi_profiles_users` VALUES ('2231','1224','1','0','0','1');
INSERT INTO `glpi_profiles_users` VALUES ('2232','1225','1','0','0','1');
INSERT INTO `glpi_profiles_users` VALUES ('2233','1226','1','0','0','1');
INSERT INTO `glpi_profiles_users` VALUES ('2234','1227','1','0','0','1');
INSERT INTO `glpi_profiles_users` VALUES ('2235','1228','1','0','0','1');
INSERT INTO `glpi_profiles_users` VALUES ('2236','1229','1','0','0','1');
INSERT INTO `glpi_profiles_users` VALUES ('2237','1230','1','0','0','1');
INSERT INTO `glpi_profiles_users` VALUES ('2238','1231','1','0','0','1');
INSERT INTO `glpi_profiles_users` VALUES ('2239','1232','1','0','0','1');
INSERT INTO `glpi_profiles_users` VALUES ('2240','1233','1','0','0','1');
INSERT INTO `glpi_profiles_users` VALUES ('2241','1234','1','0','0','1');
INSERT INTO `glpi_profiles_users` VALUES ('2242','1235','1','0','0','1');
INSERT INTO `glpi_profiles_users` VALUES ('2243','1236','1','0','0','1');
INSERT INTO `glpi_profiles_users` VALUES ('2244','1237','1','0','0','1');
INSERT INTO `glpi_profiles_users` VALUES ('2602','1526','6','0','0','1');
INSERT INTO `glpi_profiles_users` VALUES ('2565','1504','6','0','0','1');
INSERT INTO `glpi_profiles_users` VALUES ('2247','1240','1','0','0','1');
INSERT INTO `glpi_profiles_users` VALUES ('2248','1241','1','0','0','1');
INSERT INTO `glpi_profiles_users` VALUES ('2249','1242','1','0','0','1');
INSERT INTO `glpi_profiles_users` VALUES ('2250','1243','1','0','0','1');
INSERT INTO `glpi_profiles_users` VALUES ('2251','1244','1','0','0','1');
INSERT INTO `glpi_profiles_users` VALUES ('2252','1245','1','0','0','1');
INSERT INTO `glpi_profiles_users` VALUES ('2253','1246','1','0','0','1');
INSERT INTO `glpi_profiles_users` VALUES ('2254','1247','1','0','0','1');
INSERT INTO `glpi_profiles_users` VALUES ('2255','1248','1','0','0','1');
INSERT INTO `glpi_profiles_users` VALUES ('2256','1249','1','0','0','1');
INSERT INTO `glpi_profiles_users` VALUES ('2257','1250','1','0','0','1');
INSERT INTO `glpi_profiles_users` VALUES ('2258','1251','1','0','0','1');
INSERT INTO `glpi_profiles_users` VALUES ('2259','1252','1','0','0','1');
INSERT INTO `glpi_profiles_users` VALUES ('2260','1253','1','0','0','1');
INSERT INTO `glpi_profiles_users` VALUES ('2261','1164','3','0','0','0');
INSERT INTO `glpi_profiles_users` VALUES ('2262','1254','1','0','0','1');
INSERT INTO `glpi_profiles_users` VALUES ('2263','1255','1','0','0','1');
INSERT INTO `glpi_profiles_users` VALUES ('2264','1256','3','0','0','0');
INSERT INTO `glpi_profiles_users` VALUES ('2265','1257','1','0','0','1');
INSERT INTO `glpi_profiles_users` VALUES ('2266','1256','3','0','0','0');
INSERT INTO `glpi_profiles_users` VALUES ('2267','1256','3','0','0','0');
INSERT INTO `glpi_profiles_users` VALUES ('2268','1258','1','0','0','1');
INSERT INTO `glpi_profiles_users` VALUES ('2269','1256','3','0','0','0');
INSERT INTO `glpi_profiles_users` VALUES ('2270','1256','4','0','0','0');
INSERT INTO `glpi_profiles_users` VALUES ('2271','1259','1','0','0','1');
INSERT INTO `glpi_profiles_users` VALUES ('2272','1260','1','0','0','1');
INSERT INTO `glpi_profiles_users` VALUES ('2273','1261','1','0','0','1');
INSERT INTO `glpi_profiles_users` VALUES ('2274','1262','1','0','0','1');
INSERT INTO `glpi_profiles_users` VALUES ('2275','1263','1','0','0','1');
INSERT INTO `glpi_profiles_users` VALUES ('2276','1264','1','0','0','1');
INSERT INTO `glpi_profiles_users` VALUES ('2277','1265','1','0','0','1');
INSERT INTO `glpi_profiles_users` VALUES ('2278','1266','1','0','0','1');
INSERT INTO `glpi_profiles_users` VALUES ('2279','1267','1','0','0','1');
INSERT INTO `glpi_profiles_users` VALUES ('2280','1268','1','0','0','1');
INSERT INTO `glpi_profiles_users` VALUES ('2281','1269','1','0','0','1');
INSERT INTO `glpi_profiles_users` VALUES ('2282','1270','1','0','0','1');
INSERT INTO `glpi_profiles_users` VALUES ('2283','1271','1','0','0','1');
INSERT INTO `glpi_profiles_users` VALUES ('2284','1272','1','0','0','1');
INSERT INTO `glpi_profiles_users` VALUES ('2285','1273','1','0','0','1');
INSERT INTO `glpi_profiles_users` VALUES ('2286','1274','1','0','0','1');
INSERT INTO `glpi_profiles_users` VALUES ('2287','1275','1','0','0','1');
INSERT INTO `glpi_profiles_users` VALUES ('2288','1276','1','0','0','1');
INSERT INTO `glpi_profiles_users` VALUES ('2289','1277','1','0','0','1');
INSERT INTO `glpi_profiles_users` VALUES ('2290','1278','1','0','0','1');
INSERT INTO `glpi_profiles_users` VALUES ('2291','1214','1','0','0','0');
INSERT INTO `glpi_profiles_users` VALUES ('2292','1214','3','0','0','0');
INSERT INTO `glpi_profiles_users` VALUES ('2293','1279','1','0','0','1');
INSERT INTO `glpi_profiles_users` VALUES ('2294','1280','1','0','0','1');
INSERT INTO `glpi_profiles_users` VALUES ('2295','1281','1','0','0','1');
INSERT INTO `glpi_profiles_users` VALUES ('2296','1282','1','0','0','1');
INSERT INTO `glpi_profiles_users` VALUES ('2297','1283','1','0','0','1');
INSERT INTO `glpi_profiles_users` VALUES ('2298','1284','1','0','0','1');
INSERT INTO `glpi_profiles_users` VALUES ('2299','1285','1','0','0','1');
INSERT INTO `glpi_profiles_users` VALUES ('2300','1286','1','0','0','1');
INSERT INTO `glpi_profiles_users` VALUES ('2301','1287','1','0','0','1');
INSERT INTO `glpi_profiles_users` VALUES ('2302','1288','1','0','0','1');
INSERT INTO `glpi_profiles_users` VALUES ('2303','1289','1','0','0','1');
INSERT INTO `glpi_profiles_users` VALUES ('2304','1290','1','0','0','1');
INSERT INTO `glpi_profiles_users` VALUES ('2305','1291','1','0','0','1');
INSERT INTO `glpi_profiles_users` VALUES ('2306','1292','1','0','0','1');
INSERT INTO `glpi_profiles_users` VALUES ('2307','1293','1','0','0','1');
INSERT INTO `glpi_profiles_users` VALUES ('2308','1294','1','0','0','1');
INSERT INTO `glpi_profiles_users` VALUES ('2309','1295','1','0','0','1');
INSERT INTO `glpi_profiles_users` VALUES ('2310','1296','1','0','0','1');
INSERT INTO `glpi_profiles_users` VALUES ('2311','1297','1','0','0','1');
INSERT INTO `glpi_profiles_users` VALUES ('2312','1298','1','0','0','1');
INSERT INTO `glpi_profiles_users` VALUES ('2313','1299','1','0','0','1');
INSERT INTO `glpi_profiles_users` VALUES ('2314','1300','1','0','0','1');
INSERT INTO `glpi_profiles_users` VALUES ('2315','1301','1','0','0','1');
INSERT INTO `glpi_profiles_users` VALUES ('2316','1302','1','0','0','1');
INSERT INTO `glpi_profiles_users` VALUES ('2317','1303','1','0','0','1');
INSERT INTO `glpi_profiles_users` VALUES ('2782','1626','1','0','0','1');
INSERT INTO `glpi_profiles_users` VALUES ('2575','1510','6','0','0','1');
INSERT INTO `glpi_profiles_users` VALUES ('2320','1306','1','0','0','1');
INSERT INTO `glpi_profiles_users` VALUES ('2321','1307','1','0','0','1');
INSERT INTO `glpi_profiles_users` VALUES ('2322','1308','1','0','0','1');
INSERT INTO `glpi_profiles_users` VALUES ('2323','1309','1','0','0','1');
INSERT INTO `glpi_profiles_users` VALUES ('2324','1310','1','0','0','1');
INSERT INTO `glpi_profiles_users` VALUES ('2325','1311','1','0','0','1');
INSERT INTO `glpi_profiles_users` VALUES ('2326','1312','1','0','0','1');
INSERT INTO `glpi_profiles_users` VALUES ('2327','1313','1','0','0','1');
INSERT INTO `glpi_profiles_users` VALUES ('2328','1314','1','0','0','1');
INSERT INTO `glpi_profiles_users` VALUES ('2329','1315','1','0','0','1');
INSERT INTO `glpi_profiles_users` VALUES ('2330','1316','1','0','0','1');
INSERT INTO `glpi_profiles_users` VALUES ('2331','1317','1','0','0','1');
INSERT INTO `glpi_profiles_users` VALUES ('2332','1318','1','0','0','1');
INSERT INTO `glpi_profiles_users` VALUES ('2333','1319','1','0','0','1');
INSERT INTO `glpi_profiles_users` VALUES ('2334','1320','1','0','0','1');
INSERT INTO `glpi_profiles_users` VALUES ('2335','1321','1','0','0','1');
INSERT INTO `glpi_profiles_users` VALUES ('2336','1322','1','0','0','1');
INSERT INTO `glpi_profiles_users` VALUES ('2573','1429','6','0','0','1');
INSERT INTO `glpi_profiles_users` VALUES ('2338','1324','1','0','0','1');
INSERT INTO `glpi_profiles_users` VALUES ('2339','1325','1','0','0','1');
INSERT INTO `glpi_profiles_users` VALUES ('2340','1326','1','0','0','1');
INSERT INTO `glpi_profiles_users` VALUES ('2341','1327','1','0','0','1');
INSERT INTO `glpi_profiles_users` VALUES ('2343','1216','6','0','0','0');
INSERT INTO `glpi_profiles_users` VALUES ('2344','1300','6','0','0','0');
INSERT INTO `glpi_profiles_users` VALUES ('2345','1328','1','0','0','1');
INSERT INTO `glpi_profiles_users` VALUES ('2346','1329','1','0','0','1');
INSERT INTO `glpi_profiles_users` VALUES ('2347','1330','1','0','0','1');
INSERT INTO `glpi_profiles_users` VALUES ('2348','1331','1','0','0','1');
INSERT INTO `glpi_profiles_users` VALUES ('2349','1332','1','0','0','1');
INSERT INTO `glpi_profiles_users` VALUES ('2552','1496','6','0','0','1');
INSERT INTO `glpi_profiles_users` VALUES ('2352','1304','4','0','0','0');
INSERT INTO `glpi_profiles_users` VALUES ('2656','1465','1','0','0','1');
INSERT INTO `glpi_profiles_users` VALUES ('2354','1334','4','0','0','0');
INSERT INTO `glpi_profiles_users` VALUES ('2355','1335','1','0','0','1');
INSERT INTO `glpi_profiles_users` VALUES ('2356','1336','1','0','0','1');
INSERT INTO `glpi_profiles_users` VALUES ('2357','1337','1','0','0','1');
INSERT INTO `glpi_profiles_users` VALUES ('2358','1338','1','0','0','1');
INSERT INTO `glpi_profiles_users` VALUES ('2359','1339','1','0','0','1');
INSERT INTO `glpi_profiles_users` VALUES ('2361','1341','1','0','0','1');
INSERT INTO `glpi_profiles_users` VALUES ('2362','1342','1','0','0','1');
INSERT INTO `glpi_profiles_users` VALUES ('2363','1343','1','0','0','1');
INSERT INTO `glpi_profiles_users` VALUES ('2364','1344','1','0','0','1');
INSERT INTO `glpi_profiles_users` VALUES ('2365','1345','1','0','0','1');
INSERT INTO `glpi_profiles_users` VALUES ('2366','1346','1','0','0','1');
INSERT INTO `glpi_profiles_users` VALUES ('2367','1347','1','0','0','1');
INSERT INTO `glpi_profiles_users` VALUES ('2368','1348','1','0','0','1');
INSERT INTO `glpi_profiles_users` VALUES ('2369','1349','1','0','0','1');
INSERT INTO `glpi_profiles_users` VALUES ('2370','1350','1','0','0','1');
INSERT INTO `glpi_profiles_users` VALUES ('2371','1351','1','0','0','1');
INSERT INTO `glpi_profiles_users` VALUES ('2372','1352','1','0','0','1');
INSERT INTO `glpi_profiles_users` VALUES ('2373','1353','1','0','0','1');
INSERT INTO `glpi_profiles_users` VALUES ('2374','1354','1','0','0','1');
INSERT INTO `glpi_profiles_users` VALUES ('2375','1355','1','0','0','1');
INSERT INTO `glpi_profiles_users` VALUES ('2376','1356','1','0','0','1');
INSERT INTO `glpi_profiles_users` VALUES ('2377','1357','1','0','0','1');
INSERT INTO `glpi_profiles_users` VALUES ('2378','1358','1','0','0','1');
INSERT INTO `glpi_profiles_users` VALUES ('2379','1359','1','0','0','1');
INSERT INTO `glpi_profiles_users` VALUES ('2380','1360','1','0','0','1');
INSERT INTO `glpi_profiles_users` VALUES ('2381','1361','1','0','0','1');
INSERT INTO `glpi_profiles_users` VALUES ('2382','1362','1','0','0','1');
INSERT INTO `glpi_profiles_users` VALUES ('2383','1363','1','0','0','1');
INSERT INTO `glpi_profiles_users` VALUES ('2384','1364','1','0','0','1');
INSERT INTO `glpi_profiles_users` VALUES ('2385','1365','1','0','0','1');
INSERT INTO `glpi_profiles_users` VALUES ('2386','1366','1','0','0','1');
INSERT INTO `glpi_profiles_users` VALUES ('2387','1367','1','0','0','1');
INSERT INTO `glpi_profiles_users` VALUES ('2630','1538','6','0','0','1');
INSERT INTO `glpi_profiles_users` VALUES ('2389','1369','1','0','0','1');
INSERT INTO `glpi_profiles_users` VALUES ('2390','1370','1','0','0','1');
INSERT INTO `glpi_profiles_users` VALUES ('2391','1371','1','0','0','1');
INSERT INTO `glpi_profiles_users` VALUES ('2392','1372','1','0','0','1');
INSERT INTO `glpi_profiles_users` VALUES ('2393','1373','1','0','0','1');
INSERT INTO `glpi_profiles_users` VALUES ('2394','1374','1','0','0','1');
INSERT INTO `glpi_profiles_users` VALUES ('2395','1375','1','0','0','1');
INSERT INTO `glpi_profiles_users` VALUES ('2396','1376','1','0','0','1');
INSERT INTO `glpi_profiles_users` VALUES ('2397','1377','1','0','0','1');
INSERT INTO `glpi_profiles_users` VALUES ('2398','1378','1','0','0','1');
INSERT INTO `glpi_profiles_users` VALUES ('2399','1379','1','0','0','1');
INSERT INTO `glpi_profiles_users` VALUES ('2400','1380','1','0','0','1');
INSERT INTO `glpi_profiles_users` VALUES ('2401','1381','1','0','0','1');
INSERT INTO `glpi_profiles_users` VALUES ('2402','1382','1','0','0','1');
INSERT INTO `glpi_profiles_users` VALUES ('2403','1383','1','0','0','1');
INSERT INTO `glpi_profiles_users` VALUES ('2404','1384','1','0','0','1');
INSERT INTO `glpi_profiles_users` VALUES ('2405','1385','1','0','0','1');
INSERT INTO `glpi_profiles_users` VALUES ('2406','1386','1','0','0','1');
INSERT INTO `glpi_profiles_users` VALUES ('2407','1387','1','0','0','1');
INSERT INTO `glpi_profiles_users` VALUES ('2408','1388','1','0','0','1');
INSERT INTO `glpi_profiles_users` VALUES ('2409','1389','1','0','0','1');
INSERT INTO `glpi_profiles_users` VALUES ('2410','1390','1','0','0','1');
INSERT INTO `glpi_profiles_users` VALUES ('2411','1391','1','0','0','1');
INSERT INTO `glpi_profiles_users` VALUES ('2412','1392','1','0','0','1');
INSERT INTO `glpi_profiles_users` VALUES ('2413','1393','1','0','0','1');
INSERT INTO `glpi_profiles_users` VALUES ('2414','1394','1','0','0','1');
INSERT INTO `glpi_profiles_users` VALUES ('2415','1395','1','0','0','1');
INSERT INTO `glpi_profiles_users` VALUES ('2416','1396','1','0','0','1');
INSERT INTO `glpi_profiles_users` VALUES ('2417','1112','3','0','0','0');
INSERT INTO `glpi_profiles_users` VALUES ('2418','1112','3','0','0','0');
INSERT INTO `glpi_profiles_users` VALUES ('2419','1397','1','0','0','1');
INSERT INTO `glpi_profiles_users` VALUES ('2420','1398','1','0','0','1');
INSERT INTO `glpi_profiles_users` VALUES ('2421','1399','1','0','0','1');
INSERT INTO `glpi_profiles_users` VALUES ('2422','1400','1','0','0','1');
INSERT INTO `glpi_profiles_users` VALUES ('2423','1401','1','0','0','1');
INSERT INTO `glpi_profiles_users` VALUES ('2424','1402','1','0','0','1');
INSERT INTO `glpi_profiles_users` VALUES ('2425','1403','1','0','0','1');
INSERT INTO `glpi_profiles_users` VALUES ('2426','1391','3','0','0','0');
INSERT INTO `glpi_profiles_users` VALUES ('2427','1404','1','0','0','1');
INSERT INTO `glpi_profiles_users` VALUES ('2428','1405','1','0','0','1');
INSERT INTO `glpi_profiles_users` VALUES ('2429','1406','1','0','0','1');
INSERT INTO `glpi_profiles_users` VALUES ('2430','1407','1','0','0','1');
INSERT INTO `glpi_profiles_users` VALUES ('2431','1408','1','0','0','1');
INSERT INTO `glpi_profiles_users` VALUES ('2432','1409','1','0','0','1');
INSERT INTO `glpi_profiles_users` VALUES ('2433','1410','1','0','0','1');
INSERT INTO `glpi_profiles_users` VALUES ('2434','1411','1','0','0','1');
INSERT INTO `glpi_profiles_users` VALUES ('2435','1412','1','0','0','1');
INSERT INTO `glpi_profiles_users` VALUES ('2436','1413','1','0','0','1');
INSERT INTO `glpi_profiles_users` VALUES ('2437','1414','1','0','0','1');
INSERT INTO `glpi_profiles_users` VALUES ('2438','1415','1','0','0','1');
INSERT INTO `glpi_profiles_users` VALUES ('2439','1416','1','0','0','1');
INSERT INTO `glpi_profiles_users` VALUES ('2440','1417','1','0','0','1');
INSERT INTO `glpi_profiles_users` VALUES ('2441','1418','1','0','0','1');
INSERT INTO `glpi_profiles_users` VALUES ('2442','1419','1','0','0','1');
INSERT INTO `glpi_profiles_users` VALUES ('2443','1420','1','0','0','1');
INSERT INTO `glpi_profiles_users` VALUES ('2444','1421','1','0','0','1');
INSERT INTO `glpi_profiles_users` VALUES ('2445','1422','1','0','0','1');
INSERT INTO `glpi_profiles_users` VALUES ('2446','1423','1','0','0','1');
INSERT INTO `glpi_profiles_users` VALUES ('2447','1424','1','0','0','1');
INSERT INTO `glpi_profiles_users` VALUES ('2448','1425','1','0','0','1');
INSERT INTO `glpi_profiles_users` VALUES ('2449','1426','1','0','0','1');
INSERT INTO `glpi_profiles_users` VALUES ('2735','1582','1','0','0','1');
INSERT INTO `glpi_profiles_users` VALUES ('2453','1430','1','0','0','1');
INSERT INTO `glpi_profiles_users` VALUES ('2454','1431','1','0','0','1');
INSERT INTO `glpi_profiles_users` VALUES ('2455','1432','1','0','0','1');
INSERT INTO `glpi_profiles_users` VALUES ('2456','1433','1','0','0','1');
INSERT INTO `glpi_profiles_users` VALUES ('2457','1434','1','0','0','1');
INSERT INTO `glpi_profiles_users` VALUES ('2458','1304','3','0','0','0');
INSERT INTO `glpi_profiles_users` VALUES ('2459','1344','3','0','0','0');
INSERT INTO `glpi_profiles_users` VALUES ('2460','1435','1','0','0','1');
INSERT INTO `glpi_profiles_users` VALUES ('2461','1436','1','0','0','1');
INSERT INTO `glpi_profiles_users` VALUES ('2462','1437','1','0','0','1');
INSERT INTO `glpi_profiles_users` VALUES ('2463','1438','1','0','0','1');
INSERT INTO `glpi_profiles_users` VALUES ('2464','1439','1','0','0','1');
INSERT INTO `glpi_profiles_users` VALUES ('2465','1440','1','0','0','1');
INSERT INTO `glpi_profiles_users` VALUES ('2466','1441','1','0','0','1');
INSERT INTO `glpi_profiles_users` VALUES ('2467','1442','1','0','0','1');
INSERT INTO `glpi_profiles_users` VALUES ('2468','1443','1','0','0','1');
INSERT INTO `glpi_profiles_users` VALUES ('2469','1444','1','0','0','1');
INSERT INTO `glpi_profiles_users` VALUES ('2470','1445','1','0','0','1');
INSERT INTO `glpi_profiles_users` VALUES ('2659','1546','1','0','0','1');
INSERT INTO `glpi_profiles_users` VALUES ('2473','1448','1','0','0','1');
INSERT INTO `glpi_profiles_users` VALUES ('2474','1449','1','0','0','1');
INSERT INTO `glpi_profiles_users` VALUES ('2519','1468','6','0','0','1');
INSERT INTO `glpi_profiles_users` VALUES ('2477','1452','1','0','0','1');
INSERT INTO `glpi_profiles_users` VALUES ('2518','1450','6','0','0','1');
INSERT INTO `glpi_profiles_users` VALUES ('2541','1492','6','0','0','1');
INSERT INTO `glpi_profiles_users` VALUES ('2480','1455','1','0','0','1');
INSERT INTO `glpi_profiles_users` VALUES ('2481','1456','1','0','0','1');
INSERT INTO `glpi_profiles_users` VALUES ('2587','1517','6','0','0','1');
INSERT INTO `glpi_profiles_users` VALUES ('2673','1068','1','0','0','1');
INSERT INTO `glpi_profiles_users` VALUES ('2485','1460','1','0','0','1');
INSERT INTO `glpi_profiles_users` VALUES ('2486','1461','1','0','0','1');
INSERT INTO `glpi_profiles_users` VALUES ('2548','1462','3','0','0','0');
INSERT INTO `glpi_profiles_users` VALUES ('2488','1463','1','0','0','1');
INSERT INTO `glpi_profiles_users` VALUES ('2489','1464','1','0','0','1');
INSERT INTO `glpi_profiles_users` VALUES ('2594','1522','6','0','0','1');
INSERT INTO `glpi_profiles_users` VALUES ('2491','1466','1','0','0','1');
INSERT INTO `glpi_profiles_users` VALUES ('2492','1467','1','0','0','1');
INSERT INTO `glpi_profiles_users` VALUES ('2640','46','1','0','0','0');
INSERT INTO `glpi_profiles_users` VALUES ('2494','1468','6','0','0','0');
INSERT INTO `glpi_profiles_users` VALUES ('2495','2','6','0','0','0');
INSERT INTO `glpi_profiles_users` VALUES ('2649','1486','1','0','0','1');
INSERT INTO `glpi_profiles_users` VALUES ('2614','1446','3','0','0','0');
INSERT INTO `glpi_profiles_users` VALUES ('2499','1446','6','0','0','1');
INSERT INTO `glpi_profiles_users` VALUES ('2502','1451','6','0','0','0');
INSERT INTO `glpi_profiles_users` VALUES ('2503','1471','6','0','0','1');
INSERT INTO `glpi_profiles_users` VALUES ('2504','1472','6','0','0','1');
INSERT INTO `glpi_profiles_users` VALUES ('2505','1472','6','0','0','0');
INSERT INTO `glpi_profiles_users` VALUES ('2506','1469','6','0','0','0');
INSERT INTO `glpi_profiles_users` VALUES ('2507','1473','6','0','0','1');
INSERT INTO `glpi_profiles_users` VALUES ('2508','1469','6','0','0','1');
INSERT INTO `glpi_profiles_users` VALUES ('2509','1470','6','0','0','1');
INSERT INTO `glpi_profiles_users` VALUES ('2674','1529','1','0','0','1');
INSERT INTO `glpi_profiles_users` VALUES ('2644','46','1','0','0','1');
INSERT INTO `glpi_profiles_users` VALUES ('2515','1476','6','0','0','1');
INSERT INTO `glpi_profiles_users` VALUES ('2516','1477','6','0','0','1');
INSERT INTO `glpi_profiles_users` VALUES ('2517','1453','6','0','0','1');
INSERT INTO `glpi_profiles_users` VALUES ('2524','1451','6','0','0','1');
INSERT INTO `glpi_profiles_users` VALUES ('2670','1485','1','0','0','1');
INSERT INTO `glpi_profiles_users` VALUES ('2715','1566','1','0','0','1');
INSERT INTO `glpi_profiles_users` VALUES ('2663','1490','1','0','0','1');
INSERT INTO `glpi_profiles_users` VALUES ('2665','1547','1','0','0','1');
INSERT INTO `glpi_profiles_users` VALUES ('2690','1532','1','0','0','1');
INSERT INTO `glpi_profiles_users` VALUES ('2645','1462','1','0','0','1');
INSERT INTO `glpi_profiles_users` VALUES ('2650','1478','1','0','0','1');
INSERT INTO `glpi_profiles_users` VALUES ('2536','1488','6','0','0','1');
INSERT INTO `glpi_profiles_users` VALUES ('2647','1479','1','0','0','1');
INSERT INTO `glpi_profiles_users` VALUES ('2664','1483','1','0','0','1');
INSERT INTO `glpi_profiles_users` VALUES ('2653','1516','1','0','0','1');
INSERT INTO `glpi_profiles_users` VALUES ('2540','1454','6','0','0','1');
INSERT INTO `glpi_profiles_users` VALUES ('2542','90','6','0','0','1');
INSERT INTO `glpi_profiles_users` VALUES ('2544','1494','6','0','0','1');
INSERT INTO `glpi_profiles_users` VALUES ('2545','1447','6','0','0','1');
INSERT INTO `glpi_profiles_users` VALUES ('2684','1530','1','0','0','1');
INSERT INTO `glpi_profiles_users` VALUES ('2646','1489','1','0','0','1');
INSERT INTO `glpi_profiles_users` VALUES ('2549','1462','4','0','0','0');
INSERT INTO `glpi_profiles_users` VALUES ('2712','1565','1','0','0','1');
INSERT INTO `glpi_profiles_users` VALUES ('2553','886','6','0','0','1');
INSERT INTO `glpi_profiles_users` VALUES ('2555','1498','6','0','0','1');
INSERT INTO `glpi_profiles_users` VALUES ('2768','1614','1','0','0','1');
INSERT INTO `glpi_profiles_users` VALUES ('2557','1500','6','0','0','1');
INSERT INTO `glpi_profiles_users` VALUES ('2560','749','6','0','0','1');
INSERT INTO `glpi_profiles_users` VALUES ('2562','1502','6','0','0','1');
INSERT INTO `glpi_profiles_users` VALUES ('2563','1503','6','0','0','1');
INSERT INTO `glpi_profiles_users` VALUES ('2677','1551','1','0','0','1');
INSERT INTO `glpi_profiles_users` VALUES ('2566','1505','6','0','0','1');
INSERT INTO `glpi_profiles_users` VALUES ('2567','1506','6','0','0','1');
INSERT INTO `glpi_profiles_users` VALUES ('2568','1507','6','0','0','1');
INSERT INTO `glpi_profiles_users` VALUES ('2569','1508','6','0','0','1');
INSERT INTO `glpi_profiles_users` VALUES ('2570','49','6','0','0','1');
INSERT INTO `glpi_profiles_users` VALUES ('2576','1511','6','0','0','1');
INSERT INTO `glpi_profiles_users` VALUES ('2577','1428','6','0','0','1');
INSERT INTO `glpi_profiles_users` VALUES ('2581','1513','6','0','0','1');
INSERT INTO `glpi_profiles_users` VALUES ('2582','1514','6','0','0','1');
INSERT INTO `glpi_profiles_users` VALUES ('2583','1515','6','0','0','1');
INSERT INTO `glpi_profiles_users` VALUES ('2676','1239','1','0','0','1');
INSERT INTO `glpi_profiles_users` VALUES ('2654','1545','1','0','0','1');
INSERT INTO `glpi_profiles_users` VALUES ('2586','1457','6','0','0','1');
INSERT INTO `glpi_profiles_users` VALUES ('2590','1519','6','0','0','1');
INSERT INTO `glpi_profiles_users` VALUES ('2591','1520','6','0','0','1');
INSERT INTO `glpi_profiles_users` VALUES ('2592','1521','6','0','0','1');
INSERT INTO `glpi_profiles_users` VALUES ('2657','1541','1','0','0','1');
INSERT INTO `glpi_profiles_users` VALUES ('2595','1523','6','0','0','1');
INSERT INTO `glpi_profiles_users` VALUES ('2596','900','6','0','0','1');
INSERT INTO `glpi_profiles_users` VALUES ('2598','1525','6','0','0','1');
INSERT INTO `glpi_profiles_users` VALUES ('2599','1304','6','0','0','1');
INSERT INTO `glpi_profiles_users` VALUES ('2603','1527','6','0','0','1');
INSERT INTO `glpi_profiles_users` VALUES ('2604','1528','6','0','0','1');
INSERT INTO `glpi_profiles_users` VALUES ('2675','390','1','0','0','1');
INSERT INTO `glpi_profiles_users` VALUES ('2685','1554','1','0','0','1');
INSERT INTO `glpi_profiles_users` VALUES ('2662','1482','1','0','0','1');
INSERT INTO `glpi_profiles_users` VALUES ('2608','1486','3','0','0','0');
INSERT INTO `glpi_profiles_users` VALUES ('2609','1531','3','0','1','0');
INSERT INTO `glpi_profiles_users` VALUES ('2610','1491','3','0','1','0');
INSERT INTO `glpi_profiles_users` VALUES ('2612','1490','3','0','0','0');
INSERT INTO `glpi_profiles_users` VALUES ('2613','1506','3','0','1','0');
INSERT INTO `glpi_profiles_users` VALUES ('2615','1480','3','0','0','0');
INSERT INTO `glpi_profiles_users` VALUES ('2616','1475','3','0','0','0');
INSERT INTO `glpi_profiles_users` VALUES ('2617','1483','3','0','0','0');
INSERT INTO `glpi_profiles_users` VALUES ('2618','1478','3','0','0','0');
INSERT INTO `glpi_profiles_users` VALUES ('2619','1482','3','0','0','0');
INSERT INTO `glpi_profiles_users` VALUES ('2691','1557','1','0','0','1');
INSERT INTO `glpi_profiles_users` VALUES ('2621','1533','6','0','0','1');
INSERT INTO `glpi_profiles_users` VALUES ('2668','1549','1','0','0','1');
INSERT INTO `glpi_profiles_users` VALUES ('2624','1427','6','0','0','1');
INSERT INTO `glpi_profiles_users` VALUES ('2625','1535','6','0','0','1');
INSERT INTO `glpi_profiles_users` VALUES ('2626','1459','6','0','0','1');
INSERT INTO `glpi_profiles_users` VALUES ('2627','1536','6','0','0','1');
INSERT INTO `glpi_profiles_users` VALUES ('2709','1563','1','0','0','1');
INSERT INTO `glpi_profiles_users` VALUES ('2720','1568','1','0','0','1');
INSERT INTO `glpi_profiles_users` VALUES ('2681','1553','1','0','0','1');
INSERT INTO `glpi_profiles_users` VALUES ('2632','1540','6','0','0','1');
INSERT INTO `glpi_profiles_users` VALUES ('2635','1543','6','0','0','1');
INSERT INTO `glpi_profiles_users` VALUES ('2636','1544','6','0','0','1');
INSERT INTO `glpi_profiles_users` VALUES ('2655','1340','1','0','0','1');
INSERT INTO `glpi_profiles_users` VALUES ('2658','2','1','0','0','1');
INSERT INTO `glpi_profiles_users` VALUES ('2660','1475','1','0','0','1');
INSERT INTO `glpi_profiles_users` VALUES ('2661','1531','1','0','0','1');
INSERT INTO `glpi_profiles_users` VALUES ('2666','1548','1','0','0','1');
INSERT INTO `glpi_profiles_users` VALUES ('2667','685','1','0','0','1');
INSERT INTO `glpi_profiles_users` VALUES ('2669','1480','1','0','0','1');
INSERT INTO `glpi_profiles_users` VALUES ('2671','1550','1','0','0','1');
INSERT INTO `glpi_profiles_users` VALUES ('2672','139','1','0','0','1');
INSERT INTO `glpi_profiles_users` VALUES ('2678','1552','1','0','0','1');
INSERT INTO `glpi_profiles_users` VALUES ('2679','1323','1','0','0','1');
INSERT INTO `glpi_profiles_users` VALUES ('2680','1539','1','0','0','1');
INSERT INTO `glpi_profiles_users` VALUES ('2682','175','1','0','0','1');
INSERT INTO `glpi_profiles_users` VALUES ('2683','1495','1','0','0','1');
INSERT INTO `glpi_profiles_users` VALUES ('2686','1555','1','0','0','1');
INSERT INTO `glpi_profiles_users` VALUES ('2687','1556','1','0','0','1');
INSERT INTO `glpi_profiles_users` VALUES ('2688','451','1','0','0','1');
INSERT INTO `glpi_profiles_users` VALUES ('2689','1484','1','0','0','1');
INSERT INTO `glpi_profiles_users` VALUES ('2692','1558','1','0','0','1');
INSERT INTO `glpi_profiles_users` VALUES ('2693','1549','6','0','0','0');
INSERT INTO `glpi_profiles_users` VALUES ('2694','1559','1','0','0','1');
INSERT INTO `glpi_profiles_users` VALUES ('2695','286','6','0','0','0');
INSERT INTO `glpi_profiles_users` VALUES ('2696','1542','6','0','0','0');
INSERT INTO `glpi_profiles_users` VALUES ('2697','1542','1','0','0','0');
INSERT INTO `glpi_profiles_users` VALUES ('2698','1035','6','0','0','0');
INSERT INTO `glpi_profiles_users` VALUES ('2699','1541','6','0','0','0');
INSERT INTO `glpi_profiles_users` VALUES ('2700','1560','1','0','0','1');
INSERT INTO `glpi_profiles_users` VALUES ('2701','1561','1','0','0','1');
INSERT INTO `glpi_profiles_users` VALUES ('2702','1542','1','0','0','1');
INSERT INTO `glpi_profiles_users` VALUES ('2703','1562','1','0','0','1');
INSERT INTO `glpi_profiles_users` VALUES ('2704','1560','6','0','0','0');
INSERT INTO `glpi_profiles_users` VALUES ('2705','1562','6','0','0','0');
INSERT INTO `glpi_profiles_users` VALUES ('2706','1561','6','0','0','0');
INSERT INTO `glpi_profiles_users` VALUES ('2707','147','1','0','0','1');
INSERT INTO `glpi_profiles_users` VALUES ('2708','1537','1','0','0','1');
INSERT INTO `glpi_profiles_users` VALUES ('2710','1564','1','0','0','1');
INSERT INTO `glpi_profiles_users` VALUES ('2711','1149','1','0','0','1');
INSERT INTO `glpi_profiles_users` VALUES ('2713','990','1','0','0','1');
INSERT INTO `glpi_profiles_users` VALUES ('2714','1481','1','0','0','1');
INSERT INTO `glpi_profiles_users` VALUES ('2716','1567','1','0','0','1');
INSERT INTO `glpi_profiles_users` VALUES ('2717','1333','1','0','0','1');
INSERT INTO `glpi_profiles_users` VALUES ('2719','1368','1','0','0','1');
INSERT INTO `glpi_profiles_users` VALUES ('2721','1569','1','0','0','1');
INSERT INTO `glpi_profiles_users` VALUES ('2722','1570','1','0','0','1');
INSERT INTO `glpi_profiles_users` VALUES ('2723','1571','1','0','0','1');
INSERT INTO `glpi_profiles_users` VALUES ('2724','1572','1','0','0','1');
INSERT INTO `glpi_profiles_users` VALUES ('2725','1573','1','0','0','1');
INSERT INTO `glpi_profiles_users` VALUES ('2726','1574','1','0','0','1');
INSERT INTO `glpi_profiles_users` VALUES ('2727','1575','1','0','0','1');
INSERT INTO `glpi_profiles_users` VALUES ('2728','1576','1','0','0','1');
INSERT INTO `glpi_profiles_users` VALUES ('2729','1577','1','0','0','1');
INSERT INTO `glpi_profiles_users` VALUES ('2730','1578','1','0','0','1');
INSERT INTO `glpi_profiles_users` VALUES ('2731','1579','1','0','0','1');
INSERT INTO `glpi_profiles_users` VALUES ('2732','1580','1','0','0','1');
INSERT INTO `glpi_profiles_users` VALUES ('2733','1581','1','0','0','1');
INSERT INTO `glpi_profiles_users` VALUES ('2734','1305','1','0','0','1');
INSERT INTO `glpi_profiles_users` VALUES ('2736','1583','1','0','0','1');
INSERT INTO `glpi_profiles_users` VALUES ('2737','1584','1','0','0','1');
INSERT INTO `glpi_profiles_users` VALUES ('2738','1585','1','0','0','1');
INSERT INTO `glpi_profiles_users` VALUES ('2739','1586','1','0','0','1');
INSERT INTO `glpi_profiles_users` VALUES ('2740','1587','1','0','0','1');
INSERT INTO `glpi_profiles_users` VALUES ('2741','1588','1','0','0','1');
INSERT INTO `glpi_profiles_users` VALUES ('2742','1589','1','0','0','1');
INSERT INTO `glpi_profiles_users` VALUES ('2743','1590','1','0','0','1');
INSERT INTO `glpi_profiles_users` VALUES ('2744','1591','1','0','0','1');
INSERT INTO `glpi_profiles_users` VALUES ('2745','1592','1','0','0','1');
INSERT INTO `glpi_profiles_users` VALUES ('2746','1593','1','0','0','1');
INSERT INTO `glpi_profiles_users` VALUES ('2747','1594','1','0','0','1');
INSERT INTO `glpi_profiles_users` VALUES ('2748','1595','1','0','0','1');
INSERT INTO `glpi_profiles_users` VALUES ('2749','1596','1','0','0','1');
INSERT INTO `glpi_profiles_users` VALUES ('2750','1597','1','0','0','1');
INSERT INTO `glpi_profiles_users` VALUES ('2751','1598','1','0','0','1');
INSERT INTO `glpi_profiles_users` VALUES ('2752','1599','1','0','0','1');
INSERT INTO `glpi_profiles_users` VALUES ('2753','1600','1','0','0','1');
INSERT INTO `glpi_profiles_users` VALUES ('2754','1601','1','0','0','1');
INSERT INTO `glpi_profiles_users` VALUES ('2755','1602','1','0','0','1');
INSERT INTO `glpi_profiles_users` VALUES ('2756','1603','1','0','0','1');
INSERT INTO `glpi_profiles_users` VALUES ('2757','1604','1','0','0','1');
INSERT INTO `glpi_profiles_users` VALUES ('2758','1605','1','0','0','1');
INSERT INTO `glpi_profiles_users` VALUES ('2759','1606','1','0','0','1');
INSERT INTO `glpi_profiles_users` VALUES ('2760','1607','1','0','0','1');
INSERT INTO `glpi_profiles_users` VALUES ('2761','1608','1','0','0','1');
INSERT INTO `glpi_profiles_users` VALUES ('2762','1609','1','0','0','1');
INSERT INTO `glpi_profiles_users` VALUES ('2763','1610','1','0','0','1');
INSERT INTO `glpi_profiles_users` VALUES ('2764','1611','1','0','0','1');
INSERT INTO `glpi_profiles_users` VALUES ('2765','1612','1','0','0','1');
INSERT INTO `glpi_profiles_users` VALUES ('2766','1613','1','0','0','1');
INSERT INTO `glpi_profiles_users` VALUES ('2767','1499','1','0','0','1');
INSERT INTO `glpi_profiles_users` VALUES ('2769','1615','1','0','0','1');
INSERT INTO `glpi_profiles_users` VALUES ('2770','1616','1','0','0','1');
INSERT INTO `glpi_profiles_users` VALUES ('2771','1617','1','0','0','1');
INSERT INTO `glpi_profiles_users` VALUES ('2772','509','1','0','0','1');
INSERT INTO `glpi_profiles_users` VALUES ('2773','1618','1','0','0','1');
INSERT INTO `glpi_profiles_users` VALUES ('2774','1619','1','0','0','1');
INSERT INTO `glpi_profiles_users` VALUES ('2775','1620','1','0','0','1');
INSERT INTO `glpi_profiles_users` VALUES ('2776','1621','1','0','0','1');
INSERT INTO `glpi_profiles_users` VALUES ('2777','1622','1','0','0','1');
INSERT INTO `glpi_profiles_users` VALUES ('2778','1623','1','0','0','1');
INSERT INTO `glpi_profiles_users` VALUES ('2779','1624','1','0','0','1');
INSERT INTO `glpi_profiles_users` VALUES ('2780','1625','1','0','0','1');
INSERT INTO `glpi_profiles_users` VALUES ('2781','441','1','0','0','1');
INSERT INTO `glpi_profiles_users` VALUES ('2783','1626','3','0','0','0');
INSERT INTO `glpi_profiles_users` VALUES ('2784','1627','1','0','0','1');
INSERT INTO `glpi_profiles_users` VALUES ('2785','1627','3','0','0','0');
INSERT INTO `glpi_profiles_users` VALUES ('2786','1628','1','0','0','1');
INSERT INTO `glpi_profiles_users` VALUES ('2787','1628','3','0','0','0');
INSERT INTO `glpi_profiles_users` VALUES ('2788','1629','1','0','0','1');
INSERT INTO `glpi_profiles_users` VALUES ('2789','1630','1','0','0','1');
INSERT INTO `glpi_profiles_users` VALUES ('2790','1631','1','0','0','1');
INSERT INTO `glpi_profiles_users` VALUES ('2791','1549','3','0','0','0');
INSERT INTO `glpi_profiles_users` VALUES ('2792','1632','1','0','0','1');
INSERT INTO `glpi_profiles_users` VALUES ('2793','1632','3','0','0','0');
INSERT INTO `glpi_profiles_users` VALUES ('2794','1633','1','0','0','1');
INSERT INTO `glpi_profiles_users` VALUES ('2795','1634','1','0','0','1');
INSERT INTO `glpi_profiles_users` VALUES ('2796','1634','1','0','0','0');
INSERT INTO `glpi_profiles_users` VALUES ('2797','1634','4','0','0','0');
INSERT INTO `glpi_profiles_users` VALUES ('2798','1635','1','0','0','1');
INSERT INTO `glpi_profiles_users` VALUES ('2799','1636','1','0','0','1');

### Dump table glpi_projectcosts

